{"id":6606,"date":"2025-06-10T10:46:58","date_gmt":"2025-06-10T08:46:58","guid":{"rendered":"https:\/\/mr-mass.com\/?product=gsn-big-mass-6kg"},"modified":"2025-06-12T13:19:34","modified_gmt":"2025-06-12T11:19:34","slug":"gsn-big-mass-6kg","status":"publish","type":"product","link":"https:\/\/mr-mass.com\/?product=gsn-big-mass-6kg","title":{"rendered":"GSN BIG MASS 6KG"},"content":{"rendered":"<h2>Points forts de BIG MASS GAINER :<\/h2>\n<ol>\n<li>Cr\u00e9atine Pure : Chaque portion fournit 3g de cr\u00e9atine pure, essentielle pour la pr\u00e9servation et l\u2019expansion de votre masse musculaire.<\/li>\n<li>Prot\u00e9ines de Qualit\u00e9 : Avec plus de 80 % de prot\u00e9ines de lactos\u00e9rum, vous obtenez 80g de prot\u00e9ines par portion, garantissant un apport optimal pour vos muscles.<\/li>\n<li>Apport Calorique \u00c9lev\u00e9 : Profitez de 1351 calories par jour, vous permettant de consommer davantage de calories pour soutenir votre prise de masse.<\/li>\n<\/ol>\n<p>&nbsp;<\/p>\n<h3>Ingr\u00e9dients :<\/h3>\n<p>Maltodextrine, M\u00e9lange de prot\u00e9ines (Concentr\u00e9 de prot\u00e9ines de lactos\u00e9rum, Concentr\u00e9 de prot\u00e9ines de lait), Monohydrate de cr\u00e9atine, Cr\u00e9mier (Mono et Diglyc\u00e9rides, phosphate de dipotassium, l\u00e9cithine de soja), Ar\u00f4mes artificiels, Fructose, Fibrosol, Poudre d\u2019huile de graines de lin, Triglyc\u00e9rides \u00e0 cha\u00eene moyenne, Dioxyde de silicium, Gomme xanthane, Sel, Sucralose.<\/p>\n<h4>ALLERGENE:<\/h4>\n<p>Ce produit contient des prot\u00e9ines de lait, de soja et de l\u2019huile de graines de lin.<\/p>\n<h4>Avertissements :<\/h4>\n<p>Respectez la dose quotidienne recommand\u00e9e. Ce produit doit \u00eatre int\u00e9gr\u00e9 dans un mode de vie sain et ne remplace pas une alimentation \u00e9quilibr\u00e9e. Non recommand\u00e9 pour les personnes allergiques \u00e0 l\u2019un de ses ingr\u00e9dients.<\/p>\n","protected":false},"excerpt":{"rendered":"<h2>GSN BIG MASS GAINER : La Formule Id\u00e9ale pour une Prise de Masse Exceptionnelle !<\/h2>\n<p>D\u00e9couvrez le\u00a0<strong>BIG MASS GAINER\u00a0<\/strong>de<strong>\u00a0GSN<\/strong>, un shake sp\u00e9cialement con\u00e7u pour optimiser la prise de muscle et de poids. Cette formule enrichie en cr\u00e9atine est le compl\u00e9ment parfait pour soutenir votre croissance musculaire gr\u00e2ce \u00e0 son m\u00e9lange unique de glucides et d&rsquo;acides amin\u00e9s.<\/p>\n<p><strong>BIG MASS GAINER GSN<\/strong>\u00a0est la solution ultime pour vos objectifs de prise de masse. Ultra micronis\u00e9, il est formul\u00e9 sans OGM ni aspartame, et \u00e9labor\u00e9 dans des laboratoires certifi\u00e9s GMP pour garantir une qualit\u00e9 et une efficacit\u00e9 sup\u00e9rieures.<\/p>\n<ul>\n<li>Conseil Coach:\u00a0Pour maximiser les effets de la cr\u00e9atine, il est recommand\u00e9 de consommer entre 1 et 4 doses par jour, m\u00e9lang\u00e9es avec 350 ml d\u2019eau ou de lait.<\/li>\n<\/ul>\n","protected":false},"featured_media":6700,"comment_status":"open","ping_status":"closed","template":"","meta":[],"product_cat":[59],"product_tag":[],"class_list":{"0":"post-6606","1":"product","2":"type-product","3":"status-publish","4":"has-post-thumbnail","6":"product_brand-gsn-great-sport-nutrition","7":"product_cat-weight-gainers","9":"first","10":"instock","11":"sale","12":"shipping-taxable","13":"purchasable","14":"product-type-simple"},"yoast_head":"<!-- This site is optimized with the Yoast SEO plugin v25.2 - https:\/\/yoast.com\/wordpress\/plugins\/seo\/ -->\n<title>GSN BIG MASS 6KG - MR MASS<\/title>\n<meta name=\"description\" content=\"GSN BIG MASS GAINER : La Formule Id\u00e9ale pour une Prise de Masse Exceptionnelle !D\u00e9couvrez le BIG MASS GAINER de GSN, un shake sp\u00e9cialement con\u00e7u pour optimiser la prise de muscle et de poids. Cette formule enrichie en cr\u00e9atine est le compl\u00e9ment parfait pour soutenir votre croissance musculaire gr\u00e2ce \u00e0 son m\u00e9lange unique de glucides et d&#039;acides amin\u00e9s.BIG MASS GAINER GSN est la solution ultime pour vos objectifs de prise de masse. Ultra micronis\u00e9, il est formul\u00e9 sans OGM ni aspartame, et \u00e9labor\u00e9 dans des laboratoires certifi\u00e9s GMP pour garantir une qualit\u00e9 et une efficacit\u00e9 sup\u00e9rieures.Conseil Coach: Pour maximiser les effets de la cr\u00e9atine, il est recommand\u00e9 de consommer entre 1 et 4 doses par jour, m\u00e9lang\u00e9es avec 350 ml d\u2019eau ou de lait.\" \/>\n<meta name=\"robots\" content=\"index, follow, max-snippet:-1, max-image-preview:large, max-video-preview:-1\" \/>\n<link rel=\"canonical\" href=\"https:\/\/mr-mass.com\/?product=gsn-big-mass-6kg\" \/>\n<meta property=\"og:locale\" content=\"fr_FR\" \/>\n<meta property=\"og:type\" content=\"article\" \/>\n<meta property=\"og:title\" content=\"GSN BIG MASS 6KG - MR MASS\" \/>\n<meta property=\"og:description\" content=\"GSN BIG MASS GAINER : La Formule Id\u00e9ale pour une Prise de Masse Exceptionnelle !D\u00e9couvrez le BIG MASS GAINER de GSN, un shake sp\u00e9cialement con\u00e7u pour optimiser la prise de muscle et de poids. Cette formule enrichie en cr\u00e9atine est le compl\u00e9ment parfait pour soutenir votre croissance musculaire gr\u00e2ce \u00e0 son m\u00e9lange unique de glucides et d&#039;acides amin\u00e9s.BIG MASS GAINER GSN est la solution ultime pour vos objectifs de prise de masse. Ultra micronis\u00e9, il est formul\u00e9 sans OGM ni aspartame, et \u00e9labor\u00e9 dans des laboratoires certifi\u00e9s GMP pour garantir une qualit\u00e9 et une efficacit\u00e9 sup\u00e9rieures.Conseil Coach: Pour maximiser les effets de la cr\u00e9atine, il est recommand\u00e9 de consommer entre 1 et 4 doses par jour, m\u00e9lang\u00e9es avec 350 ml d\u2019eau ou de lait.\" \/>\n<meta property=\"og:url\" content=\"https:\/\/mr-mass.com\/?product=gsn-big-mass-6kg\" \/>\n<meta property=\"og:site_name\" content=\"MR MASS\" \/>\n<meta property=\"article:modified_time\" content=\"2025-06-12T11:19:34+00:00\" \/>\n<meta property=\"og:image\" content=\"https:\/\/mr-mass.com\/wp-content\/uploads\/2025\/06\/gsn-big-mass-gainer-6kg.jpg\" \/>\n\t<meta property=\"og:image:width\" content=\"1000\" \/>\n\t<meta property=\"og:image:height\" content=\"1200\" \/>\n\t<meta property=\"og:image:type\" content=\"image\/jpeg\" \/>\n<meta name=\"twitter:card\" content=\"summary_large_image\" \/>\n<meta name=\"twitter:label1\" content=\"Dur\u00e9e de lecture estim\u00e9e\" \/>\n\t<meta name=\"twitter:data1\" content=\"2 minutes\" \/>\n<script type=\"application\/ld+json\" class=\"yoast-schema-graph\">{\"@context\":\"https:\/\/schema.org\",\"@graph\":[{\"@type\":\"WebPage\",\"@id\":\"https:\/\/mr-mass.com\/?product=gsn-big-mass-6kg\",\"url\":\"https:\/\/mr-mass.com\/?product=gsn-big-mass-6kg\",\"name\":\"GSN BIG MASS 6KG - MR MASS\",\"isPartOf\":{\"@id\":\"https:\/\/mr-mass.com\/#website\"},\"primaryImageOfPage\":{\"@id\":\"https:\/\/mr-mass.com\/?product=gsn-big-mass-6kg#primaryimage\"},\"image\":{\"@id\":\"https:\/\/mr-mass.com\/?product=gsn-big-mass-6kg#primaryimage\"},\"thumbnailUrl\":\"https:\/\/mr-mass.com\/wp-content\/uploads\/2025\/06\/gsn-big-mass-gainer-6kg.jpg\",\"datePublished\":\"2025-06-10T08:46:58+00:00\",\"dateModified\":\"2025-06-12T11:19:34+00:00\",\"description\":\"GSN BIG MASS GAINER : La Formule Id\u00e9ale pour une Prise de Masse Exceptionnelle !D\u00e9couvrez le BIG MASS GAINER de GSN, un shake sp\u00e9cialement con\u00e7u pour optimiser la prise de muscle et de poids. Cette formule enrichie en cr\u00e9atine est le compl\u00e9ment parfait pour soutenir votre croissance musculaire gr\u00e2ce \u00e0 son m\u00e9lange unique de glucides et d'acides amin\u00e9s.BIG MASS GAINER GSN est la solution ultime pour vos objectifs de prise de masse. Ultra micronis\u00e9, il est formul\u00e9 sans OGM ni aspartame, et \u00e9labor\u00e9 dans des laboratoires certifi\u00e9s GMP pour garantir une qualit\u00e9 et une efficacit\u00e9 sup\u00e9rieures.Conseil Coach: Pour maximiser les effets de la cr\u00e9atine, il est recommand\u00e9 de consommer entre 1 et 4 doses par jour, m\u00e9lang\u00e9es avec 350 ml d\u2019eau ou de lait.\",\"breadcrumb\":{\"@id\":\"https:\/\/mr-mass.com\/?product=gsn-big-mass-6kg#breadcrumb\"},\"inLanguage\":\"fr-FR\",\"potentialAction\":[{\"@type\":\"ReadAction\",\"target\":[\"https:\/\/mr-mass.com\/?product=gsn-big-mass-6kg\"]}]},{\"@type\":\"ImageObject\",\"inLanguage\":\"fr-FR\",\"@id\":\"https:\/\/mr-mass.com\/?product=gsn-big-mass-6kg#primaryimage\",\"url\":\"https:\/\/mr-mass.com\/wp-content\/uploads\/2025\/06\/gsn-big-mass-gainer-6kg.jpg\",\"contentUrl\":\"https:\/\/mr-mass.com\/wp-content\/uploads\/2025\/06\/gsn-big-mass-gainer-6kg.jpg\",\"width\":1000,\"height\":1200},{\"@type\":\"BreadcrumbList\",\"@id\":\"https:\/\/mr-mass.com\/?product=gsn-big-mass-6kg#breadcrumb\",\"itemListElement\":[{\"@type\":\"ListItem\",\"position\":1,\"name\":\"Home\",\"item\":\"https:\/\/mr-mass.com\/\"},{\"@type\":\"ListItem\",\"position\":2,\"name\":\"Boutique\",\"item\":\"https:\/\/mr-mass.com\/?page_id=8\"},{\"@type\":\"ListItem\",\"position\":3,\"name\":\"GSN BIG MASS 6KG\"}]},{\"@type\":\"WebSite\",\"@id\":\"https:\/\/mr-mass.com\/#website\",\"url\":\"https:\/\/mr-mass.com\/\",\"name\":\"MR MASS\",\"description\":\"\",\"publisher\":{\"@id\":\"https:\/\/mr-mass.com\/#organization\"},\"potentialAction\":[{\"@type\":\"SearchAction\",\"target\":{\"@type\":\"EntryPoint\",\"urlTemplate\":\"https:\/\/mr-mass.com\/?s={search_term_string}\"},\"query-input\":{\"@type\":\"PropertyValueSpecification\",\"valueRequired\":true,\"valueName\":\"search_term_string\"}}],\"inLanguage\":\"fr-FR\"},{\"@type\":\"Organization\",\"@id\":\"https:\/\/mr-mass.com\/#organization\",\"name\":\"MR MASS\",\"url\":\"https:\/\/mr-mass.com\/\",\"logo\":{\"@type\":\"ImageObject\",\"inLanguage\":\"fr-FR\",\"@id\":\"https:\/\/mr-mass.com\/#\/schema\/logo\/image\/\",\"url\":\"https:\/\/mr-mass.com\/wp-content\/uploads\/2025\/06\/cropped-417524477_413976367821865_6357673664813295189_n-removebg-preview.png\",\"contentUrl\":\"https:\/\/mr-mass.com\/wp-content\/uploads\/2025\/06\/cropped-417524477_413976367821865_6357673664813295189_n-removebg-preview.png\",\"width\":500,\"height\":436,\"caption\":\"MR MASS\"},\"image\":{\"@id\":\"https:\/\/mr-mass.com\/#\/schema\/logo\/image\/\"}}]}<\/script>\n<!-- \/ Yoast SEO plugin. -->","yoast_head_json":{"title":"GSN BIG MASS 6KG - MR MASS","description":"GSN BIG MASS GAINER : La Formule Id\u00e9ale pour une Prise de Masse Exceptionnelle !D\u00e9couvrez le BIG MASS GAINER de GSN, un shake sp\u00e9cialement con\u00e7u pour optimiser la prise de muscle et de poids. Cette formule enrichie en cr\u00e9atine est le compl\u00e9ment parfait pour soutenir votre croissance musculaire gr\u00e2ce \u00e0 son m\u00e9lange unique de glucides et d'acides amin\u00e9s.BIG MASS GAINER GSN est la solution ultime pour vos objectifs de prise de masse. Ultra micronis\u00e9, il est formul\u00e9 sans OGM ni aspartame, et \u00e9labor\u00e9 dans des laboratoires certifi\u00e9s GMP pour garantir une qualit\u00e9 et une efficacit\u00e9 sup\u00e9rieures.Conseil Coach: Pour maximiser les effets de la cr\u00e9atine, il est recommand\u00e9 de consommer entre 1 et 4 doses par jour, m\u00e9lang\u00e9es avec 350 ml d\u2019eau ou de lait.","robots":{"index":"index","follow":"follow","max-snippet":"max-snippet:-1","max-image-preview":"max-image-preview:large","max-video-preview":"max-video-preview:-1"},"canonical":"https:\/\/mr-mass.com\/?product=gsn-big-mass-6kg","og_locale":"fr_FR","og_type":"article","og_title":"GSN BIG MASS 6KG - MR MASS","og_description":"GSN BIG MASS GAINER : La Formule Id\u00e9ale pour une Prise de Masse Exceptionnelle !D\u00e9couvrez le BIG MASS GAINER de GSN, un shake sp\u00e9cialement con\u00e7u pour optimiser la prise de muscle et de poids. Cette formule enrichie en cr\u00e9atine est le compl\u00e9ment parfait pour soutenir votre croissance musculaire gr\u00e2ce \u00e0 son m\u00e9lange unique de glucides et d'acides amin\u00e9s.BIG MASS GAINER GSN est la solution ultime pour vos objectifs de prise de masse. Ultra micronis\u00e9, il est formul\u00e9 sans OGM ni aspartame, et \u00e9labor\u00e9 dans des laboratoires certifi\u00e9s GMP pour garantir une qualit\u00e9 et une efficacit\u00e9 sup\u00e9rieures.Conseil Coach: Pour maximiser les effets de la cr\u00e9atine, il est recommand\u00e9 de consommer entre 1 et 4 doses par jour, m\u00e9lang\u00e9es avec 350 ml d\u2019eau ou de lait.","og_url":"https:\/\/mr-mass.com\/?product=gsn-big-mass-6kg","og_site_name":"MR MASS","article_modified_time":"2025-06-12T11:19:34+00:00","og_image":[{"width":1000,"height":1200,"url":"https:\/\/mr-mass.com\/wp-content\/uploads\/2025\/06\/gsn-big-mass-gainer-6kg.jpg","type":"image\/jpeg"}],"twitter_card":"summary_large_image","twitter_misc":{"Dur\u00e9e de lecture estim\u00e9e":"2 minutes"},"schema":{"@context":"https:\/\/schema.org","@graph":[{"@type":"WebPage","@id":"https:\/\/mr-mass.com\/?product=gsn-big-mass-6kg","url":"https:\/\/mr-mass.com\/?product=gsn-big-mass-6kg","name":"GSN BIG MASS 6KG - MR MASS","isPartOf":{"@id":"https:\/\/mr-mass.com\/#website"},"primaryImageOfPage":{"@id":"https:\/\/mr-mass.com\/?product=gsn-big-mass-6kg#primaryimage"},"image":{"@id":"https:\/\/mr-mass.com\/?product=gsn-big-mass-6kg#primaryimage"},"thumbnailUrl":"https:\/\/mr-mass.com\/wp-content\/uploads\/2025\/06\/gsn-big-mass-gainer-6kg.jpg","datePublished":"2025-06-10T08:46:58+00:00","dateModified":"2025-06-12T11:19:34+00:00","description":"GSN BIG MASS GAINER : La Formule Id\u00e9ale pour une Prise de Masse Exceptionnelle !D\u00e9couvrez le BIG MASS GAINER de GSN, un shake sp\u00e9cialement con\u00e7u pour optimiser la prise de muscle et de poids. Cette formule enrichie en cr\u00e9atine est le compl\u00e9ment parfait pour soutenir votre croissance musculaire gr\u00e2ce \u00e0 son m\u00e9lange unique de glucides et d'acides amin\u00e9s.BIG MASS GAINER GSN est la solution ultime pour vos objectifs de prise de masse. Ultra micronis\u00e9, il est formul\u00e9 sans OGM ni aspartame, et \u00e9labor\u00e9 dans des laboratoires certifi\u00e9s GMP pour garantir une qualit\u00e9 et une efficacit\u00e9 sup\u00e9rieures.Conseil Coach: Pour maximiser les effets de la cr\u00e9atine, il est recommand\u00e9 de consommer entre 1 et 4 doses par jour, m\u00e9lang\u00e9es avec 350 ml d\u2019eau ou de lait.","breadcrumb":{"@id":"https:\/\/mr-mass.com\/?product=gsn-big-mass-6kg#breadcrumb"},"inLanguage":"fr-FR","potentialAction":[{"@type":"ReadAction","target":["https:\/\/mr-mass.com\/?product=gsn-big-mass-6kg"]}]},{"@type":"ImageObject","inLanguage":"fr-FR","@id":"https:\/\/mr-mass.com\/?product=gsn-big-mass-6kg#primaryimage","url":"https:\/\/mr-mass.com\/wp-content\/uploads\/2025\/06\/gsn-big-mass-gainer-6kg.jpg","contentUrl":"https:\/\/mr-mass.com\/wp-content\/uploads\/2025\/06\/gsn-big-mass-gainer-6kg.jpg","width":1000,"height":1200},{"@type":"BreadcrumbList","@id":"https:\/\/mr-mass.com\/?product=gsn-big-mass-6kg#breadcrumb","itemListElement":[{"@type":"ListItem","position":1,"name":"Home","item":"https:\/\/mr-mass.com\/"},{"@type":"ListItem","position":2,"name":"Boutique","item":"https:\/\/mr-mass.com\/?page_id=8"},{"@type":"ListItem","position":3,"name":"GSN BIG MASS 6KG"}]},{"@type":"WebSite","@id":"https:\/\/mr-mass.com\/#website","url":"https:\/\/mr-mass.com\/","name":"MR MASS","description":"","publisher":{"@id":"https:\/\/mr-mass.com\/#organization"},"potentialAction":[{"@type":"SearchAction","target":{"@type":"EntryPoint","urlTemplate":"https:\/\/mr-mass.com\/?s={search_term_string}"},"query-input":{"@type":"PropertyValueSpecification","valueRequired":true,"valueName":"search_term_string"}}],"inLanguage":"fr-FR"},{"@type":"Organization","@id":"https:\/\/mr-mass.com\/#organization","name":"MR MASS","url":"https:\/\/mr-mass.com\/","logo":{"@type":"ImageObject","inLanguage":"fr-FR","@id":"https:\/\/mr-mass.com\/#\/schema\/logo\/image\/","url":"https:\/\/mr-mass.com\/wp-content\/uploads\/2025\/06\/cropped-417524477_413976367821865_6357673664813295189_n-removebg-preview.png","contentUrl":"https:\/\/mr-mass.com\/wp-content\/uploads\/2025\/06\/cropped-417524477_413976367821865_6357673664813295189_n-removebg-preview.png","width":500,"height":436,"caption":"MR MASS"},"image":{"@id":"https:\/\/mr-mass.com\/#\/schema\/logo\/image\/"}}]}},"jetpack_sharing_enabled":true,"_links":{"self":[{"href":"https:\/\/mr-mass.com\/index.php?rest_route=\/wp\/v2\/product\/6606","targetHints":{"allow":["GET"]}}],"collection":[{"href":"https:\/\/mr-mass.com\/index.php?rest_route=\/wp\/v2\/product"}],"about":[{"href":"https:\/\/mr-mass.com\/index.php?rest_route=\/wp\/v2\/types\/product"}],"replies":[{"embeddable":true,"href":"https:\/\/mr-mass.com\/index.php?rest_route=%2Fwp%2Fv2%2Fcomments&post=6606"}],"wp:featuredmedia":[{"embeddable":true,"href":"https:\/\/mr-mass.com\/index.php?rest_route=\/wp\/v2\/media\/6700"}],"wp:attachment":[{"href":"https:\/\/mr-mass.com\/index.php?rest_route=%2Fwp%2Fv2%2Fmedia&parent=6606"}],"wp:term":[{"taxonomy":"product_cat","embeddable":true,"href":"https:\/\/mr-mass.com\/index.php?rest_route=%2Fwp%2Fv2%2Fproduct_cat&post=6606"},{"taxonomy":"product_tag","embeddable":true,"href":"https:\/\/mr-mass.com\/index.php?rest_route=%2Fwp%2Fv2%2Fproduct_tag&post=6606"}],"curies":[{"name":"wp","href":"https:\/\/api.w.org\/{rel}","templated":true}]}}