{"id":6847,"date":"2025-06-17T15:48:15","date_gmt":"2025-06-17T13:48:15","guid":{"rendered":"https:\/\/mr-mass.com\/?post_type=product&#038;p=6847"},"modified":"2025-08-02T06:19:17","modified_gmt":"2025-08-02T04:19:17","slug":"real-pharm-creatine-monohydrate-300g","status":"publish","type":"product","link":"https:\/\/mr-mass.com\/?product=real-pharm-creatine-monohydrate-300g","title":{"rendered":"Real Pharm Creatine Monohydrate 300g"},"content":{"rendered":"<h2>La Cr\u00e9atine : R\u00e9servoir d&rsquo;\u00c9nergie et Performances Optimales<\/h2>\n<p>Cette substance peut \u00eatre obtenue par le biais de l&rsquo;alimentation et est \u00e9galement produite dans l&rsquo;organisme, principalement localis\u00e9e dans les muscles. Lors du processus de phosphorylation, elle se m\u00e9tamorphose en phosphocr\u00e9atine, offrant une r\u00e9serve imm\u00e9diate d&rsquo;ATP, constituant ainsi une source d&rsquo;\u00e9nergie rapide en cas de besoin pressant.<\/p>\n<p>Selon de multiples recherches scientifiques, la suppl\u00e9mentation en\u00a0<strong>cr\u00e9atine<\/strong>\u00a0a d\u00e9montr\u00e9 am\u00e9liorer la force, les performances et stimuler les processus anabolisants.<\/p>\n<h2>Les avantages de la cr\u00e9atine monohydrate de Real Pharm :<\/h2>\n<p>Les rapports scientifiques indiquent que la\u00a0<strong>cr\u00e9atine<\/strong>\u00a0<strong>monohydrate<\/strong>\u00a0pr\u00e9sente dans\u00a0<b>Real Pharm<\/b>:<\/p>\n<ul>\n<li>1- Favorise le d\u00e9veloppement de la masse musculaire<\/li>\n<li>2- Accro\u00eet les performances physiques lors d&rsquo;activit\u00e9s courtes et tr\u00e8s intenses<\/li>\n<li>3- Soutient les fonctions cognitives<\/li>\n<li>4- Encourage la r\u00e9cup\u00e9ration musculaire apr\u00e8s des exercices intenses<\/li>\n<\/ul>\n<p>&nbsp;<\/p>\n<h3>Ingr\u00e9dients de la cr\u00e9atine monohydrate :<\/h3>\n<p>Cr\u00e9atine monohydrat\u00e9e, Taurine.<\/p>\n<h4>UTILISATION SUGG\u00c9R\u00c9E :<\/h4>\n<p>Prenez en tant que compl\u00e9ment alimentaire, m\u00e9langez 1 cuill\u00e8re-dose 5g dans 150 \u00e0 200 ml d&rsquo;eau, de pr\u00e9f\u00e9rence apr\u00e8s l&rsquo;exercice.<\/p>\n<h4>AVERTISSEMENT :<\/h4>\n<p>Ne pas d\u00e9passer les dosages recommand\u00e9s. Consultez votre m\u00e9decin avant utilisation si vous \u00eates enceinte ou si vous allaitez, ou si vous prenez des m\u00e9dicaments.\u00a0<strong>TENIR HORS DE LA PORT\u00c9E DES ENFANTS.<\/strong><\/p>\n","protected":false},"excerpt":{"rendered":"<h2>La Cr\u00e9atine Monohydrate Real Pharm : Un Boosteur de Performances Musculaires<\/h2>\n<p>La\u00a0<strong>cr\u00e9atine monohydrate<\/strong>\u00a0de la marque\u00a0<strong>Real Pharm<\/strong>\u00a0est un suppl\u00e9ment populaire parmi les sportifs et les athl\u00e8tes. Ce produit est reconnu pour sa qualit\u00e9 et sa puret\u00e9, et il est utilis\u00e9 pour am\u00e9liorer les performances physiques, augmenter la force musculaire et favoriser la r\u00e9cup\u00e9ration apr\u00e8s l&rsquo;entra\u00eenement.<\/p>\n<p>La\u00a0<strong>cr\u00e9atine monohydrate<\/strong>\u00a0est un compos\u00e9 naturellement pr\u00e9sent dans le corps humain, et sa suppl\u00e9mentation peut aider \u00e0 augmenter les niveaux de cr\u00e9atine dans les muscles, favorisant ainsi une meilleure performance lors d&rsquo;activit\u00e9s physiques intenses.<\/p>\n<ul>\n<li>Conseil coach: M\u00e9langez 5g de poudre avec de l&rsquo;eau ou une boisson riche en glucides avant chaque s\u00e9ance d&rsquo;entra\u00eenement, ainsi que les jours de repos.<\/li>\n<\/ul>\n","protected":false},"featured_media":6848,"comment_status":"open","ping_status":"closed","template":"","meta":[],"product_cat":[34],"product_tag":[],"class_list":{"0":"post-6847","1":"product","2":"type-product","3":"status-publish","4":"has-post-thumbnail","6":"product_brand-real-pharm","7":"product_cat-creatine","9":"first","10":"outofstock","11":"sale","12":"shipping-taxable","13":"purchasable","14":"product-type-simple"},"yoast_head":"<!-- This site is optimized with the Yoast SEO plugin v25.2 - https:\/\/yoast.com\/wordpress\/plugins\/seo\/ -->\n<title>Real Pharm Creatine Monohydrate 300g - MR MASS<\/title>\n<meta name=\"description\" content=\"La Cr\u00e9atine Monohydrate Real Pharm : Un Boosteur de Performances MusculairesLa cr\u00e9atine monohydrate de la marque Real Pharm est un suppl\u00e9ment populaire parmi les sportifs et les athl\u00e8tes. Ce produit est reconnu pour sa qualit\u00e9 et sa puret\u00e9, et il est utilis\u00e9 pour am\u00e9liorer les performances physiques, augmenter la force musculaire et favoriser la r\u00e9cup\u00e9ration apr\u00e8s l&#039;entra\u00eenement.La cr\u00e9atine monohydrate est un compos\u00e9 naturellement pr\u00e9sent dans le corps humain, et sa suppl\u00e9mentation peut aider \u00e0 augmenter les niveaux de cr\u00e9atine dans les muscles, favorisant ainsi une meilleure performance lors d&#039;activit\u00e9s physiques intenses.Conseil coach: M\u00e9langez 5g de poudre avec de l&#039;eau ou une boisson riche en glucides avant chaque s\u00e9ance d&#039;entra\u00eenement, ainsi que les jours de repos.\" \/>\n<meta name=\"robots\" content=\"index, follow, max-snippet:-1, max-image-preview:large, max-video-preview:-1\" \/>\n<link rel=\"canonical\" href=\"https:\/\/mr-mass.com\/?product=real-pharm-creatine-monohydrate-300g\" \/>\n<meta property=\"og:locale\" content=\"fr_FR\" \/>\n<meta property=\"og:type\" content=\"article\" \/>\n<meta property=\"og:title\" content=\"Real Pharm Creatine Monohydrate 300g - MR MASS\" \/>\n<meta property=\"og:description\" content=\"La Cr\u00e9atine Monohydrate Real Pharm : Un Boosteur de Performances MusculairesLa cr\u00e9atine monohydrate de la marque Real Pharm est un suppl\u00e9ment populaire parmi les sportifs et les athl\u00e8tes. Ce produit est reconnu pour sa qualit\u00e9 et sa puret\u00e9, et il est utilis\u00e9 pour am\u00e9liorer les performances physiques, augmenter la force musculaire et favoriser la r\u00e9cup\u00e9ration apr\u00e8s l&#039;entra\u00eenement.La cr\u00e9atine monohydrate est un compos\u00e9 naturellement pr\u00e9sent dans le corps humain, et sa suppl\u00e9mentation peut aider \u00e0 augmenter les niveaux de cr\u00e9atine dans les muscles, favorisant ainsi une meilleure performance lors d&#039;activit\u00e9s physiques intenses.Conseil coach: M\u00e9langez 5g de poudre avec de l&#039;eau ou une boisson riche en glucides avant chaque s\u00e9ance d&#039;entra\u00eenement, ainsi que les jours de repos.\" \/>\n<meta property=\"og:url\" content=\"https:\/\/mr-mass.com\/?product=real-pharm-creatine-monohydrate-300g\" \/>\n<meta property=\"og:site_name\" content=\"MR MASS\" \/>\n<meta property=\"article:modified_time\" content=\"2025-08-02T04:19:17+00:00\" \/>\n<meta property=\"og:image\" content=\"https:\/\/mr-mass.com\/wp-content\/uploads\/2025\/06\/produit_-_2024-06-14T103859.636-removebg-preview.webp-666c01cb72dd4.webp\" \/>\n\t<meta property=\"og:image:width\" content=\"500\" \/>\n\t<meta property=\"og:image:height\" content=\"500\" \/>\n\t<meta property=\"og:image:type\" content=\"image\/webp\" \/>\n<meta name=\"twitter:card\" content=\"summary_large_image\" \/>\n<meta name=\"twitter:label1\" content=\"Dur\u00e9e de lecture estim\u00e9e\" \/>\n\t<meta name=\"twitter:data1\" content=\"2 minutes\" \/>\n<script type=\"application\/ld+json\" class=\"yoast-schema-graph\">{\"@context\":\"https:\/\/schema.org\",\"@graph\":[{\"@type\":\"WebPage\",\"@id\":\"https:\/\/mr-mass.com\/?product=real-pharm-creatine-monohydrate-300g\",\"url\":\"https:\/\/mr-mass.com\/?product=real-pharm-creatine-monohydrate-300g\",\"name\":\"Real Pharm Creatine Monohydrate 300g - MR MASS\",\"isPartOf\":{\"@id\":\"https:\/\/mr-mass.com\/#website\"},\"primaryImageOfPage\":{\"@id\":\"https:\/\/mr-mass.com\/?product=real-pharm-creatine-monohydrate-300g#primaryimage\"},\"image\":{\"@id\":\"https:\/\/mr-mass.com\/?product=real-pharm-creatine-monohydrate-300g#primaryimage\"},\"thumbnailUrl\":\"https:\/\/mr-mass.com\/wp-content\/uploads\/2025\/06\/produit_-_2024-06-14T103859.636-removebg-preview.webp-666c01cb72dd4.webp\",\"datePublished\":\"2025-06-17T13:48:15+00:00\",\"dateModified\":\"2025-08-02T04:19:17+00:00\",\"description\":\"La Cr\u00e9atine Monohydrate Real Pharm : Un Boosteur de Performances MusculairesLa cr\u00e9atine monohydrate de la marque Real Pharm est un suppl\u00e9ment populaire parmi les sportifs et les athl\u00e8tes. Ce produit est reconnu pour sa qualit\u00e9 et sa puret\u00e9, et il est utilis\u00e9 pour am\u00e9liorer les performances physiques, augmenter la force musculaire et favoriser la r\u00e9cup\u00e9ration apr\u00e8s l'entra\u00eenement.La cr\u00e9atine monohydrate est un compos\u00e9 naturellement pr\u00e9sent dans le corps humain, et sa suppl\u00e9mentation peut aider \u00e0 augmenter les niveaux de cr\u00e9atine dans les muscles, favorisant ainsi une meilleure performance lors d'activit\u00e9s physiques intenses.Conseil coach: M\u00e9langez 5g de poudre avec de l'eau ou une boisson riche en glucides avant chaque s\u00e9ance d'entra\u00eenement, ainsi que les jours de repos.\",\"breadcrumb\":{\"@id\":\"https:\/\/mr-mass.com\/?product=real-pharm-creatine-monohydrate-300g#breadcrumb\"},\"inLanguage\":\"fr-FR\",\"potentialAction\":[{\"@type\":\"ReadAction\",\"target\":[\"https:\/\/mr-mass.com\/?product=real-pharm-creatine-monohydrate-300g\"]}]},{\"@type\":\"ImageObject\",\"inLanguage\":\"fr-FR\",\"@id\":\"https:\/\/mr-mass.com\/?product=real-pharm-creatine-monohydrate-300g#primaryimage\",\"url\":\"https:\/\/mr-mass.com\/wp-content\/uploads\/2025\/06\/produit_-_2024-06-14T103859.636-removebg-preview.webp-666c01cb72dd4.webp\",\"contentUrl\":\"https:\/\/mr-mass.com\/wp-content\/uploads\/2025\/06\/produit_-_2024-06-14T103859.636-removebg-preview.webp-666c01cb72dd4.webp\",\"width\":500,\"height\":500},{\"@type\":\"BreadcrumbList\",\"@id\":\"https:\/\/mr-mass.com\/?product=real-pharm-creatine-monohydrate-300g#breadcrumb\",\"itemListElement\":[{\"@type\":\"ListItem\",\"position\":1,\"name\":\"Home\",\"item\":\"https:\/\/mr-mass.com\/\"},{\"@type\":\"ListItem\",\"position\":2,\"name\":\"Boutique\",\"item\":\"https:\/\/mr-mass.com\/?page_id=8\"},{\"@type\":\"ListItem\",\"position\":3,\"name\":\"Real Pharm Creatine Monohydrate 300g\"}]},{\"@type\":\"WebSite\",\"@id\":\"https:\/\/mr-mass.com\/#website\",\"url\":\"https:\/\/mr-mass.com\/\",\"name\":\"MR MASS\",\"description\":\"\",\"publisher\":{\"@id\":\"https:\/\/mr-mass.com\/#organization\"},\"potentialAction\":[{\"@type\":\"SearchAction\",\"target\":{\"@type\":\"EntryPoint\",\"urlTemplate\":\"https:\/\/mr-mass.com\/?s={search_term_string}\"},\"query-input\":{\"@type\":\"PropertyValueSpecification\",\"valueRequired\":true,\"valueName\":\"search_term_string\"}}],\"inLanguage\":\"fr-FR\"},{\"@type\":\"Organization\",\"@id\":\"https:\/\/mr-mass.com\/#organization\",\"name\":\"MR MASS\",\"url\":\"https:\/\/mr-mass.com\/\",\"logo\":{\"@type\":\"ImageObject\",\"inLanguage\":\"fr-FR\",\"@id\":\"https:\/\/mr-mass.com\/#\/schema\/logo\/image\/\",\"url\":\"https:\/\/mr-mass.com\/wp-content\/uploads\/2025\/06\/cropped-417524477_413976367821865_6357673664813295189_n-removebg-preview.png\",\"contentUrl\":\"https:\/\/mr-mass.com\/wp-content\/uploads\/2025\/06\/cropped-417524477_413976367821865_6357673664813295189_n-removebg-preview.png\",\"width\":500,\"height\":436,\"caption\":\"MR MASS\"},\"image\":{\"@id\":\"https:\/\/mr-mass.com\/#\/schema\/logo\/image\/\"}}]}<\/script>\n<!-- \/ Yoast SEO plugin. -->","yoast_head_json":{"title":"Real Pharm Creatine Monohydrate 300g - MR MASS","description":"La Cr\u00e9atine Monohydrate Real Pharm : Un Boosteur de Performances MusculairesLa cr\u00e9atine monohydrate de la marque Real Pharm est un suppl\u00e9ment populaire parmi les sportifs et les athl\u00e8tes. Ce produit est reconnu pour sa qualit\u00e9 et sa puret\u00e9, et il est utilis\u00e9 pour am\u00e9liorer les performances physiques, augmenter la force musculaire et favoriser la r\u00e9cup\u00e9ration apr\u00e8s l'entra\u00eenement.La cr\u00e9atine monohydrate est un compos\u00e9 naturellement pr\u00e9sent dans le corps humain, et sa suppl\u00e9mentation peut aider \u00e0 augmenter les niveaux de cr\u00e9atine dans les muscles, favorisant ainsi une meilleure performance lors d'activit\u00e9s physiques intenses.Conseil coach: M\u00e9langez 5g de poudre avec de l'eau ou une boisson riche en glucides avant chaque s\u00e9ance d'entra\u00eenement, ainsi que les jours de repos.","robots":{"index":"index","follow":"follow","max-snippet":"max-snippet:-1","max-image-preview":"max-image-preview:large","max-video-preview":"max-video-preview:-1"},"canonical":"https:\/\/mr-mass.com\/?product=real-pharm-creatine-monohydrate-300g","og_locale":"fr_FR","og_type":"article","og_title":"Real Pharm Creatine Monohydrate 300g - MR MASS","og_description":"La Cr\u00e9atine Monohydrate Real Pharm : Un Boosteur de Performances MusculairesLa cr\u00e9atine monohydrate de la marque Real Pharm est un suppl\u00e9ment populaire parmi les sportifs et les athl\u00e8tes. Ce produit est reconnu pour sa qualit\u00e9 et sa puret\u00e9, et il est utilis\u00e9 pour am\u00e9liorer les performances physiques, augmenter la force musculaire et favoriser la r\u00e9cup\u00e9ration apr\u00e8s l'entra\u00eenement.La cr\u00e9atine monohydrate est un compos\u00e9 naturellement pr\u00e9sent dans le corps humain, et sa suppl\u00e9mentation peut aider \u00e0 augmenter les niveaux de cr\u00e9atine dans les muscles, favorisant ainsi une meilleure performance lors d'activit\u00e9s physiques intenses.Conseil coach: M\u00e9langez 5g de poudre avec de l'eau ou une boisson riche en glucides avant chaque s\u00e9ance d'entra\u00eenement, ainsi que les jours de repos.","og_url":"https:\/\/mr-mass.com\/?product=real-pharm-creatine-monohydrate-300g","og_site_name":"MR MASS","article_modified_time":"2025-08-02T04:19:17+00:00","og_image":[{"width":500,"height":500,"url":"https:\/\/mr-mass.com\/wp-content\/uploads\/2025\/06\/produit_-_2024-06-14T103859.636-removebg-preview.webp-666c01cb72dd4.webp","type":"image\/webp"}],"twitter_card":"summary_large_image","twitter_misc":{"Dur\u00e9e de lecture estim\u00e9e":"2 minutes"},"schema":{"@context":"https:\/\/schema.org","@graph":[{"@type":"WebPage","@id":"https:\/\/mr-mass.com\/?product=real-pharm-creatine-monohydrate-300g","url":"https:\/\/mr-mass.com\/?product=real-pharm-creatine-monohydrate-300g","name":"Real Pharm Creatine Monohydrate 300g - MR MASS","isPartOf":{"@id":"https:\/\/mr-mass.com\/#website"},"primaryImageOfPage":{"@id":"https:\/\/mr-mass.com\/?product=real-pharm-creatine-monohydrate-300g#primaryimage"},"image":{"@id":"https:\/\/mr-mass.com\/?product=real-pharm-creatine-monohydrate-300g#primaryimage"},"thumbnailUrl":"https:\/\/mr-mass.com\/wp-content\/uploads\/2025\/06\/produit_-_2024-06-14T103859.636-removebg-preview.webp-666c01cb72dd4.webp","datePublished":"2025-06-17T13:48:15+00:00","dateModified":"2025-08-02T04:19:17+00:00","description":"La Cr\u00e9atine Monohydrate Real Pharm : Un Boosteur de Performances MusculairesLa cr\u00e9atine monohydrate de la marque Real Pharm est un suppl\u00e9ment populaire parmi les sportifs et les athl\u00e8tes. Ce produit est reconnu pour sa qualit\u00e9 et sa puret\u00e9, et il est utilis\u00e9 pour am\u00e9liorer les performances physiques, augmenter la force musculaire et favoriser la r\u00e9cup\u00e9ration apr\u00e8s l'entra\u00eenement.La cr\u00e9atine monohydrate est un compos\u00e9 naturellement pr\u00e9sent dans le corps humain, et sa suppl\u00e9mentation peut aider \u00e0 augmenter les niveaux de cr\u00e9atine dans les muscles, favorisant ainsi une meilleure performance lors d'activit\u00e9s physiques intenses.Conseil coach: M\u00e9langez 5g de poudre avec de l'eau ou une boisson riche en glucides avant chaque s\u00e9ance d'entra\u00eenement, ainsi que les jours de repos.","breadcrumb":{"@id":"https:\/\/mr-mass.com\/?product=real-pharm-creatine-monohydrate-300g#breadcrumb"},"inLanguage":"fr-FR","potentialAction":[{"@type":"ReadAction","target":["https:\/\/mr-mass.com\/?product=real-pharm-creatine-monohydrate-300g"]}]},{"@type":"ImageObject","inLanguage":"fr-FR","@id":"https:\/\/mr-mass.com\/?product=real-pharm-creatine-monohydrate-300g#primaryimage","url":"https:\/\/mr-mass.com\/wp-content\/uploads\/2025\/06\/produit_-_2024-06-14T103859.636-removebg-preview.webp-666c01cb72dd4.webp","contentUrl":"https:\/\/mr-mass.com\/wp-content\/uploads\/2025\/06\/produit_-_2024-06-14T103859.636-removebg-preview.webp-666c01cb72dd4.webp","width":500,"height":500},{"@type":"BreadcrumbList","@id":"https:\/\/mr-mass.com\/?product=real-pharm-creatine-monohydrate-300g#breadcrumb","itemListElement":[{"@type":"ListItem","position":1,"name":"Home","item":"https:\/\/mr-mass.com\/"},{"@type":"ListItem","position":2,"name":"Boutique","item":"https:\/\/mr-mass.com\/?page_id=8"},{"@type":"ListItem","position":3,"name":"Real Pharm Creatine Monohydrate 300g"}]},{"@type":"WebSite","@id":"https:\/\/mr-mass.com\/#website","url":"https:\/\/mr-mass.com\/","name":"MR MASS","description":"","publisher":{"@id":"https:\/\/mr-mass.com\/#organization"},"potentialAction":[{"@type":"SearchAction","target":{"@type":"EntryPoint","urlTemplate":"https:\/\/mr-mass.com\/?s={search_term_string}"},"query-input":{"@type":"PropertyValueSpecification","valueRequired":true,"valueName":"search_term_string"}}],"inLanguage":"fr-FR"},{"@type":"Organization","@id":"https:\/\/mr-mass.com\/#organization","name":"MR MASS","url":"https:\/\/mr-mass.com\/","logo":{"@type":"ImageObject","inLanguage":"fr-FR","@id":"https:\/\/mr-mass.com\/#\/schema\/logo\/image\/","url":"https:\/\/mr-mass.com\/wp-content\/uploads\/2025\/06\/cropped-417524477_413976367821865_6357673664813295189_n-removebg-preview.png","contentUrl":"https:\/\/mr-mass.com\/wp-content\/uploads\/2025\/06\/cropped-417524477_413976367821865_6357673664813295189_n-removebg-preview.png","width":500,"height":436,"caption":"MR MASS"},"image":{"@id":"https:\/\/mr-mass.com\/#\/schema\/logo\/image\/"}}]}},"jetpack_sharing_enabled":true,"_links":{"self":[{"href":"https:\/\/mr-mass.com\/index.php?rest_route=\/wp\/v2\/product\/6847","targetHints":{"allow":["GET"]}}],"collection":[{"href":"https:\/\/mr-mass.com\/index.php?rest_route=\/wp\/v2\/product"}],"about":[{"href":"https:\/\/mr-mass.com\/index.php?rest_route=\/wp\/v2\/types\/product"}],"replies":[{"embeddable":true,"href":"https:\/\/mr-mass.com\/index.php?rest_route=%2Fwp%2Fv2%2Fcomments&post=6847"}],"wp:featuredmedia":[{"embeddable":true,"href":"https:\/\/mr-mass.com\/index.php?rest_route=\/wp\/v2\/media\/6848"}],"wp:attachment":[{"href":"https:\/\/mr-mass.com\/index.php?rest_route=%2Fwp%2Fv2%2Fmedia&parent=6847"}],"wp:term":[{"taxonomy":"product_cat","embeddable":true,"href":"https:\/\/mr-mass.com\/index.php?rest_route=%2Fwp%2Fv2%2Fproduct_cat&post=6847"},{"taxonomy":"product_tag","embeddable":true,"href":"https:\/\/mr-mass.com\/index.php?rest_route=%2Fwp%2Fv2%2Fproduct_tag&post=6847"}],"curies":[{"name":"wp","href":"https:\/\/api.w.org\/{rel}","templated":true}]}}