{"id":6856,"date":"2025-06-18T18:51:29","date_gmt":"2025-06-18T16:51:29","guid":{"rendered":"https:\/\/mr-mass.com\/?post_type=product&#038;p=6856"},"modified":"2025-09-30T19:58:55","modified_gmt":"2025-09-30T17:58:55","slug":"magnesium-bisglycinate","status":"publish","type":"product","link":"https:\/\/mr-mass.com\/?product=magnesium-bisglycinate","title":{"rendered":"Magn\u00e9sium Bisglycinate"},"content":{"rendered":"<section class=\"elementor-section elementor-top-section elementor-element elementor-element-6267e41 elementor-section-boxed elementor-section-height-default elementor-section-height-default\" data-id=\"6267e41\" data-element_type=\"section\">\n<div class=\"elementor-container elementor-column-gap-default\">\n<div class=\"elementor-column elementor-col-50 elementor-top-column elementor-element elementor-element-b99596f\" data-id=\"b99596f\" data-element_type=\"column\">\n<div class=\"elementor-widget-wrap elementor-element-populated\">\n<div class=\"elementor-element elementor-element-a37edbf elementor-view-default elementor-position-top elementor-mobile-position-top elementor-widget elementor-widget-icon-box\" data-id=\"a37edbf\" data-element_type=\"widget\" data-widget_type=\"icon-box.default\">\n<div class=\"elementor-widget-container\">\n<div class=\"elementor-icon-box-wrapper\">\n<div class=\"elementor-icon-box-content\">\n<h3 class=\"elementor-icon-box-title\">Bisglycinate<\/h3>\n<p class=\"elementor-icon-box-description\">Nouvelle g\u00e9n\u00e9ration de magn\u00e9sium, Biodisponibilit\u00e9 tr\u00e8s \u00e9lev\u00e9e (80%), Excellente tol\u00e9rance digestive, Sur 73mg de Magn\u00e9sium pr\u00e8s de 58,4mg sont assimil\u00e9s (4x celle d&rsquo;un oxyde).<\/p>\n<\/div>\n<\/div>\n<\/div>\n<\/div>\n<\/div>\n<\/div>\n<div class=\"elementor-column elementor-col-50 elementor-top-column elementor-element elementor-element-6bfdc03\" data-id=\"6bfdc03\" data-element_type=\"column\">\n<div class=\"elementor-widget-wrap elementor-element-populated\">\n<div class=\"elementor-element elementor-element-ef28465 elementor-view-default elementor-position-top elementor-mobile-position-top elementor-widget elementor-widget-icon-box\" data-id=\"ef28465\" data-element_type=\"widget\" data-widget_type=\"icon-box.default\">\n<div class=\"elementor-widget-container\">\n<div class=\"elementor-icon-box-wrapper\">\n<div class=\"elementor-icon-box-icon\"><\/div>\n<div class=\"elementor-icon-box-content\">\n<h3 class=\"elementor-icon-box-title\">Oxyde (Magn\u00e9sium Marin)<\/h3>\n<p class=\"elementor-icon-box-description\">Ancienne g\u00e9n\u00e9ration de sels, Biodisponibilit\u00e9 tr\u00e8s basse (5 \u00e0 10%), Mauvaise tol\u00e9rance digestive, Sur 300mg de Magn\u00e9sium \u00e9l\u00e9mentaire seuls 15mg sont assimil\u00e9s<\/p>\n<\/div>\n<\/div>\n<\/div>\n<\/div>\n<\/div>\n<\/div>\n<\/div>\n<\/section>\n<section class=\"elementor-section elementor-top-section elementor-element elementor-element-2b3c8d7 elementor-section-boxed elementor-section-height-default elementor-section-height-default\" data-id=\"2b3c8d7\" data-element_type=\"section\">\n<div class=\"elementor-container elementor-column-gap-default\">\n<div class=\"elementor-column elementor-col-100 elementor-top-column elementor-element elementor-element-78cf78e\" data-id=\"78cf78e\" data-element_type=\"column\">\n<div class=\"elementor-widget-wrap elementor-element-populated\">\n<div class=\"elementor-element elementor-element-43293bd elementor-widget elementor-widget-text-editor\" data-id=\"43293bd\" data-element_type=\"widget\" data-widget_type=\"text-editor.default\">\n<div class=\"elementor-widget-container\">\n<p>Ce n\u2019est pas la quantit\u00e9 qui fait la diff\u00e9rence mais bel et bien la qualit\u00e9 !<\/p>\n<\/div>\n<\/div>\n<\/div>\n<\/div>\n<\/div>\n<\/section>\n<section class=\"elementor-section elementor-top-section elementor-element elementor-element-d5c6105 elementor-section-boxed elementor-section-height-default elementor-section-height-default\" data-id=\"d5c6105\" data-element_type=\"section\">\n<div class=\"elementor-container elementor-column-gap-default\">\n<div class=\"elementor-column elementor-col-100 elementor-top-column elementor-element elementor-element-2b0bbcc0\" data-id=\"2b0bbcc0\" data-element_type=\"column\">\n<div class=\"elementor-widget-wrap elementor-element-populated\">\n<div class=\"elementor-element elementor-element-424f5044 elementor-widget elementor-widget-text-editor\" data-id=\"424f5044\" data-element_type=\"widget\" data-widget_type=\"text-editor.default\">\n<div class=\"elementor-widget-container\">\n<p>Con\u00e7u express\u00e9ment pour les athl\u00e8tes et tous ceux exigeant des min\u00e9raux d\u2019exception, MAGNESIUM, un compl\u00e9ment alimentaire \u00e0 base de magn\u00e9sium bisglycinate, est votre alli\u00e9 incontournable pour amplifier vos performances et assurer une r\u00e9g\u00e9n\u00e9ration musculaire impeccable. Sans la moindre trace d\u2019oxyde, sa formulation garantit une puret\u00e9 in\u00e9gal\u00e9e.<\/p>\n<p><strong>Les implications biologiques du magn\u00e9sium :<\/strong><\/p>\n<ul>\n<li>R\u00f4le cellulaire : Le magn\u00e9sium est un co-facteur dans plus de 300 r\u00e9actions enzymatiques vitales pour la production d\u2019\u00e9nergie, la synth\u00e8se de l\u2019ADN et de l\u2019ARN, et le maintien de l\u2019int\u00e9grit\u00e9 de la membrane cellulaire.<\/li>\n<li>Fonction musculaire : Il est essentiel pour la contraction musculaire et la relaxation. Un d\u00e9ficit en magn\u00e9sium peut entra\u00eener des crampes et une faiblesse musculaire.<\/li>\n<li>Sant\u00e9 osseuse : Environ 60 % du magn\u00e9sium dans le corps se trouve dans les os, contribuant \u00e0 leur structure et leur solidit\u00e9. Il joue \u00e9galement un r\u00f4le dans la r\u00e9gulation de la vitamine D et du calcium, d\u2019autres acteurs cl\u00e9s de la sant\u00e9 osseuse.<\/li>\n<li>Sant\u00e9 cardiovasculaire : Le magn\u00e9sium contribue \u00e0 la r\u00e9gulation de la pression art\u00e9rielle, au rythme cardiaque et peut r\u00e9duire le risque de maladies cardiaques. Une carence peut \u00eatre li\u00e9e \u00e0 des arythmies et d\u2019autres troubles cardiaques.<\/li>\n<li>Pr\u00e9vention des maladies chroniques : Un apport ad\u00e9quat en magn\u00e9sium peut \u00eatre associ\u00e9 \u00e0 un risque r\u00e9duit de certaines maladies comme le diab\u00e8te de type 2.<\/li>\n<li>Fonction nerveuse : Le magn\u00e9sium joue un r\u00f4le dans la transmission nerveuse et est impliqu\u00e9 dans la pr\u00e9vention des migraines et des maux de t\u00eate.<\/li>\n<li>\u00c9quilibre \u00e9lectrolytique : Il aide \u00e0 r\u00e9guler les niveaux d\u2019autres min\u00e9raux et \u00e9lectrolytes dans le corps, tels que le calcium, le potassium et le sodium.<\/li>\n<\/ul>\n<p><strong>Les plus de notre produit :<\/strong><\/p>\n<ul>\n<li>Forme de Magn\u00e9sium Hautement Biodisponible : Le magn\u00e9sium bisglycinate est reconnu pour sa grande capacit\u00e9 d\u2019absorption par l\u2019organisme, assurant ainsi un apport efficace en magn\u00e9sium.<\/li>\n<li>Sans Oxyde : Notre formule exclut l\u2019oxyde de magn\u00e9sium, souvent associ\u00e9 \u00e0 des effets secondaires ind\u00e9sirables, pour vous garantir une tol\u00e9rance digestive optimale.<\/li>\n<li>Support de la Fonction Musculaire : Le magn\u00e9sium joue un r\u00f4le essentiel dans la contraction et la d\u00e9tente musculaire, rendant ce compl\u00e9ment particuli\u00e8rement b\u00e9n\u00e9fique pour les sportifs.<\/li>\n<li>Aide \u00e0 la R\u00e9cup\u00e9ration : En soutenant le m\u00e9tabolisme \u00e9nerg\u00e9tique et en r\u00e9duisant la fatigue, le magn\u00e9sium bisglycinate favorise une r\u00e9cup\u00e9ration rapide apr\u00e8s l\u2019effort.<\/li>\n<li>Soutien Nerveux : Le magn\u00e9sium contribue au fonctionnement normal du syst\u00e8me nerveux, essentiel pour une concentration maximale pendant les entra\u00eenements et les comp\u00e9titions.<\/li>\n<\/ul>\n<p><strong>Conseil de prise :<\/strong>\u00a04 g\u00e9lules (292mg de magn\u00e9sium \u00e9l\u00e9mentaire 78% AR) par jour \u00e0 avaler avec un verre d\u2019eau r\u00e9partis en 2 prises \u00e0 raison de 2 g\u00e9lules le matin et 2 g\u00e9lules avant le coucher.<\/p>\n<p><strong>Composition :<\/strong>\u00a0Bisglycinate de Magn\u00e9sium Haute Puret\u00e9 [Concentr\u00e9 \u00e0 12% en magn\u00e9sium \u00e9l\u00e9mentaire] (SANS OXYDE). Sans adjuvants ni autres auxiliaires technologiques suppl\u00e9mentaires.<\/p>\n<p>G\u00e9lule (Enveloppe v\u00e9g\u00e9tale) : hydroxypropylm\u00e9thylcellulose.<\/p>\n<p>Allerg\u00e8nes : absence.<\/p>\n<blockquote><p><strong>NOTE INFORMATIVE : Nous utilisons un Magn\u00e9sium Bisglycinate authentique concentr\u00e9 \u00e0 12% en magn\u00e9sium \u00e9l\u00e9mentaire. Les bisglycinates pr\u00e9sentant une teneur sup\u00e9rieure \u00e0 cette limite absolue de 12% sont tous tamponn\u00e9s avec de l\u2019oxyde ou d\u2019autres sels magn\u00e9siens. Avec ce produit vous consommez la qualit\u00e9 min\u00e9rale \u00e0 l \u2018\u00e9tat pur !<\/strong><\/p>\n<p><strong>Informations nutritionnelles :<\/strong><\/p>\n<p>Boite de 60 g\u00e9lules<\/p>\n<table width=\"358\">\n<tbody>\n<tr>\n<td colspan=\"2\" width=\"278\"><strong>Teneurs par dose journali\u00e8re recommand\u00e9e 4 g\u00e9lules<\/strong><\/td>\n<td width=\"80\">AR*<\/td>\n<\/tr>\n<tr>\n<td width=\"198\">Magn\u00e9sium \u00e9l\u00e9mentaire<br \/>\n(Bisglycinate de Magn\u00e9sium)<\/td>\n<td>292mg<\/td>\n<td>78%<\/td>\n<\/tr>\n<tr>\n<td><em>*AR : Apports de R\u00e9f\u00e9rence<\/em><\/td>\n<td><\/td>\n<td><\/td>\n<\/tr>\n<\/tbody>\n<\/table>\n<p>Ceci est un compl\u00e9ment alimentaire. Il ne remplace pas une alimentation vari\u00e9e et \u00e9quilibr\u00e9e.<\/p>\n<p>Tenir hors de port\u00e9e des jeunes enfants.<\/p>\n<p>A conserver dans son emballage d\u2019origine \u00e0 l\u2019abri de la lumi\u00e8re, de la chaleur et de l\u2019humidit\u00e9.<\/p>\n<p>Ne pas d\u00e9passer la dose journali\u00e8re recommand\u00e9e (4 g\u00e9lules par jour).<\/p><\/blockquote>\n<\/div>\n<\/div>\n<\/div>\n<\/div>\n<\/div>\n<\/section>\n","protected":false},"excerpt":{"rendered":"<p>La plus haute qualit\u00e9 de magn\u00e9sium disponible sur le march\u00e9 exclusivement con\u00e7u pour ceux qui recherchent des actifs d\u2019exception :<\/p>\n<ul>\n<li>Sous forme de bisglycinate \u00e0 tr\u00e8s haute absorption concentr\u00e9 \u00e0 12% en magn\u00e9sium \u00e9l\u00e9mentaire*<\/li>\n<li>Puret\u00e9 maximale garantie sans oxyde de magn\u00e9sium<\/li>\n<li>73mg min. de magn\u00e9sium assimilable par g\u00e9lule<\/li>\n<li>Tol\u00e9rance digestive optimis\u00e9e<\/li>\n<li>R\u00e9gulateur nerveux et musculaire<\/li>\n<\/ul>\n<p>*Bon \u00e0 savoir : Une concentration sup\u00e9rieure \u00e0 12% traduit une pr\u00e9sence certaine d\u2019oxyde ! L\u2019oxyde est g\u00e9n\u00e9ralement ajout\u00e9 en tant que tampon pour augmenter les teneurs de magn\u00e9sium dans les ch\u00e9lates sans que celui-ci ne soit mentionn\u00e9.<\/p>\n","protected":false},"featured_media":6857,"comment_status":"open","ping_status":"closed","template":"","meta":[],"product_cat":[76],"product_tag":[],"class_list":{"0":"post-6856","1":"product","2":"type-product","3":"status-publish","4":"has-post-thumbnail","6":"product_brand-impact-sport-nutrition","7":"product_cat-multi-vitamins-minerals","9":"first","10":"instock","11":"sale","12":"shipping-taxable","13":"purchasable","14":"product-type-simple"},"yoast_head":"<!-- This site is optimized with the Yoast SEO plugin v25.2 - https:\/\/yoast.com\/wordpress\/plugins\/seo\/ -->\n<title>Magn\u00e9sium Bisglycinate - MR MASS<\/title>\n<meta name=\"description\" content=\"La plus haute qualit\u00e9 de magn\u00e9sium disponible sur le march\u00e9 exclusivement con\u00e7u pour ceux qui recherchent des actifs d\u2019exception :Sous forme de bisglycinate \u00e0 tr\u00e8s haute absorption concentr\u00e9 \u00e0 12% en magn\u00e9sium \u00e9l\u00e9mentaire*Puret\u00e9 maximale garantie sans oxyde de magn\u00e9sium73mg min. de magn\u00e9sium assimilable par g\u00e9luleTol\u00e9rance digestive optimis\u00e9eR\u00e9gulateur nerveux et musculaire*Bon \u00e0 savoir : Une concentration sup\u00e9rieure \u00e0 12% traduit une pr\u00e9sence certaine d\u2019oxyde ! L\u2019oxyde est g\u00e9n\u00e9ralement ajout\u00e9 en tant que tampon pour augmenter les teneurs de magn\u00e9sium dans les ch\u00e9lates sans que celui-ci ne soit mentionn\u00e9.\" \/>\n<meta name=\"robots\" content=\"index, follow, max-snippet:-1, max-image-preview:large, max-video-preview:-1\" \/>\n<link rel=\"canonical\" href=\"https:\/\/mr-mass.com\/?product=magnesium-bisglycinate\" \/>\n<meta property=\"og:locale\" content=\"fr_FR\" \/>\n<meta property=\"og:type\" content=\"article\" \/>\n<meta property=\"og:title\" content=\"Magn\u00e9sium Bisglycinate - MR MASS\" \/>\n<meta property=\"og:description\" content=\"La plus haute qualit\u00e9 de magn\u00e9sium disponible sur le march\u00e9 exclusivement con\u00e7u pour ceux qui recherchent des actifs d\u2019exception :Sous forme de bisglycinate \u00e0 tr\u00e8s haute absorption concentr\u00e9 \u00e0 12% en magn\u00e9sium \u00e9l\u00e9mentaire*Puret\u00e9 maximale garantie sans oxyde de magn\u00e9sium73mg min. de magn\u00e9sium assimilable par g\u00e9luleTol\u00e9rance digestive optimis\u00e9eR\u00e9gulateur nerveux et musculaire*Bon \u00e0 savoir : Une concentration sup\u00e9rieure \u00e0 12% traduit une pr\u00e9sence certaine d\u2019oxyde ! L\u2019oxyde est g\u00e9n\u00e9ralement ajout\u00e9 en tant que tampon pour augmenter les teneurs de magn\u00e9sium dans les ch\u00e9lates sans que celui-ci ne soit mentionn\u00e9.\" \/>\n<meta property=\"og:url\" content=\"https:\/\/mr-mass.com\/?product=magnesium-bisglycinate\" \/>\n<meta property=\"og:site_name\" content=\"MR MASS\" \/>\n<meta property=\"article:modified_time\" content=\"2025-09-30T17:58:55+00:00\" \/>\n<meta property=\"og:image\" content=\"https:\/\/mr-mass.com\/wp-content\/uploads\/2025\/06\/MAGNESIUM-3D-600x600-1-e1750265481806.jpg\" \/>\n\t<meta property=\"og:image:width\" content=\"500\" \/>\n\t<meta property=\"og:image:height\" content=\"500\" \/>\n\t<meta property=\"og:image:type\" content=\"image\/jpeg\" \/>\n<meta name=\"twitter:card\" content=\"summary_large_image\" \/>\n<meta name=\"twitter:label1\" content=\"Dur\u00e9e de lecture estim\u00e9e\" \/>\n\t<meta name=\"twitter:data1\" content=\"3 minutes\" \/>\n<script type=\"application\/ld+json\" class=\"yoast-schema-graph\">{\"@context\":\"https:\/\/schema.org\",\"@graph\":[{\"@type\":\"WebPage\",\"@id\":\"https:\/\/mr-mass.com\/?product=magnesium-bisglycinate\",\"url\":\"https:\/\/mr-mass.com\/?product=magnesium-bisglycinate\",\"name\":\"Magn\u00e9sium Bisglycinate - MR MASS\",\"isPartOf\":{\"@id\":\"https:\/\/mr-mass.com\/#website\"},\"primaryImageOfPage\":{\"@id\":\"https:\/\/mr-mass.com\/?product=magnesium-bisglycinate#primaryimage\"},\"image\":{\"@id\":\"https:\/\/mr-mass.com\/?product=magnesium-bisglycinate#primaryimage\"},\"thumbnailUrl\":\"https:\/\/mr-mass.com\/wp-content\/uploads\/2025\/06\/MAGNESIUM-3D-600x600-1-e1750265481806.jpg\",\"datePublished\":\"2025-06-18T16:51:29+00:00\",\"dateModified\":\"2025-09-30T17:58:55+00:00\",\"description\":\"La plus haute qualit\u00e9 de magn\u00e9sium disponible sur le march\u00e9 exclusivement con\u00e7u pour ceux qui recherchent des actifs d\u2019exception :Sous forme de bisglycinate \u00e0 tr\u00e8s haute absorption concentr\u00e9 \u00e0 12% en magn\u00e9sium \u00e9l\u00e9mentaire*Puret\u00e9 maximale garantie sans oxyde de magn\u00e9sium73mg min. de magn\u00e9sium assimilable par g\u00e9luleTol\u00e9rance digestive optimis\u00e9eR\u00e9gulateur nerveux et musculaire*Bon \u00e0 savoir : Une concentration sup\u00e9rieure \u00e0 12% traduit une pr\u00e9sence certaine d\u2019oxyde ! L\u2019oxyde est g\u00e9n\u00e9ralement ajout\u00e9 en tant que tampon pour augmenter les teneurs de magn\u00e9sium dans les ch\u00e9lates sans que celui-ci ne soit mentionn\u00e9.\",\"breadcrumb\":{\"@id\":\"https:\/\/mr-mass.com\/?product=magnesium-bisglycinate#breadcrumb\"},\"inLanguage\":\"fr-FR\",\"potentialAction\":[{\"@type\":\"ReadAction\",\"target\":[\"https:\/\/mr-mass.com\/?product=magnesium-bisglycinate\"]}]},{\"@type\":\"ImageObject\",\"inLanguage\":\"fr-FR\",\"@id\":\"https:\/\/mr-mass.com\/?product=magnesium-bisglycinate#primaryimage\",\"url\":\"https:\/\/mr-mass.com\/wp-content\/uploads\/2025\/06\/MAGNESIUM-3D-600x600-1-e1750265481806.jpg\",\"contentUrl\":\"https:\/\/mr-mass.com\/wp-content\/uploads\/2025\/06\/MAGNESIUM-3D-600x600-1-e1750265481806.jpg\",\"width\":500,\"height\":500},{\"@type\":\"BreadcrumbList\",\"@id\":\"https:\/\/mr-mass.com\/?product=magnesium-bisglycinate#breadcrumb\",\"itemListElement\":[{\"@type\":\"ListItem\",\"position\":1,\"name\":\"Home\",\"item\":\"https:\/\/mr-mass.com\/\"},{\"@type\":\"ListItem\",\"position\":2,\"name\":\"Boutique\",\"item\":\"https:\/\/mr-mass.com\/?page_id=8\"},{\"@type\":\"ListItem\",\"position\":3,\"name\":\"Magn\u00e9sium Bisglycinate\"}]},{\"@type\":\"WebSite\",\"@id\":\"https:\/\/mr-mass.com\/#website\",\"url\":\"https:\/\/mr-mass.com\/\",\"name\":\"MR MASS\",\"description\":\"\",\"publisher\":{\"@id\":\"https:\/\/mr-mass.com\/#organization\"},\"potentialAction\":[{\"@type\":\"SearchAction\",\"target\":{\"@type\":\"EntryPoint\",\"urlTemplate\":\"https:\/\/mr-mass.com\/?s={search_term_string}\"},\"query-input\":{\"@type\":\"PropertyValueSpecification\",\"valueRequired\":true,\"valueName\":\"search_term_string\"}}],\"inLanguage\":\"fr-FR\"},{\"@type\":\"Organization\",\"@id\":\"https:\/\/mr-mass.com\/#organization\",\"name\":\"MR MASS\",\"url\":\"https:\/\/mr-mass.com\/\",\"logo\":{\"@type\":\"ImageObject\",\"inLanguage\":\"fr-FR\",\"@id\":\"https:\/\/mr-mass.com\/#\/schema\/logo\/image\/\",\"url\":\"https:\/\/mr-mass.com\/wp-content\/uploads\/2025\/06\/cropped-417524477_413976367821865_6357673664813295189_n-removebg-preview.png\",\"contentUrl\":\"https:\/\/mr-mass.com\/wp-content\/uploads\/2025\/06\/cropped-417524477_413976367821865_6357673664813295189_n-removebg-preview.png\",\"width\":500,\"height\":436,\"caption\":\"MR MASS\"},\"image\":{\"@id\":\"https:\/\/mr-mass.com\/#\/schema\/logo\/image\/\"}}]}<\/script>\n<!-- \/ Yoast SEO plugin. -->","yoast_head_json":{"title":"Magn\u00e9sium Bisglycinate - MR MASS","description":"La plus haute qualit\u00e9 de magn\u00e9sium disponible sur le march\u00e9 exclusivement con\u00e7u pour ceux qui recherchent des actifs d\u2019exception :Sous forme de bisglycinate \u00e0 tr\u00e8s haute absorption concentr\u00e9 \u00e0 12% en magn\u00e9sium \u00e9l\u00e9mentaire*Puret\u00e9 maximale garantie sans oxyde de magn\u00e9sium73mg min. de magn\u00e9sium assimilable par g\u00e9luleTol\u00e9rance digestive optimis\u00e9eR\u00e9gulateur nerveux et musculaire*Bon \u00e0 savoir : Une concentration sup\u00e9rieure \u00e0 12% traduit une pr\u00e9sence certaine d\u2019oxyde ! L\u2019oxyde est g\u00e9n\u00e9ralement ajout\u00e9 en tant que tampon pour augmenter les teneurs de magn\u00e9sium dans les ch\u00e9lates sans que celui-ci ne soit mentionn\u00e9.","robots":{"index":"index","follow":"follow","max-snippet":"max-snippet:-1","max-image-preview":"max-image-preview:large","max-video-preview":"max-video-preview:-1"},"canonical":"https:\/\/mr-mass.com\/?product=magnesium-bisglycinate","og_locale":"fr_FR","og_type":"article","og_title":"Magn\u00e9sium Bisglycinate - MR MASS","og_description":"La plus haute qualit\u00e9 de magn\u00e9sium disponible sur le march\u00e9 exclusivement con\u00e7u pour ceux qui recherchent des actifs d\u2019exception :Sous forme de bisglycinate \u00e0 tr\u00e8s haute absorption concentr\u00e9 \u00e0 12% en magn\u00e9sium \u00e9l\u00e9mentaire*Puret\u00e9 maximale garantie sans oxyde de magn\u00e9sium73mg min. de magn\u00e9sium assimilable par g\u00e9luleTol\u00e9rance digestive optimis\u00e9eR\u00e9gulateur nerveux et musculaire*Bon \u00e0 savoir : Une concentration sup\u00e9rieure \u00e0 12% traduit une pr\u00e9sence certaine d\u2019oxyde ! L\u2019oxyde est g\u00e9n\u00e9ralement ajout\u00e9 en tant que tampon pour augmenter les teneurs de magn\u00e9sium dans les ch\u00e9lates sans que celui-ci ne soit mentionn\u00e9.","og_url":"https:\/\/mr-mass.com\/?product=magnesium-bisglycinate","og_site_name":"MR MASS","article_modified_time":"2025-09-30T17:58:55+00:00","og_image":[{"width":500,"height":500,"url":"https:\/\/mr-mass.com\/wp-content\/uploads\/2025\/06\/MAGNESIUM-3D-600x600-1-e1750265481806.jpg","type":"image\/jpeg"}],"twitter_card":"summary_large_image","twitter_misc":{"Dur\u00e9e de lecture estim\u00e9e":"3 minutes"},"schema":{"@context":"https:\/\/schema.org","@graph":[{"@type":"WebPage","@id":"https:\/\/mr-mass.com\/?product=magnesium-bisglycinate","url":"https:\/\/mr-mass.com\/?product=magnesium-bisglycinate","name":"Magn\u00e9sium Bisglycinate - MR MASS","isPartOf":{"@id":"https:\/\/mr-mass.com\/#website"},"primaryImageOfPage":{"@id":"https:\/\/mr-mass.com\/?product=magnesium-bisglycinate#primaryimage"},"image":{"@id":"https:\/\/mr-mass.com\/?product=magnesium-bisglycinate#primaryimage"},"thumbnailUrl":"https:\/\/mr-mass.com\/wp-content\/uploads\/2025\/06\/MAGNESIUM-3D-600x600-1-e1750265481806.jpg","datePublished":"2025-06-18T16:51:29+00:00","dateModified":"2025-09-30T17:58:55+00:00","description":"La plus haute qualit\u00e9 de magn\u00e9sium disponible sur le march\u00e9 exclusivement con\u00e7u pour ceux qui recherchent des actifs d\u2019exception :Sous forme de bisglycinate \u00e0 tr\u00e8s haute absorption concentr\u00e9 \u00e0 12% en magn\u00e9sium \u00e9l\u00e9mentaire*Puret\u00e9 maximale garantie sans oxyde de magn\u00e9sium73mg min. de magn\u00e9sium assimilable par g\u00e9luleTol\u00e9rance digestive optimis\u00e9eR\u00e9gulateur nerveux et musculaire*Bon \u00e0 savoir : Une concentration sup\u00e9rieure \u00e0 12% traduit une pr\u00e9sence certaine d\u2019oxyde ! L\u2019oxyde est g\u00e9n\u00e9ralement ajout\u00e9 en tant que tampon pour augmenter les teneurs de magn\u00e9sium dans les ch\u00e9lates sans que celui-ci ne soit mentionn\u00e9.","breadcrumb":{"@id":"https:\/\/mr-mass.com\/?product=magnesium-bisglycinate#breadcrumb"},"inLanguage":"fr-FR","potentialAction":[{"@type":"ReadAction","target":["https:\/\/mr-mass.com\/?product=magnesium-bisglycinate"]}]},{"@type":"ImageObject","inLanguage":"fr-FR","@id":"https:\/\/mr-mass.com\/?product=magnesium-bisglycinate#primaryimage","url":"https:\/\/mr-mass.com\/wp-content\/uploads\/2025\/06\/MAGNESIUM-3D-600x600-1-e1750265481806.jpg","contentUrl":"https:\/\/mr-mass.com\/wp-content\/uploads\/2025\/06\/MAGNESIUM-3D-600x600-1-e1750265481806.jpg","width":500,"height":500},{"@type":"BreadcrumbList","@id":"https:\/\/mr-mass.com\/?product=magnesium-bisglycinate#breadcrumb","itemListElement":[{"@type":"ListItem","position":1,"name":"Home","item":"https:\/\/mr-mass.com\/"},{"@type":"ListItem","position":2,"name":"Boutique","item":"https:\/\/mr-mass.com\/?page_id=8"},{"@type":"ListItem","position":3,"name":"Magn\u00e9sium Bisglycinate"}]},{"@type":"WebSite","@id":"https:\/\/mr-mass.com\/#website","url":"https:\/\/mr-mass.com\/","name":"MR MASS","description":"","publisher":{"@id":"https:\/\/mr-mass.com\/#organization"},"potentialAction":[{"@type":"SearchAction","target":{"@type":"EntryPoint","urlTemplate":"https:\/\/mr-mass.com\/?s={search_term_string}"},"query-input":{"@type":"PropertyValueSpecification","valueRequired":true,"valueName":"search_term_string"}}],"inLanguage":"fr-FR"},{"@type":"Organization","@id":"https:\/\/mr-mass.com\/#organization","name":"MR MASS","url":"https:\/\/mr-mass.com\/","logo":{"@type":"ImageObject","inLanguage":"fr-FR","@id":"https:\/\/mr-mass.com\/#\/schema\/logo\/image\/","url":"https:\/\/mr-mass.com\/wp-content\/uploads\/2025\/06\/cropped-417524477_413976367821865_6357673664813295189_n-removebg-preview.png","contentUrl":"https:\/\/mr-mass.com\/wp-content\/uploads\/2025\/06\/cropped-417524477_413976367821865_6357673664813295189_n-removebg-preview.png","width":500,"height":436,"caption":"MR MASS"},"image":{"@id":"https:\/\/mr-mass.com\/#\/schema\/logo\/image\/"}}]}},"jetpack_sharing_enabled":true,"_links":{"self":[{"href":"https:\/\/mr-mass.com\/index.php?rest_route=\/wp\/v2\/product\/6856","targetHints":{"allow":["GET"]}}],"collection":[{"href":"https:\/\/mr-mass.com\/index.php?rest_route=\/wp\/v2\/product"}],"about":[{"href":"https:\/\/mr-mass.com\/index.php?rest_route=\/wp\/v2\/types\/product"}],"replies":[{"embeddable":true,"href":"https:\/\/mr-mass.com\/index.php?rest_route=%2Fwp%2Fv2%2Fcomments&post=6856"}],"wp:featuredmedia":[{"embeddable":true,"href":"https:\/\/mr-mass.com\/index.php?rest_route=\/wp\/v2\/media\/6857"}],"wp:attachment":[{"href":"https:\/\/mr-mass.com\/index.php?rest_route=%2Fwp%2Fv2%2Fmedia&parent=6856"}],"wp:term":[{"taxonomy":"product_cat","embeddable":true,"href":"https:\/\/mr-mass.com\/index.php?rest_route=%2Fwp%2Fv2%2Fproduct_cat&post=6856"},{"taxonomy":"product_tag","embeddable":true,"href":"https:\/\/mr-mass.com\/index.php?rest_route=%2Fwp%2Fv2%2Fproduct_tag&post=6856"}],"curies":[{"name":"wp","href":"https:\/\/api.w.org\/{rel}","templated":true}]}}