{"id":6901,"date":"2025-07-16T19:45:05","date_gmt":"2025-07-16T17:45:05","guid":{"rendered":"https:\/\/mr-mass.com\/?post_type=product&#038;p=6901"},"modified":"2025-07-17T14:20:52","modified_gmt":"2025-07-17T12:20:52","slug":"olimp-vita-min-multiple-sport-mega-caps-60-gelules","status":"publish","type":"product","link":"https:\/\/mr-mass.com\/?product=olimp-vita-min-multiple-sport-mega-caps-60-gelules","title":{"rendered":"Olimp Vita-Min Multiple Sport Mega Caps\u00ae &#8211; 60 G\u00e9lules"},"content":{"rendered":"<h2><strong>Olimp Vita-Min Multiple Sport Mega Caps<sup>\u00ae<\/sup>\u00a0\u2013 c\u2019est quoi ?<\/strong><\/h2>\n<p>Une activit\u00e9 physique intensive et une alimentation \u00e9quilibr\u00e9e n\u00e9cessitent une assistance professionnelle ! \u00c0 cette fin, il est bon d\u2019avoir recours au suppl\u00e9ment alimentaire de l\u2019entreprise pharmaceutique\u00a0<strong>Olimp Laboratories<\/strong>, laquelle veille, depuis de nombreuses ann\u00e9es, \u00e0 la qualit\u00e9 de ses produits. Ceci est possible gr\u00e2ce aux mati\u00e8res premi\u00e8res test\u00e9es \u00e0 plusieures reprises, \u00e0 la technologie de fabrication innovante, ainsi qu&rsquo;aux solutions \u00e9tudi\u00e9es et aux vastes connaissances de ses sp\u00e9cialistes. L&rsquo;exemple parfait se trouve dans la composition multi-ingr\u00e9dients de vitamines et min\u00e9raux essentiels \u2013\u00a0<strong>Olimp Vita-Min Multiple Sport Mega Caps<sup>\u00ae<\/sup><\/strong>. C&rsquo;est l&rsquo;une des d\u00e9nominations les plus identifiables dans l&rsquo;offre\u00a0<strong>Olimp Sport Nutrition<\/strong>. V\u00e9ritable top des ventes qui a devanc\u00e9 des centaines de complexes de vitamines du monde entier, en remportant la premi\u00e8re place et le prix\u00a0<strong>CPG Editor\u2019s Choice Award<\/strong>\u00a0\u00e0 la prestigieuse et plus grande foire sectorielle de Las Vegas : le salon SupplySide West!<\/p>\n<h2><strong>Sk\u0142ad Olimp Vita-Min Multiple Sport Mega Caps<sup>\u00ae<\/sup>\u00a0\u2013 complexe de vitamines et min\u00e9raux<\/strong><\/h2>\n<p>Personne ne sera surpris par la formule de\u00a0<strong>Olimp Vita-Min Multiple Sport Mega Caps<sup>\u00ae<\/sup><\/strong>, un complexe de vitamines et min\u00e9raux essentiels. Le secret de ce compl\u00e9ment alimentaire r\u00e9side dans des doses pr\u00e9cises d&rsquo;ingr\u00e9dients, constituant un v\u00e9ritable appui \u00e0 l\u2019organisme de chaque sportif. La forme originale de\u00a0<strong>Mega Caps<\/strong>, quant \u00e0 elle, a permis l&rsquo;utilisation de doses \u00e9lev\u00e9es de diff\u00e9rentes substances. Soyez s\u00fbr d\u2019une protection maximale de votre sant\u00e9!<\/p>\n<p>Les min\u00e9raux utilis\u00e9s dans\u00a0<strong>Olimp Vita-Min Multiple Sport Mega Caps<sup>\u00ae<\/sup><\/strong>\u00a0sont pr\u00e9sents sous la forme unique de\u00a0<u>ch\u00e9lates d&rsquo;acides amin\u00e9s Albion<\/u>. Cela garantit leur grande assimilation et r\u00e9duit les pertes lors de la digestion. Une r\u00e9ponse suppl\u00e9mentaire r\u00e9side dans le compos\u00e9\u00a0<u>Hepa-Prost Detox<\/u>, lequel associe plusieurs extraits naturels (p.ex. bioflavono\u00efdes d&rsquo;agrumes, artichaut, th\u00e9 vert, acide ALA ou pip\u00e9rine), pour apporter encore plus de bienfaits au sportif utilisant le produit.<\/p>\n<h2><strong>Dzia\u0142anie Olimp Vita-Min Multiple Sport Mega Caps<sup>\u00ae<\/sup>\u00a0\u2013 effets d\u2019utilisation<\/strong><\/h2>\n<p>Le produit multi-ingr\u00e9dients de la marque\u00a0<strong>Olimp Sport Nutrition<\/strong>\u00a0a \u00e9t\u00e9 con\u00e7u notamment pour les personnes pratiquant une activit\u00e9 physique et les sportifs d\u2019un large \u00e9ventail de \u00a0disciplines \u2013 culturistes, halt\u00e9rophiles, footballeurs, cyclistes, amateurs de course \u00e0 pied et d\u2019autres, lesquels, suite \u00e0 un effort intensif et une perte importante de min\u00e9raux lors de la sudation, doivent soutenir leur organisme au moyen de vitamines suppl\u00e9mentaires.\u00a0<strong>Olimp Vita-Min Multiple Sport Mega Caps<sup>\u00ae<\/sup><\/strong>\u00a0est une composition extr\u00eamement bien con\u00e7ue de vitamines et de min\u00e9raux de qualit\u00e9, laquelle vous apportera:<\/p>\n<ul>\n<li>moyen rapide et pratique de compl\u00e9ter votre alimentation quotidienne avec les micronutriments essentiels<\/li>\n<li>dose compl\u00e8te de vitamines et de min\u00e9raux de qualit\u00e9 sup\u00e9rieure, essentiels pour chaque sportif<\/li>\n<li>contribue activement au fonctionnement normal du syst\u00e8me immunitaire (gr\u00e2ce, entre autres, aux vitamines A, C, D et au zinc) et aide au maintien du m\u00e9tabolisme \u00e9nerg\u00e9tique (magn\u00e9sium, calcium, fer, vitamines B6, B12, C)<\/li>\n<li>am\u00e9lioration de vos performances<\/li>\n<li>aide \u00e0 la protection des cellules contre le stress oxydatif (zinc, mangan\u00e8se, cuivre, riboflavine (B2), vitamines C et E)<\/li>\n<\/ul>\n<h2><strong>Comment utiliser Olimp Vita-Min Multiple Sport Mega Caps<sup>\u00ae<\/sup>?<\/strong><\/h2>\n<p>Le suppl\u00e9ment alimentaire\u00a0<strong>Olimp Vita-Min Multiple Sport Mega Caps<sup>\u00ae<\/sup><\/strong>\u00a0se pr\u00e9sente sous forme de g\u00e9lules, divis\u00e9, selon la couleur, en vitamines (blanches) et min\u00e9raux (bleus). En raison des fortes doses d&rsquo;ingr\u00e9dients utilis\u00e9es, le produit ne doit \u00eatre utilis\u00e9 qu&rsquo;une fois par jour (1 g\u00e9lule), de pr\u00e9f\u00e9rence apr\u00e8s un repas, en buvant une grande quantit\u00e9 d&rsquo;eau froide.<\/p>\n<p>Le complexe\u00a0<strong>Olimp Vita-Min Multiple Sport Mega Caps<sup>\u00ae<\/sup><\/strong>\u00a0est disponible dans un emballage de 60 g\u00e9lules, soit 30 portions, suffisantes pour un mois complet de suppl\u00e9mentation efficace ! Il convient de rappeler que le compl\u00e9ment ne doit pas \u00eatre consid\u00e9r\u00e9 comme un substitut \u00e0 une alimentation \u00e9quilibr\u00e9e, mais seulement comme son compl\u00e9ment.<\/p>\n<p><strong><em>Olimp Vita-Min Multiple Sport Mega Caps<sup>\u00ae<\/sup>\u00a0\u2013 Soutien complexe \u00e0 chaque sportif!<\/em><\/strong><\/p>\n<p><strong>VITA-PLEX SPORT Ingr\u00e9dients<\/strong>: vitamines (acide L-ascorbique microencapsul\u00e9 [PureWay-C<sup>\u00ae<\/sup>] (vitamine C), ac\u00e9tate de DL-alpha-tocoph\u00e9ryle &#8211; vitamine E, nicotinamide &#8211; niacine, D-biotine &#8211; biotine, ac\u00e9tate de r\u00e9tinyle &#8211; vitamine A, D-pantoth\u00e9nate de calcium &#8211; acide pantoth\u00e9nique, chlorhydrate de pyridoxine &#8211; vitamine B6, chol\u00e9calcif\u00e9rol &#8211; vitamine D, acide pt\u00e9roylmonoglutamique &#8211; folate, mononitrate de thiamine &#8211; vitamine B1, riboflavine &#8211; vitamine B2, cyanocobalamine &#8211; vitamine B12), bioflavono\u00efdes d&rsquo;agrumes, extrait de feuilles d\u2019artichaut (Cynara scolymus L.), extrait de graine de citrouille (Cucurbita pepo, L.), extrait de herbe ge grande ortie (Urtica dioica L.), extrait de feuille de th\u00e9 vert (Camellia sinensis (L.) Kuntze), acide alpha-lipo\u00efque, extrait de fruit de poivre noir (Piper nigrum L.) BioPerine\u00ae, agent de charge &#8211; cellulose microcristalline; antiagglom\u00e9rant &#8211; sels de magn\u00e9sium d&rsquo;acides gras; g\u00e8lule &#8211; g\u00e8latine.<\/p>\n<table class=\"table\">\n<tbody>\n<tr>\n<td><strong>Informations nutritionnelles<\/strong><br \/>\n<strong>Vitamine<\/strong><\/td>\n<td><strong>1 g\u00e9lule<\/strong><\/td>\n<td><strong>*VNR<\/strong><\/td>\n<\/tr>\n<tr>\n<td>Vitamine A (\u03bcg RE)<\/td>\n<td>800 \u00b5g<\/td>\n<td>100%<\/td>\n<\/tr>\n<tr>\n<td>Vitamine D<\/td>\n<td>10 \u00b5g<\/td>\n<td>200%<\/td>\n<\/tr>\n<tr>\n<td>Vitamine E (mg TE)<\/td>\n<td>24 mg<\/td>\n<td>200%<\/td>\n<\/tr>\n<tr>\n<td>Vitamine C (PureWay-C<sup>\u00ae<\/sup>)<\/td>\n<td>290 mg<\/td>\n<td>363%<\/td>\n<\/tr>\n<tr>\n<td>Thiamine (Vitamine B1)<\/td>\n<td>19,4 mg<\/td>\n<td>1764%<\/td>\n<\/tr>\n<tr>\n<td>Riboflavine (Vitamine B2)<\/td>\n<td>19,6 mg<\/td>\n<td>1400%<\/td>\n<\/tr>\n<tr>\n<td>Niacine (mg NE)<\/td>\n<td>31 mg<\/td>\n<td>194%<\/td>\n<\/tr>\n<tr>\n<td>Vitamine B6<\/td>\n<td>18\u00a0mg<\/td>\n<td>1286%<\/td>\n<\/tr>\n<tr>\n<td>Acide folique<\/td>\n<td>400 \u00b5g<\/td>\n<td>200%<\/td>\n<\/tr>\n<tr>\n<td>Vitamine B12<\/td>\n<td>23 \u00b5g<\/td>\n<td>920%<\/td>\n<\/tr>\n<tr>\n<td>Biotine<\/td>\n<td>100 \u00b5g<\/td>\n<td>200%<\/td>\n<\/tr>\n<tr>\n<td>Acide pantoth\u00e9nique<\/td>\n<td>12 mg<\/td>\n<td>200%<\/td>\n<\/tr>\n<tr>\n<td>Bioflavono\u00efdes d&rsquo;agrumes 40%<\/td>\n<td>100 mg<\/td>\n<td>\u00a0&#8211;<\/td>\n<\/tr>\n<tr>\n<td>Extrait d\u2019artichaut 5% cinarine<\/td>\n<td>80 mg<\/td>\n<td>&#8211;<\/td>\n<\/tr>\n<tr>\n<td>Extrait de graine de citrouille 5:1<\/td>\n<td>60 mg<\/td>\n<td>&#8211;<\/td>\n<\/tr>\n<tr>\n<td>Extrait de grande ortie<\/td>\n<td>60 mg<\/td>\n<td>&#8211;<\/td>\n<\/tr>\n<tr>\n<td>Extrait de th\u00e9 vert 55% EGCG<\/td>\n<td>60 mg<\/td>\n<td>&#8211;<\/td>\n<\/tr>\n<tr>\n<td>ALA\u00a0(acide alpha-lipo\u00efque)<\/td>\n<td>10 mg<\/td>\n<td>&#8211;<\/td>\n<\/tr>\n<tr>\n<td>Extrait de poivre noir (95% pip\u00e9rine) BioPerine\u00ae<\/td>\n<td>1 mg<\/td>\n<td>&#8211;<\/td>\n<\/tr>\n<\/tbody>\n<\/table>\n<p>Le produit est conseill\u00e9 aux personnes actives physiquement, surtout aux sportifs.<\/p>\n<p><strong>Conseils d\u2019utilisation:<\/strong>\u00a01 g\u00e9lule de\u00a0<strong>VITA-PLEX SPORT<\/strong>\u00a0et 1 g\u00e9lule de\u00a0<strong>CHELA-MIN SPORT<\/strong>\u00a0par jour apr\u00e8s le plat principal, \u00e0 boire avec une grande quantit\u00e9 d&rsquo;eau.<\/p>\n<p>Le produit est un compl\u00e9ment alimentaire conseill\u00e9 aux adultes. Ne pas d\u00e9passer la dose journali\u00e8re conseill\u00e9e. Les compl\u00e9ments alimentaires doivent \u00eatre utilis\u00e9s dans\u00a0le cadre d\u2019un mode de vie sain et ne pas \u00eatre utilis\u00e9s comme substituts d\u2019un r\u00e9gime alimentaire vari\u00e9 et \u00e9quilibr\u00e9.<\/p>\n<p><strong>Attention<\/strong>: ne pas utiliser chez l\u2019enfant, femmes enceintes, allaitantes ou dans le cas d\u2019une hypersensibilit\u00e9 \u00e0 quelque ingr\u00e9dient de la formulation. Ne pas consommer en m\u00eame temps avec d\u2019autres pr\u00e9parations de vitamines et min\u00e9raux.<\/p>\n<p><strong>Conditions de stockage<\/strong>:\u00a0Non ouvert, \u00e0 conserver dans un endroit frais et sec.\u00a0Tenir hors de port\u00e9e des enfants.<\/p>\n<p><strong>OLIMP LABORATORIES Sp. z o. o.<\/strong><br \/>\nPustynia 84F, 39-200 D\u0119bica, Poland<br \/>\ne-mail: info@olimp-labs.com<br \/>\n+48 14 680 32 00<\/p>\n","protected":false},"excerpt":{"rendered":"<p><strong class=\"type\">Avantages produit:<\/strong><\/p>\n<div class=\"value\">\n<ul>\n<li>Des vitamines et min\u00e9raux essentiels de premi\u00e8re qualit\u00e9 pour toute personne active<\/li>\n<li>Formule facilement assimilable de ch\u00e9lates d&rsquo;acides amin\u00e9s Albion<\/li>\n<li>Forme innovante de\u00a0<strong>Mega Caps<sup>\u00ae<\/sup><\/strong>\u00a0&#8211; doses \u00e9lev\u00e9es de principes actifs<\/li>\n<li>Ajout d&rsquo;extraits naturels pour renforcer l&rsquo;effet du produit<\/li>\n<\/ul>\n<\/div>\n","protected":false},"featured_media":6916,"comment_status":"open","ping_status":"closed","template":"","meta":[],"product_cat":[76,72],"product_tag":[],"class_list":{"0":"post-6901","1":"product","2":"type-product","3":"status-publish","4":"has-post-thumbnail","6":"product_brand-olimp","7":"product_cat-multi-vitamins-minerals","8":"product_cat-testo-booster","10":"first","11":"instock","12":"shipping-taxable","13":"purchasable","14":"product-type-simple"},"yoast_head":"<!-- This site is optimized with the Yoast SEO plugin v25.2 - https:\/\/yoast.com\/wordpress\/plugins\/seo\/ -->\n<title>Olimp Vita-Min Multiple Sport Mega Caps\u00ae - 60 G\u00e9lules - MR MASS<\/title>\n<meta name=\"description\" content=\"Avantages produit:Des vitamines et min\u00e9raux essentiels de premi\u00e8re qualit\u00e9 pour toute personne activeFormule facilement assimilable de ch\u00e9lates d&#039;acides amin\u00e9s AlbionForme innovante de Mega Caps\u00ae - doses \u00e9lev\u00e9es de principes actifsAjout d&#039;extraits naturels pour renforcer l&#039;effet du produit\" \/>\n<meta name=\"robots\" content=\"index, follow, max-snippet:-1, max-image-preview:large, max-video-preview:-1\" \/>\n<link rel=\"canonical\" href=\"https:\/\/mr-mass.com\/?product=olimp-vita-min-multiple-sport-mega-caps-60-gelules\" \/>\n<meta property=\"og:locale\" content=\"fr_FR\" \/>\n<meta property=\"og:type\" content=\"article\" \/>\n<meta property=\"og:title\" content=\"Olimp Vita-Min Multiple Sport Mega Caps\u00ae - 60 G\u00e9lules - MR MASS\" \/>\n<meta property=\"og:description\" content=\"Avantages produit:Des vitamines et min\u00e9raux essentiels de premi\u00e8re qualit\u00e9 pour toute personne activeFormule facilement assimilable de ch\u00e9lates d&#039;acides amin\u00e9s AlbionForme innovante de Mega Caps\u00ae - doses \u00e9lev\u00e9es de principes actifsAjout d&#039;extraits naturels pour renforcer l&#039;effet du produit\" \/>\n<meta property=\"og:url\" content=\"https:\/\/mr-mass.com\/?product=olimp-vita-min-multiple-sport-mega-caps-60-gelules\" \/>\n<meta property=\"og:site_name\" content=\"MR MASS\" \/>\n<meta property=\"article:modified_time\" content=\"2025-07-17T12:20:52+00:00\" \/>\n<meta property=\"og:image\" content=\"https:\/\/mr-mass.com\/wp-content\/uploads\/2025\/07\/olimp_vita-minmultiplesport_kartonik_en-se_0011_0001_1__jpg-e1752754822187.webp\" \/>\n\t<meta property=\"og:image:width\" content=\"500\" \/>\n\t<meta property=\"og:image:height\" content=\"500\" \/>\n\t<meta property=\"og:image:type\" content=\"image\/webp\" \/>\n<meta name=\"twitter:card\" content=\"summary_large_image\" \/>\n<meta name=\"twitter:label1\" content=\"Dur\u00e9e de lecture estim\u00e9e\" \/>\n\t<meta name=\"twitter:data1\" content=\"6 minutes\" \/>\n<script type=\"application\/ld+json\" class=\"yoast-schema-graph\">{\"@context\":\"https:\/\/schema.org\",\"@graph\":[{\"@type\":\"WebPage\",\"@id\":\"https:\/\/mr-mass.com\/?product=olimp-vita-min-multiple-sport-mega-caps-60-gelules\",\"url\":\"https:\/\/mr-mass.com\/?product=olimp-vita-min-multiple-sport-mega-caps-60-gelules\",\"name\":\"Olimp Vita-Min Multiple Sport Mega Caps\u00ae - 60 G\u00e9lules - MR MASS\",\"isPartOf\":{\"@id\":\"https:\/\/mr-mass.com\/#website\"},\"primaryImageOfPage\":{\"@id\":\"https:\/\/mr-mass.com\/?product=olimp-vita-min-multiple-sport-mega-caps-60-gelules#primaryimage\"},\"image\":{\"@id\":\"https:\/\/mr-mass.com\/?product=olimp-vita-min-multiple-sport-mega-caps-60-gelules#primaryimage\"},\"thumbnailUrl\":\"https:\/\/mr-mass.com\/wp-content\/uploads\/2025\/07\/olimp_vita-minmultiplesport_kartonik_en-se_0011_0001_1__jpg-e1752754822187.webp\",\"datePublished\":\"2025-07-16T17:45:05+00:00\",\"dateModified\":\"2025-07-17T12:20:52+00:00\",\"description\":\"Avantages produit:Des vitamines et min\u00e9raux essentiels de premi\u00e8re qualit\u00e9 pour toute personne activeFormule facilement assimilable de ch\u00e9lates d'acides amin\u00e9s AlbionForme innovante de Mega Caps\u00ae - doses \u00e9lev\u00e9es de principes actifsAjout d'extraits naturels pour renforcer l'effet du produit\",\"breadcrumb\":{\"@id\":\"https:\/\/mr-mass.com\/?product=olimp-vita-min-multiple-sport-mega-caps-60-gelules#breadcrumb\"},\"inLanguage\":\"fr-FR\",\"potentialAction\":[{\"@type\":\"ReadAction\",\"target\":[\"https:\/\/mr-mass.com\/?product=olimp-vita-min-multiple-sport-mega-caps-60-gelules\"]}]},{\"@type\":\"ImageObject\",\"inLanguage\":\"fr-FR\",\"@id\":\"https:\/\/mr-mass.com\/?product=olimp-vita-min-multiple-sport-mega-caps-60-gelules#primaryimage\",\"url\":\"https:\/\/mr-mass.com\/wp-content\/uploads\/2025\/07\/olimp_vita-minmultiplesport_kartonik_en-se_0011_0001_1__jpg-e1752754822187.webp\",\"contentUrl\":\"https:\/\/mr-mass.com\/wp-content\/uploads\/2025\/07\/olimp_vita-minmultiplesport_kartonik_en-se_0011_0001_1__jpg-e1752754822187.webp\",\"width\":500,\"height\":500},{\"@type\":\"BreadcrumbList\",\"@id\":\"https:\/\/mr-mass.com\/?product=olimp-vita-min-multiple-sport-mega-caps-60-gelules#breadcrumb\",\"itemListElement\":[{\"@type\":\"ListItem\",\"position\":1,\"name\":\"Home\",\"item\":\"https:\/\/mr-mass.com\/\"},{\"@type\":\"ListItem\",\"position\":2,\"name\":\"Boutique\",\"item\":\"https:\/\/mr-mass.com\/?page_id=8\"},{\"@type\":\"ListItem\",\"position\":3,\"name\":\"Olimp Vita-Min Multiple Sport Mega Caps\u00ae &#8211; 60 G\u00e9lules\"}]},{\"@type\":\"WebSite\",\"@id\":\"https:\/\/mr-mass.com\/#website\",\"url\":\"https:\/\/mr-mass.com\/\",\"name\":\"MR MASS\",\"description\":\"\",\"publisher\":{\"@id\":\"https:\/\/mr-mass.com\/#organization\"},\"potentialAction\":[{\"@type\":\"SearchAction\",\"target\":{\"@type\":\"EntryPoint\",\"urlTemplate\":\"https:\/\/mr-mass.com\/?s={search_term_string}\"},\"query-input\":{\"@type\":\"PropertyValueSpecification\",\"valueRequired\":true,\"valueName\":\"search_term_string\"}}],\"inLanguage\":\"fr-FR\"},{\"@type\":\"Organization\",\"@id\":\"https:\/\/mr-mass.com\/#organization\",\"name\":\"MR MASS\",\"url\":\"https:\/\/mr-mass.com\/\",\"logo\":{\"@type\":\"ImageObject\",\"inLanguage\":\"fr-FR\",\"@id\":\"https:\/\/mr-mass.com\/#\/schema\/logo\/image\/\",\"url\":\"https:\/\/mr-mass.com\/wp-content\/uploads\/2025\/06\/cropped-417524477_413976367821865_6357673664813295189_n-removebg-preview.png\",\"contentUrl\":\"https:\/\/mr-mass.com\/wp-content\/uploads\/2025\/06\/cropped-417524477_413976367821865_6357673664813295189_n-removebg-preview.png\",\"width\":500,\"height\":436,\"caption\":\"MR MASS\"},\"image\":{\"@id\":\"https:\/\/mr-mass.com\/#\/schema\/logo\/image\/\"}}]}<\/script>\n<!-- \/ Yoast SEO plugin. -->","yoast_head_json":{"title":"Olimp Vita-Min Multiple Sport Mega Caps\u00ae - 60 G\u00e9lules - MR MASS","description":"Avantages produit:Des vitamines et min\u00e9raux essentiels de premi\u00e8re qualit\u00e9 pour toute personne activeFormule facilement assimilable de ch\u00e9lates d'acides amin\u00e9s AlbionForme innovante de Mega Caps\u00ae - doses \u00e9lev\u00e9es de principes actifsAjout d'extraits naturels pour renforcer l'effet du produit","robots":{"index":"index","follow":"follow","max-snippet":"max-snippet:-1","max-image-preview":"max-image-preview:large","max-video-preview":"max-video-preview:-1"},"canonical":"https:\/\/mr-mass.com\/?product=olimp-vita-min-multiple-sport-mega-caps-60-gelules","og_locale":"fr_FR","og_type":"article","og_title":"Olimp Vita-Min Multiple Sport Mega Caps\u00ae - 60 G\u00e9lules - MR MASS","og_description":"Avantages produit:Des vitamines et min\u00e9raux essentiels de premi\u00e8re qualit\u00e9 pour toute personne activeFormule facilement assimilable de ch\u00e9lates d'acides amin\u00e9s AlbionForme innovante de Mega Caps\u00ae - doses \u00e9lev\u00e9es de principes actifsAjout d'extraits naturels pour renforcer l'effet du produit","og_url":"https:\/\/mr-mass.com\/?product=olimp-vita-min-multiple-sport-mega-caps-60-gelules","og_site_name":"MR MASS","article_modified_time":"2025-07-17T12:20:52+00:00","og_image":[{"width":500,"height":500,"url":"https:\/\/mr-mass.com\/wp-content\/uploads\/2025\/07\/olimp_vita-minmultiplesport_kartonik_en-se_0011_0001_1__jpg-e1752754822187.webp","type":"image\/webp"}],"twitter_card":"summary_large_image","twitter_misc":{"Dur\u00e9e de lecture estim\u00e9e":"6 minutes"},"schema":{"@context":"https:\/\/schema.org","@graph":[{"@type":"WebPage","@id":"https:\/\/mr-mass.com\/?product=olimp-vita-min-multiple-sport-mega-caps-60-gelules","url":"https:\/\/mr-mass.com\/?product=olimp-vita-min-multiple-sport-mega-caps-60-gelules","name":"Olimp Vita-Min Multiple Sport Mega Caps\u00ae - 60 G\u00e9lules - MR MASS","isPartOf":{"@id":"https:\/\/mr-mass.com\/#website"},"primaryImageOfPage":{"@id":"https:\/\/mr-mass.com\/?product=olimp-vita-min-multiple-sport-mega-caps-60-gelules#primaryimage"},"image":{"@id":"https:\/\/mr-mass.com\/?product=olimp-vita-min-multiple-sport-mega-caps-60-gelules#primaryimage"},"thumbnailUrl":"https:\/\/mr-mass.com\/wp-content\/uploads\/2025\/07\/olimp_vita-minmultiplesport_kartonik_en-se_0011_0001_1__jpg-e1752754822187.webp","datePublished":"2025-07-16T17:45:05+00:00","dateModified":"2025-07-17T12:20:52+00:00","description":"Avantages produit:Des vitamines et min\u00e9raux essentiels de premi\u00e8re qualit\u00e9 pour toute personne activeFormule facilement assimilable de ch\u00e9lates d'acides amin\u00e9s AlbionForme innovante de Mega Caps\u00ae - doses \u00e9lev\u00e9es de principes actifsAjout d'extraits naturels pour renforcer l'effet du produit","breadcrumb":{"@id":"https:\/\/mr-mass.com\/?product=olimp-vita-min-multiple-sport-mega-caps-60-gelules#breadcrumb"},"inLanguage":"fr-FR","potentialAction":[{"@type":"ReadAction","target":["https:\/\/mr-mass.com\/?product=olimp-vita-min-multiple-sport-mega-caps-60-gelules"]}]},{"@type":"ImageObject","inLanguage":"fr-FR","@id":"https:\/\/mr-mass.com\/?product=olimp-vita-min-multiple-sport-mega-caps-60-gelules#primaryimage","url":"https:\/\/mr-mass.com\/wp-content\/uploads\/2025\/07\/olimp_vita-minmultiplesport_kartonik_en-se_0011_0001_1__jpg-e1752754822187.webp","contentUrl":"https:\/\/mr-mass.com\/wp-content\/uploads\/2025\/07\/olimp_vita-minmultiplesport_kartonik_en-se_0011_0001_1__jpg-e1752754822187.webp","width":500,"height":500},{"@type":"BreadcrumbList","@id":"https:\/\/mr-mass.com\/?product=olimp-vita-min-multiple-sport-mega-caps-60-gelules#breadcrumb","itemListElement":[{"@type":"ListItem","position":1,"name":"Home","item":"https:\/\/mr-mass.com\/"},{"@type":"ListItem","position":2,"name":"Boutique","item":"https:\/\/mr-mass.com\/?page_id=8"},{"@type":"ListItem","position":3,"name":"Olimp Vita-Min Multiple Sport Mega Caps\u00ae &#8211; 60 G\u00e9lules"}]},{"@type":"WebSite","@id":"https:\/\/mr-mass.com\/#website","url":"https:\/\/mr-mass.com\/","name":"MR MASS","description":"","publisher":{"@id":"https:\/\/mr-mass.com\/#organization"},"potentialAction":[{"@type":"SearchAction","target":{"@type":"EntryPoint","urlTemplate":"https:\/\/mr-mass.com\/?s={search_term_string}"},"query-input":{"@type":"PropertyValueSpecification","valueRequired":true,"valueName":"search_term_string"}}],"inLanguage":"fr-FR"},{"@type":"Organization","@id":"https:\/\/mr-mass.com\/#organization","name":"MR MASS","url":"https:\/\/mr-mass.com\/","logo":{"@type":"ImageObject","inLanguage":"fr-FR","@id":"https:\/\/mr-mass.com\/#\/schema\/logo\/image\/","url":"https:\/\/mr-mass.com\/wp-content\/uploads\/2025\/06\/cropped-417524477_413976367821865_6357673664813295189_n-removebg-preview.png","contentUrl":"https:\/\/mr-mass.com\/wp-content\/uploads\/2025\/06\/cropped-417524477_413976367821865_6357673664813295189_n-removebg-preview.png","width":500,"height":436,"caption":"MR MASS"},"image":{"@id":"https:\/\/mr-mass.com\/#\/schema\/logo\/image\/"}}]}},"jetpack_sharing_enabled":true,"_links":{"self":[{"href":"https:\/\/mr-mass.com\/index.php?rest_route=\/wp\/v2\/product\/6901","targetHints":{"allow":["GET"]}}],"collection":[{"href":"https:\/\/mr-mass.com\/index.php?rest_route=\/wp\/v2\/product"}],"about":[{"href":"https:\/\/mr-mass.com\/index.php?rest_route=\/wp\/v2\/types\/product"}],"replies":[{"embeddable":true,"href":"https:\/\/mr-mass.com\/index.php?rest_route=%2Fwp%2Fv2%2Fcomments&post=6901"}],"wp:featuredmedia":[{"embeddable":true,"href":"https:\/\/mr-mass.com\/index.php?rest_route=\/wp\/v2\/media\/6916"}],"wp:attachment":[{"href":"https:\/\/mr-mass.com\/index.php?rest_route=%2Fwp%2Fv2%2Fmedia&parent=6901"}],"wp:term":[{"taxonomy":"product_cat","embeddable":true,"href":"https:\/\/mr-mass.com\/index.php?rest_route=%2Fwp%2Fv2%2Fproduct_cat&post=6901"},{"taxonomy":"product_tag","embeddable":true,"href":"https:\/\/mr-mass.com\/index.php?rest_route=%2Fwp%2Fv2%2Fproduct_tag&post=6901"}],"curies":[{"name":"wp","href":"https:\/\/api.w.org\/{rel}","templated":true}]}}