{"id":6903,"date":"2025-07-16T19:51:11","date_gmt":"2025-07-16T17:51:11","guid":{"rendered":"https:\/\/mr-mass.com\/?post_type=product&#038;p=6903"},"modified":"2025-07-16T19:52:07","modified_gmt":"2025-07-16T17:52:07","slug":"olimp-gold-omega-3-sport-edition-120-gelules","status":"publish","type":"product","link":"https:\/\/mr-mass.com\/?product=olimp-gold-omega-3-sport-edition-120-gelules","title":{"rendered":"Olimp Gold Omega 3 Sport Edition &#8211; 120 G\u00e9lules"},"content":{"rendered":"<h2><strong>Olimp Gold Omega 3\u2122 Sport Edition \u2013 c\u2019est quoi ?<\/strong><\/h2>\n<p><strong>Olimp Gold Omega 3\u2122 Sport Edition<\/strong>\u00a0est l&rsquo;un des principaux suppl\u00e9ments alimentaires et des best-sellers de la marque\u00a0<strong>Olimp Sport Nutrition<\/strong>. Chacune des g\u00e9lules faciles \u00e0 avaler contient des acides gras om\u00e9ga-3 de qualit\u00e9, qui ne doivent pas faire d\u00e9faut dans l&rsquo;alimentation de toute personne pratiquant une activit\u00e9 physique et qui prend soin de son alimentation. Pourquoi ? La r\u00e9ponse est simple. Les acides gras om\u00e9ga-3 font partie des acides gras insatur\u00e9s essentiels (AGE) que le corps humain n&rsquo;est pas en mesure de produire par lui-m\u00eame. Il convient donc de veiller \u00e0 ce qu&rsquo;ils soient pr\u00e9sents, en quantit\u00e9 suffisante, dans l&rsquo;alimentation quotidienne, en recherchant des suppl\u00e9ments de haute qualit\u00e9, tels que\u00a0<strong>Olimp Gold Omega 3\u2122 Sport Edition<\/strong>.<\/p>\n<p>Des mati\u00e8res premi\u00e8res d&rsquo;excellente qualit\u00e9, test\u00e9es pour la pr\u00e9sence de m\u00e9taux lourds, ont \u00e9t\u00e9 utilis\u00e9es pour sa fabrication. Ainsi, en choisissant\u00a0<strong>Olimp Gold Omega 3\u2122 Sport Edition<\/strong>\u00a0vous avez la certitude d&rsquo;obtenir un produit s\u00fbr pour votre sant\u00e9, cr\u00e9\u00e9 sur la base des recherches scientifiques actuelles et des connaissances approfondies des sp\u00e9cialistes de l\u2019entreprise pharmaceutique\u00a0<strong>Olimp Laboratories<\/strong>, et \u00e9labor\u00e9 dans le respect des standards internationaux.<\/p>\n<h2><strong>Composition de Olimp Gold Omega 3\u2122 Sport Edition<\/strong><\/h2>\n<p>Les doses concr\u00e8tes du suppl\u00e9ment alimentaire\u00a0<strong>Olimp Gold Omega 3\u2122 Sport Edition<\/strong>, soigneusement \u00e9tudi\u00e9es par les sp\u00e9cialistes de la soci\u00e9t\u00e9 pharmaceutique\u00a0<strong>Olimp Laboratories<\/strong>, constituent le compl\u00e9ment parfait \u00e0 l&rsquo;alimentation quotidienne en acides gras om\u00e9ga-3. Les ingr\u00e9dients proviennent d\u2019huile de poisson d&rsquo;eaux froides, naturelle, de qualit\u00e9 sup\u00e9rieure et concentr\u00e9e, riche en acides om\u00e9ga-3 (teneur de 65%!). L&rsquo;huile de poisson utilis\u00e9e se distingue non seulement par sa haute qualit\u00e9 (PREMIUM!), mais elle est \u00e9galement libre de pesticides et d&rsquo;autres polluants tels que les m\u00e9taux lourds. Ses pr\u00e9cieuses propri\u00e9t\u00e9s pour l&rsquo;organisme sont confirm\u00e9es par les r\u00e9centes recherches scientifiques, constamment suivies par les scientifiques du Centre de Recherche et de D\u00e9veloppement Olimp Labs.<\/p>\n<p>Chaque g\u00e9lule de\u00a0<strong>Olimp Gold Omega 3\u2122 Sport Edition<\/strong>\u00a0contient jusqu&rsquo;\u00e0 1000mg d\u2019huile de poisson, dont :<\/p>\n<ul>\n<li>33% d\u2019 acide eicosapenta\u00e9no\u00efque (EPA) \u2013 330mg dans une g\u00e9lule !<\/li>\n<li>22% d\u2019acide docosahexa\u00e9no\u00efque (DHA) \u2013 220 mg dans une g\u00e9lule !<\/li>\n<li>10% autres acides om\u00e9ga-3 \u2013 100mg dans une g\u00e9lule !<\/li>\n<\/ul>\n<p>Le produit est de plus compl\u00e9t\u00e9 par de la vitamine E (12 mg (100%*) \u2013 par g\u00e9lule). Ce puissant antioxydant poss\u00e8de d&rsquo;excellentes propri\u00e9t\u00e9s, ce qui contribue sans aucun doute \u00e0 prot\u00e9ger les cellules du stress oxydatif.<\/p>\n<h2><strong>Propri\u00e9t\u00e9s et effets d\u2019utilisation de Olimp Gold Omega 3\u2122 Sport Edition<\/strong><\/h2>\n<p>Les acides gras de la famille des om\u00e9ga-3 sont extr\u00eamement pr\u00e9cieux pour le fonctionnement de l&rsquo;organisme. Les recherches scientifiques ont prouv\u00e9 qu\u2019une \u00a0suppl\u00e9mentation quotidienne en acides gras om\u00e9ga-3 :<\/p>\n<ul>\n<li>contribue au bon fonctionnement du c\u0153ur (l&rsquo;effet concerne une prise totale de min. 250 mg par jour d&rsquo;acides EPA et DHA)<\/li>\n<li>poss\u00e8de un effet positif sur le maintien du niveau appropri\u00e9 de triglyc\u00e9rides (l&rsquo;effet concerne une prise totale de min. 2 g par jour d&rsquo;acides EPA et DHA)<\/li>\n<li>aide \u00e0 maintenir une pression art\u00e9rielle normale (l&rsquo;effet concerne une prise totale de min. 3 g par jour d&rsquo;acides EPA et DHA)<\/li>\n<li>permet de maintenir un bon fonctionnement du cerveau (l&rsquo;effet concerne une prise de min. 250 mg par jour de DHA)<\/li>\n<li>participe au maintien d\u2019une bonne vision (l&rsquo;effet positif se produit lors d\u2019une consommation de 250 mg de DHA par jour)<\/li>\n<\/ul>\n<p>Vous vous entra\u00eenez ? Prenez-vous soin de votre sant\u00e9 ? N&rsquo;oubliez donc pas de compl\u00e9ter votre alimentation avec des acides gras om\u00e9ga-3!\u00a0<strong>Olimp Gold Omega 3\u2122 Sport Edition<\/strong>\u00a0a \u00e9t\u00e9 cr\u00e9\u00e9 tant pour les sportifs professionnels qu\u2019amateurs, recherchant une contribution rapide et facile dans la compl\u00e9mentation de leur alimentation quotidienne avec des acides gras om\u00e9ga-3.<\/p>\n<h2><strong>Comment utiliser Olimp Gold Omega 3\u2122 Sport Edition?<\/strong><\/h2>\n<p>En choisissant la suppl\u00e9mentation\u00a0<strong>Olimp Gold Omega 3\u2122 Sport Edition<\/strong><strong>,<\/strong>\u00a0notez bien que ce produit ne doit pas \u00eatre consid\u00e9r\u00e9 comme un substitut \u00e0 une alimentation \u00e9quilibr\u00e9e. Il constitue uniquement son compl\u00e9ment permettant de satisfaire plus facilement les besoins quotidiens en ingr\u00e9dients mentionn\u00e9s.<\/p>\n<p>Aux personnes soucieuses du bon fonctionnement du c\u0153ur, du cerveau et d\u2019une bonne vision, il est recommand\u00e9 de prendre 1 \u00e0 2 g\u00e9lules par jour. \u00c0 tous ceux qui souhaitent, en outre, maintenir un niveau ad\u00e9quat de triglyc\u00e9rides dans le sang, il est recommand\u00e9 de prendre 2 g\u00e9lules deux fois par jour.<\/p>\n<p>Un emballage de\u00a0<strong>Olimp Gold Omega 3\u2122 Sport Edition<\/strong>\u00a0contient 120 g\u00e9lules faciles \u00e0 avaler, ce qui permet au minimum une suppl\u00e9mentation d\u2019un mois avec\u00a0<strong>Olimp Sport Nutrition<\/strong>.<\/p>\n<p><strong><em>Olimp Gold Omega 3\u2122 Sport Edition \u2013 pour la sant\u00e9 de chaque sportif !<\/em><\/strong><\/p>\n<p><strong>GOLD OMEGA 3<sup>TM<\/sup>\u00a0SPORT EDITION Compl\u00e9ment alimentaire \u00e0 base d&rsquo;huile de poisson riche en Om\u00e9ga 3<\/strong>. Haute qualit\u00e9 d&rsquo;huile de poisson d&rsquo;eau froide, contenant 65% des acides gras, pr\u00e9sentant un effet particuli\u00e8rement favorable pour la sant\u00e9. L&rsquo;acide eicosapenta\u00e9no\u00efque (EPA) et l&rsquo;acide docosahexa\u00e9no\u00efque (DHA) contribuent \u00e0 une fonction cardiaque normale (l\u2019effet b\u00e9n\u00e9fique est obtenu par la consommation journali\u00e8re de 250 mg d&rsquo;EPA et de DHA). L&rsquo;acide docosahexa\u00e9no\u00efque (DHA) contribue au fonctionnement normal du cerveau et contribue au maintien d\u2019une vision normale (l&rsquo;effet b\u00e9n\u00e9fique est obtenu par la consommation journali\u00e8re de 250 mg de DHA).<\/p>\n<p><strong>Ingr\u00e9dients:<\/strong>\u00a0huile de\u00a0<strong>poisson<\/strong>\u00a0riche en Om\u00e9ga 3 (dont acide eicosapenta\u00e9no\u00efque (EPA) et acide docosahexa\u00e9no\u00efque (DHA)), D-alpha-tocoph\u00e9rol (vitamine E), capsule (g\u00e9latine, humectant \u2014 glyc\u00e9rol; eau).<\/p>\n<p>&nbsp;<\/p>\n<table class=\"mceItemTable\">\n<tbody>\n<tr>\n<td><strong>Information nutritionnelle<\/strong><\/td>\n<td><strong>1 capsule<\/strong><\/td>\n<td><strong>par jour (2 capsules)<\/strong><\/td>\n<\/tr>\n<tr>\n<td><strong>Huile de poisson:\u00a0<\/strong><\/p>\n<p>dont:<\/p>\n<p><strong>Acide Eicosapentanoique 33% EPA<\/strong><\/p>\n<p><strong>Acide Docosahexanoique 22% DHA<\/strong><\/p>\n<p><strong>Autres acides gras Omega-3 10%<\/strong><\/td>\n<td>1000 mg<\/p>\n<p>&nbsp;<\/p>\n<p>330 mg<\/p>\n<p>220 mg<\/p>\n<p>100 mg<\/td>\n<td>2000 mg<\/p>\n<p>&nbsp;<\/p>\n<p>660 mg<\/p>\n<p>440 mg<\/p>\n<p>200 mg<\/td>\n<\/tr>\n<tr>\n<td><strong>Vitamine E<\/strong><\/td>\n<td>12 mg (100%*)<\/td>\n<td>24 mg (200%*)<\/td>\n<\/tr>\n<\/tbody>\n<\/table>\n<p>*%VNR \u2013 Valeurs Nutritionnelles de R\u00e9f\u00e9rence<\/p>\n<p>Ce compl\u00e9ment est recommand\u00e9 pour adulte.<\/p>\n<p><strong>Conseils d&rsquo;utilisation<\/strong>: prendre 1-2 capsules par jour \u00e0 boire avec une grande quantit\u00e9 d&rsquo;eau.<\/p>\n<p>Ne pas d\u00e9passer la dose journali\u00e8re conseill\u00e9e. Les compl\u00e9ments alimentaires doivent \u00eatre utilis\u00e9s dans le cadre d&rsquo;un mode de vie sain et ne pas \u00eatre utilis\u00e9s comme substituts d\u2019un r\u00e9gime alimentaire vari\u00e9 et \u00e9quilibr\u00e9. Tenir hors de port\u00e9e des enfants.<\/p>\n<p><strong>OLIMP LABORATORIES Sp. z o. o.<\/strong><br \/>\nPustynia 84F, 39-200 D\u0119bica, Poland<br \/>\ne-mail: info@olimp-labs.com<br \/>\n+48 14 680 32 00<\/p>\n","protected":false},"excerpt":{"rendered":"<p><strong class=\"type\">Avantages produit:<\/strong><\/p>\n<div class=\"value\">\n<ul>\n<li>Doses concr\u00e8tes d&rsquo;acides gras om\u00e9ga-3, dont DHA et EPA<\/li>\n<li>Auxiliaire au bon fonctionnement du c\u0153ur, gr\u00e2ce \u00e0 EPA et DHA<\/li>\n<li>Protection du cerveau, gr\u00e2ce \u00e0 DHA<a href=\"https:\/\/olimpstore.fr\/olimp-gold-omega-3-sport-edition-120-gelules-178#_ftn1\" name=\"_ftnref1\"><\/a><\/li>\n<li>Persistance d\u2019une bonne vision, gr\u00e2ce \u00e0 DHA<a href=\"https:\/\/olimpstore.fr\/olimp-gold-omega-3-sport-edition-120-gelules-178#_ftn2\" name=\"_ftnref2\"><\/a><\/li>\n<li>Forme de g\u00e9lules commodes \u00e0 avaler<\/li>\n<\/ul>\n<\/div>\n","protected":false},"featured_media":6904,"comment_status":"open","ping_status":"closed","template":"","meta":[],"product_cat":[70],"product_tag":[],"class_list":{"0":"post-6903","1":"product","2":"type-product","3":"status-publish","4":"has-post-thumbnail","6":"product_brand-olimp","7":"product_cat-omega-3","9":"first","10":"instock","11":"shipping-taxable","12":"purchasable","13":"product-type-simple"},"yoast_head":"<!-- This site is optimized with the Yoast SEO plugin v25.2 - https:\/\/yoast.com\/wordpress\/plugins\/seo\/ -->\n<title>Olimp Gold Omega 3 Sport Edition - 120 G\u00e9lules - MR MASS<\/title>\n<meta name=\"description\" content=\"Avantages produit:Doses concr\u00e8tes d&#039;acides gras om\u00e9ga-3, dont DHA et EPAAuxiliaire au bon fonctionnement du c\u0153ur, gr\u00e2ce \u00e0 EPA et DHAProtection du cerveau, gr\u00e2ce \u00e0 DHAPersistance d\u2019une bonne vision, gr\u00e2ce \u00e0 DHAForme de g\u00e9lules commodes \u00e0 avaler\" \/>\n<meta name=\"robots\" content=\"index, follow, max-snippet:-1, max-image-preview:large, max-video-preview:-1\" \/>\n<link rel=\"canonical\" href=\"https:\/\/mr-mass.com\/?product=olimp-gold-omega-3-sport-edition-120-gelules\" \/>\n<meta property=\"og:locale\" content=\"fr_FR\" \/>\n<meta property=\"og:type\" content=\"article\" \/>\n<meta property=\"og:title\" content=\"Olimp Gold Omega 3 Sport Edition - 120 G\u00e9lules - MR MASS\" \/>\n<meta property=\"og:description\" content=\"Avantages produit:Doses concr\u00e8tes d&#039;acides gras om\u00e9ga-3, dont DHA et EPAAuxiliaire au bon fonctionnement du c\u0153ur, gr\u00e2ce \u00e0 EPA et DHAProtection du cerveau, gr\u00e2ce \u00e0 DHAPersistance d\u2019une bonne vision, gr\u00e2ce \u00e0 DHAForme de g\u00e9lules commodes \u00e0 avaler\" \/>\n<meta property=\"og:url\" content=\"https:\/\/mr-mass.com\/?product=olimp-gold-omega-3-sport-edition-120-gelules\" \/>\n<meta property=\"og:site_name\" content=\"MR MASS\" \/>\n<meta property=\"article:modified_time\" content=\"2025-07-16T17:52:07+00:00\" \/>\n<meta property=\"og:image\" content=\"https:\/\/mr-mass.com\/wp-content\/uploads\/2025\/07\/olimp_gold_omega3_sport_kartonik_120caps_en-de-fr-es-it-pl_0024__wersja_12__0001_jpg-e1752688098905.webp\" \/>\n\t<meta property=\"og:image:width\" content=\"500\" \/>\n\t<meta property=\"og:image:height\" content=\"500\" \/>\n\t<meta property=\"og:image:type\" content=\"image\/webp\" \/>\n<meta name=\"twitter:card\" content=\"summary_large_image\" \/>\n<meta name=\"twitter:label1\" content=\"Dur\u00e9e de lecture estim\u00e9e\" \/>\n\t<meta name=\"twitter:data1\" content=\"6 minutes\" \/>\n<script type=\"application\/ld+json\" class=\"yoast-schema-graph\">{\"@context\":\"https:\/\/schema.org\",\"@graph\":[{\"@type\":\"WebPage\",\"@id\":\"https:\/\/mr-mass.com\/?product=olimp-gold-omega-3-sport-edition-120-gelules\",\"url\":\"https:\/\/mr-mass.com\/?product=olimp-gold-omega-3-sport-edition-120-gelules\",\"name\":\"Olimp Gold Omega 3 Sport Edition - 120 G\u00e9lules - MR MASS\",\"isPartOf\":{\"@id\":\"https:\/\/mr-mass.com\/#website\"},\"primaryImageOfPage\":{\"@id\":\"https:\/\/mr-mass.com\/?product=olimp-gold-omega-3-sport-edition-120-gelules#primaryimage\"},\"image\":{\"@id\":\"https:\/\/mr-mass.com\/?product=olimp-gold-omega-3-sport-edition-120-gelules#primaryimage\"},\"thumbnailUrl\":\"https:\/\/mr-mass.com\/wp-content\/uploads\/2025\/07\/olimp_gold_omega3_sport_kartonik_120caps_en-de-fr-es-it-pl_0024__wersja_12__0001_jpg-e1752688098905.webp\",\"datePublished\":\"2025-07-16T17:51:11+00:00\",\"dateModified\":\"2025-07-16T17:52:07+00:00\",\"description\":\"Avantages produit:Doses concr\u00e8tes d'acides gras om\u00e9ga-3, dont DHA et EPAAuxiliaire au bon fonctionnement du c\u0153ur, gr\u00e2ce \u00e0 EPA et DHAProtection du cerveau, gr\u00e2ce \u00e0 DHAPersistance d\u2019une bonne vision, gr\u00e2ce \u00e0 DHAForme de g\u00e9lules commodes \u00e0 avaler\",\"breadcrumb\":{\"@id\":\"https:\/\/mr-mass.com\/?product=olimp-gold-omega-3-sport-edition-120-gelules#breadcrumb\"},\"inLanguage\":\"fr-FR\",\"potentialAction\":[{\"@type\":\"ReadAction\",\"target\":[\"https:\/\/mr-mass.com\/?product=olimp-gold-omega-3-sport-edition-120-gelules\"]}]},{\"@type\":\"ImageObject\",\"inLanguage\":\"fr-FR\",\"@id\":\"https:\/\/mr-mass.com\/?product=olimp-gold-omega-3-sport-edition-120-gelules#primaryimage\",\"url\":\"https:\/\/mr-mass.com\/wp-content\/uploads\/2025\/07\/olimp_gold_omega3_sport_kartonik_120caps_en-de-fr-es-it-pl_0024__wersja_12__0001_jpg-e1752688098905.webp\",\"contentUrl\":\"https:\/\/mr-mass.com\/wp-content\/uploads\/2025\/07\/olimp_gold_omega3_sport_kartonik_120caps_en-de-fr-es-it-pl_0024__wersja_12__0001_jpg-e1752688098905.webp\",\"width\":500,\"height\":500},{\"@type\":\"BreadcrumbList\",\"@id\":\"https:\/\/mr-mass.com\/?product=olimp-gold-omega-3-sport-edition-120-gelules#breadcrumb\",\"itemListElement\":[{\"@type\":\"ListItem\",\"position\":1,\"name\":\"Home\",\"item\":\"https:\/\/mr-mass.com\/\"},{\"@type\":\"ListItem\",\"position\":2,\"name\":\"Boutique\",\"item\":\"https:\/\/mr-mass.com\/?page_id=8\"},{\"@type\":\"ListItem\",\"position\":3,\"name\":\"Olimp Gold Omega 3 Sport Edition &#8211; 120 G\u00e9lules\"}]},{\"@type\":\"WebSite\",\"@id\":\"https:\/\/mr-mass.com\/#website\",\"url\":\"https:\/\/mr-mass.com\/\",\"name\":\"MR MASS\",\"description\":\"\",\"publisher\":{\"@id\":\"https:\/\/mr-mass.com\/#organization\"},\"potentialAction\":[{\"@type\":\"SearchAction\",\"target\":{\"@type\":\"EntryPoint\",\"urlTemplate\":\"https:\/\/mr-mass.com\/?s={search_term_string}\"},\"query-input\":{\"@type\":\"PropertyValueSpecification\",\"valueRequired\":true,\"valueName\":\"search_term_string\"}}],\"inLanguage\":\"fr-FR\"},{\"@type\":\"Organization\",\"@id\":\"https:\/\/mr-mass.com\/#organization\",\"name\":\"MR MASS\",\"url\":\"https:\/\/mr-mass.com\/\",\"logo\":{\"@type\":\"ImageObject\",\"inLanguage\":\"fr-FR\",\"@id\":\"https:\/\/mr-mass.com\/#\/schema\/logo\/image\/\",\"url\":\"https:\/\/mr-mass.com\/wp-content\/uploads\/2025\/06\/cropped-417524477_413976367821865_6357673664813295189_n-removebg-preview.png\",\"contentUrl\":\"https:\/\/mr-mass.com\/wp-content\/uploads\/2025\/06\/cropped-417524477_413976367821865_6357673664813295189_n-removebg-preview.png\",\"width\":500,\"height\":436,\"caption\":\"MR MASS\"},\"image\":{\"@id\":\"https:\/\/mr-mass.com\/#\/schema\/logo\/image\/\"}}]}<\/script>\n<!-- \/ Yoast SEO plugin. -->","yoast_head_json":{"title":"Olimp Gold Omega 3 Sport Edition - 120 G\u00e9lules - MR MASS","description":"Avantages produit:Doses concr\u00e8tes d'acides gras om\u00e9ga-3, dont DHA et EPAAuxiliaire au bon fonctionnement du c\u0153ur, gr\u00e2ce \u00e0 EPA et DHAProtection du cerveau, gr\u00e2ce \u00e0 DHAPersistance d\u2019une bonne vision, gr\u00e2ce \u00e0 DHAForme de g\u00e9lules commodes \u00e0 avaler","robots":{"index":"index","follow":"follow","max-snippet":"max-snippet:-1","max-image-preview":"max-image-preview:large","max-video-preview":"max-video-preview:-1"},"canonical":"https:\/\/mr-mass.com\/?product=olimp-gold-omega-3-sport-edition-120-gelules","og_locale":"fr_FR","og_type":"article","og_title":"Olimp Gold Omega 3 Sport Edition - 120 G\u00e9lules - MR MASS","og_description":"Avantages produit:Doses concr\u00e8tes d'acides gras om\u00e9ga-3, dont DHA et EPAAuxiliaire au bon fonctionnement du c\u0153ur, gr\u00e2ce \u00e0 EPA et DHAProtection du cerveau, gr\u00e2ce \u00e0 DHAPersistance d\u2019une bonne vision, gr\u00e2ce \u00e0 DHAForme de g\u00e9lules commodes \u00e0 avaler","og_url":"https:\/\/mr-mass.com\/?product=olimp-gold-omega-3-sport-edition-120-gelules","og_site_name":"MR MASS","article_modified_time":"2025-07-16T17:52:07+00:00","og_image":[{"width":500,"height":500,"url":"https:\/\/mr-mass.com\/wp-content\/uploads\/2025\/07\/olimp_gold_omega3_sport_kartonik_120caps_en-de-fr-es-it-pl_0024__wersja_12__0001_jpg-e1752688098905.webp","type":"image\/webp"}],"twitter_card":"summary_large_image","twitter_misc":{"Dur\u00e9e de lecture estim\u00e9e":"6 minutes"},"schema":{"@context":"https:\/\/schema.org","@graph":[{"@type":"WebPage","@id":"https:\/\/mr-mass.com\/?product=olimp-gold-omega-3-sport-edition-120-gelules","url":"https:\/\/mr-mass.com\/?product=olimp-gold-omega-3-sport-edition-120-gelules","name":"Olimp Gold Omega 3 Sport Edition - 120 G\u00e9lules - MR MASS","isPartOf":{"@id":"https:\/\/mr-mass.com\/#website"},"primaryImageOfPage":{"@id":"https:\/\/mr-mass.com\/?product=olimp-gold-omega-3-sport-edition-120-gelules#primaryimage"},"image":{"@id":"https:\/\/mr-mass.com\/?product=olimp-gold-omega-3-sport-edition-120-gelules#primaryimage"},"thumbnailUrl":"https:\/\/mr-mass.com\/wp-content\/uploads\/2025\/07\/olimp_gold_omega3_sport_kartonik_120caps_en-de-fr-es-it-pl_0024__wersja_12__0001_jpg-e1752688098905.webp","datePublished":"2025-07-16T17:51:11+00:00","dateModified":"2025-07-16T17:52:07+00:00","description":"Avantages produit:Doses concr\u00e8tes d'acides gras om\u00e9ga-3, dont DHA et EPAAuxiliaire au bon fonctionnement du c\u0153ur, gr\u00e2ce \u00e0 EPA et DHAProtection du cerveau, gr\u00e2ce \u00e0 DHAPersistance d\u2019une bonne vision, gr\u00e2ce \u00e0 DHAForme de g\u00e9lules commodes \u00e0 avaler","breadcrumb":{"@id":"https:\/\/mr-mass.com\/?product=olimp-gold-omega-3-sport-edition-120-gelules#breadcrumb"},"inLanguage":"fr-FR","potentialAction":[{"@type":"ReadAction","target":["https:\/\/mr-mass.com\/?product=olimp-gold-omega-3-sport-edition-120-gelules"]}]},{"@type":"ImageObject","inLanguage":"fr-FR","@id":"https:\/\/mr-mass.com\/?product=olimp-gold-omega-3-sport-edition-120-gelules#primaryimage","url":"https:\/\/mr-mass.com\/wp-content\/uploads\/2025\/07\/olimp_gold_omega3_sport_kartonik_120caps_en-de-fr-es-it-pl_0024__wersja_12__0001_jpg-e1752688098905.webp","contentUrl":"https:\/\/mr-mass.com\/wp-content\/uploads\/2025\/07\/olimp_gold_omega3_sport_kartonik_120caps_en-de-fr-es-it-pl_0024__wersja_12__0001_jpg-e1752688098905.webp","width":500,"height":500},{"@type":"BreadcrumbList","@id":"https:\/\/mr-mass.com\/?product=olimp-gold-omega-3-sport-edition-120-gelules#breadcrumb","itemListElement":[{"@type":"ListItem","position":1,"name":"Home","item":"https:\/\/mr-mass.com\/"},{"@type":"ListItem","position":2,"name":"Boutique","item":"https:\/\/mr-mass.com\/?page_id=8"},{"@type":"ListItem","position":3,"name":"Olimp Gold Omega 3 Sport Edition &#8211; 120 G\u00e9lules"}]},{"@type":"WebSite","@id":"https:\/\/mr-mass.com\/#website","url":"https:\/\/mr-mass.com\/","name":"MR MASS","description":"","publisher":{"@id":"https:\/\/mr-mass.com\/#organization"},"potentialAction":[{"@type":"SearchAction","target":{"@type":"EntryPoint","urlTemplate":"https:\/\/mr-mass.com\/?s={search_term_string}"},"query-input":{"@type":"PropertyValueSpecification","valueRequired":true,"valueName":"search_term_string"}}],"inLanguage":"fr-FR"},{"@type":"Organization","@id":"https:\/\/mr-mass.com\/#organization","name":"MR MASS","url":"https:\/\/mr-mass.com\/","logo":{"@type":"ImageObject","inLanguage":"fr-FR","@id":"https:\/\/mr-mass.com\/#\/schema\/logo\/image\/","url":"https:\/\/mr-mass.com\/wp-content\/uploads\/2025\/06\/cropped-417524477_413976367821865_6357673664813295189_n-removebg-preview.png","contentUrl":"https:\/\/mr-mass.com\/wp-content\/uploads\/2025\/06\/cropped-417524477_413976367821865_6357673664813295189_n-removebg-preview.png","width":500,"height":436,"caption":"MR MASS"},"image":{"@id":"https:\/\/mr-mass.com\/#\/schema\/logo\/image\/"}}]}},"jetpack_sharing_enabled":true,"_links":{"self":[{"href":"https:\/\/mr-mass.com\/index.php?rest_route=\/wp\/v2\/product\/6903","targetHints":{"allow":["GET"]}}],"collection":[{"href":"https:\/\/mr-mass.com\/index.php?rest_route=\/wp\/v2\/product"}],"about":[{"href":"https:\/\/mr-mass.com\/index.php?rest_route=\/wp\/v2\/types\/product"}],"replies":[{"embeddable":true,"href":"https:\/\/mr-mass.com\/index.php?rest_route=%2Fwp%2Fv2%2Fcomments&post=6903"}],"wp:featuredmedia":[{"embeddable":true,"href":"https:\/\/mr-mass.com\/index.php?rest_route=\/wp\/v2\/media\/6904"}],"wp:attachment":[{"href":"https:\/\/mr-mass.com\/index.php?rest_route=%2Fwp%2Fv2%2Fmedia&parent=6903"}],"wp:term":[{"taxonomy":"product_cat","embeddable":true,"href":"https:\/\/mr-mass.com\/index.php?rest_route=%2Fwp%2Fv2%2Fproduct_cat&post=6903"},{"taxonomy":"product_tag","embeddable":true,"href":"https:\/\/mr-mass.com\/index.php?rest_route=%2Fwp%2Fv2%2Fproduct_tag&post=6903"}],"curies":[{"name":"wp","href":"https:\/\/api.w.org\/{rel}","templated":true}]}}