{"id":6909,"date":"2025-07-17T13:33:03","date_gmt":"2025-07-17T11:33:03","guid":{"rendered":"https:\/\/mr-mass.com\/?post_type=product&#038;p=6909"},"modified":"2025-07-17T13:33:03","modified_gmt":"2025-07-17T11:33:03","slug":"olimp-maxmass-3xl-6000-g","status":"publish","type":"product","link":"https:\/\/mr-mass.com\/?product=olimp-maxmass-3xl-6000-g","title":{"rendered":"Olimp MaxMass 3XL &#8211; 6000 g"},"content":{"rendered":"<p><strong>Olimp MAXMASS 3XL.<\/strong>\u00a0Compl\u00e9ment alimentaire en poudre. Composition de glucides complexes et proteins. Une composition de toutes les fractions les plus importants de peptides de lactos\u00e9rum originant de trois formes: concentr\u00e9, isolat et hydrolysat. Le produit est compl\u00e9t\u00e9 avec monohydrate de cr\u00e9atine et avec taurine. Les glucides contribuent \u00e0 la r\u00e9cup\u00e9ration d&rsquo;une fonction musculaire normale (contraction) apr\u00e8s un effort physique tr\u00e8s intense et\/ ou prolong\u00e9 occasionnant une fatigue musculaire et une diminution des r\u00e9serves de glycog\u00e8ne dans les muscles squelettiques. B\u00e9n\u00e9fique est obtenu moyennant la consommation de glucides, toutes sources confondues, \u00e0 une dose totale de 4 g par kg de poids corporel, par prises fractionn\u00e9es d\u00e9butant dans les quatre premi\u00e8res heures suivant un effort physique tr\u00e8s intense et\/ ou prolong\u00e9 qui occasionne une fatigue musculaire et une diminution des r\u00e9serves de glycog\u00e8ne dans les muscles squelettiques, et pas plus tard que 6 heures apr\u00e8s cet effort. La prot\u00e9ine contribut au d\u00e9veloppement et au maintien de la masse musculaire. Le produit est destin\u00e9 aux adultes qui ont fourni un effort physique tr\u00e8s intense ou prolong\u00e9 occasionnant une fatigue musculaire et la diminution des r\u00e9serves de glycog\u00e8ne dans les muscles squelettiques.<\/p>\n<p><span id=\"result_box\" lang=\"fr\"><span class=\"hps\"><strong>Ingr\u00e9dients<\/strong>:<\/span>\u00a0<span class=\"hps\">maltodextrines<\/span>,\u00a0<span class=\"hps atn\">(<\/span>concentr\u00e9 de\u00a0<span class=\"hps\">prot\u00e9ine<\/span>\u00a0<span class=\"hps\">de petit-lait<\/span>\u00a0<span class=\"hps atn\">(<\/span>du lait),\u00a0<span class=\"hps\">isolat prot\u00e9ique de lactos\u00e9rum<\/span>\u00a0<span class=\"hps\">(du<\/span>\u00a0<span class=\"hps\">lait<\/span>), la prot\u00e9ine\u00a0<span class=\"hps\">de petit-lait<\/span>\u00a0<span class=\"hps\">hydrolysat<\/span>\u00a0<span class=\"hps atn\">(<\/span>du lait))\u00a0<span class=\"hps\">glucose<\/span>,\u00a0<span class=\"hps\">9<\/span>% de prot\u00e9ine-mix,\u00a0<span class=\"hps\">2,5%<\/span>\u00a0<span class=\"hps\">taurine,<\/span>\u00a0<span class=\"hps\">2,3<\/span>%\u00a0<span class=\"hps\">de monohydrate de cr\u00e9atine<\/span>,\u00a0<span class=\"hps\">&#8211;<\/span>\u00a0<span class=\"hps\">ar\u00f4mes<\/span>, \u00e9paississants\u00a0<span class=\"hps\">cellulosiques<\/span>,\u00a0<span class=\"hps\">gomme<\/span>\u00a0<span class=\"hps\">de xanthane<\/span>\u00a0<span class=\"hps\">sodium<\/span>\u00a0<span class=\"hps\">carboxym\u00e9thylcellulose<\/span>,\u00a0<span class=\"hps\">gomme<\/span><span class=\"hps\">d&rsquo;acacia<\/span>;\u00a0<span class=\"hps\">r\u00e9gulateurs d&rsquo;acidit\u00e9<\/span>\u00a0<span class=\"hps\">&#8211;<\/span>\u00a0<span class=\"hps\">acide<\/span>\u00a0<span class=\"hps\">citrique, acide malique<\/span>\u00a0<span class=\"hps\">(pour tous<\/span>: fraise\u00a0<span class=\"hps\">et de vanille<\/span>\u00a0<span class=\"hps\">comme<\/span>\u00a0<span class=\"hps\">saveurs<\/span>);<span class=\"hps\">\u00e9mulsifiant<\/span>\u00a0<span class=\"hps\">&#8211;<\/span>\u00a0<span class=\"hps\">l\u00e9cithine de soja<\/span>;\u00a0<span class=\"hps\">Couleurs:<\/span>\u00a0<span class=\"hps\">carmin<\/span>\u00a0<span class=\"hps atn\">(<\/span>pour tous:\u00a0<span class=\"hps\">fraise, cerise<\/span>, fraise<span class=\"atn\">&#8211;<\/span>kiwi et\u00a0<span class=\"hps\">banane<\/span>\u00a0<span class=\"hps\">cerise<\/span>\u00a0<span class=\"hps\">comme<\/span><span class=\"hps\">saveurs<\/span>),\u00a0<span class=\"hps\">E<\/span>\u00a0<span class=\"hps\">150c<\/span>\u00a0<span class=\"hps\">(pour tous<\/span>\u00a0<span class=\"hps\">les cookies<\/span>\u00a0<span class=\"hps\">cr\u00e8me,<\/span>\u00a0<span class=\"hps\">tiramisu<\/span>,<span class=\"hps\">caramel<\/span>,\u00a0<span class=\"hps\">chocolat,<\/span>\u00a0<span class=\"hps\">caf\u00e9 glac\u00e9<\/span>, caf\u00e9, cappuccino\u00a0<span class=\"hps\">et de noisette<\/span>\u00a0<span class=\"hps\">comme<\/span>\u00a0<span class=\"hps\">saveurs<\/span>), riboflavine,\u00a0<span class=\"hps\">133<\/span>\u00a0<span class=\"hps\">E<\/span>\u00a0<span class=\"hps\">(pour tous<\/span><span class=\"hps\">pistache<\/span>\u00a0<span class=\"hps\">comme<\/span>\u00a0<span class=\"hps\">saveurs<\/span>).<\/span><\/p>\n<div class=\"table-responsive\">\n<table class=\"table\">\n<tbody>\n<tr>\n<td class=\"td1\"><span class=\"b\">.Nutritionelles<br \/>\n<\/span><\/td>\n<td class=\"td1\"><span class=\"b\">Per portion (100 g)<br \/>\n<\/span><\/td>\n<td class=\"td1\"><span class=\"b\">Per 2 portions (200 g)<br \/>\n<\/span><\/td>\n<\/tr>\n<tr>\n<td class=\"td2\"><span class=\"b\">Energie<br \/>\n<\/span><\/td>\n<td class=\"td2\">1594 kJ \/ 379 kcal<\/td>\n<td class=\"td2\">3187 kJ \/ 759 kcal<\/td>\n<\/tr>\n<tr>\n<td class=\"td2\" valign=\"top\"><span class=\"b\">Graisses<\/p>\n<p><\/span><\/td>\n<td class=\"td2\" valign=\"top\">0,5 g<br \/>\n0,5 g<\/td>\n<td class=\"td2\" valign=\"top\">1 g<br \/>\n1 g<\/td>\n<\/tr>\n<tr>\n<td class=\"td2\" valign=\"top\"><span class=\"b\">Glucides<br \/>\n<\/span><\/td>\n<td class=\"td2\" valign=\"top\">85 g<br \/>\n49 g<\/td>\n<td class=\"td2\" valign=\"top\">170 g<br \/>\n98 g<\/td>\n<\/tr>\n<tr>\n<td class=\"td2\" valign=\"top\"><span class=\"b\">Fibre<br \/>\n<\/span><\/td>\n<td class=\"td2\" valign=\"top\">0 g<\/td>\n<td class=\"td2\" valign=\"top\">0 g<\/td>\n<\/tr>\n<tr>\n<td class=\"td2\" valign=\"top\"><span class=\"b\">Prot\u00e9ine<br \/>\n<\/span><\/td>\n<td class=\"td2\" valign=\"top\">12 g<\/td>\n<td class=\"td2\" valign=\"top\">24 g<\/td>\n<\/tr>\n<tr>\n<td class=\"td2\" valign=\"top\"><span class=\"b\">Sel<br \/>\n<\/span><\/td>\n<td class=\"td2\" valign=\"top\">0,25 g<\/td>\n<td class=\"td2\" valign=\"top\">0,5 g<\/td>\n<\/tr>\n<tr>\n<td class=\"td2\" valign=\"top\"><span class=\"b\">Creatine monohydrate<\/span><\/td>\n<td class=\"td2\" valign=\"top\">2270 mg<\/td>\n<td class=\"td2\" valign=\"top\">4540 mg<\/td>\n<\/tr>\n<tr>\n<td class=\"td2\" valign=\"top\"><span class=\"b\">Taurine<br \/>\n<\/span><\/td>\n<td class=\"td2\" valign=\"top\">2500 mg<\/td>\n<td class=\"td2\" valign=\"top\">5000 mg<\/td>\n<\/tr>\n<\/tbody>\n<\/table>\n<p><strong>Recommandation d\u2019utilisation:<\/strong>\u00a0Prendre 1 \u00e0 2 portions par jour entre les repas ou 1 heure avant ou apr\u00e8s l&rsquo;exercice. Ajouter 1 portion (100 g = 2 dosettes) \u00e0 150 ml d&rsquo;eau. Consommer directement apr\u00e8s pr\u00e9paration. Ne convient pas pour les enfants et les adolescents. Une augmentation du poids peut se produire. Ne convient pas pour les diab\u00e9tiques. Tenir hors de port\u00e9e des enfants. Une alimentation vari\u00e9e et \u00e9quilibr\u00e9e et un mode de vie sain sont recommand\u00e9s.<\/p>\n<p><strong>OLIMP LABORATORIES Sp. z o. o.<\/strong><br \/>\nPustynia 84F, 39-200 D\u0119bica, Poland<br \/>\ne-mail: info@olimp-labs.com<br \/>\n+48 14 680 32 00<\/p>\n<\/div>\n","protected":false},"excerpt":{"rendered":"<p><strong>Olimp MAXMASS 3XL.<\/strong>\u00a0Compl\u00e9ment alimentaire en poudre. Composition de glucides complexes et proteins. Une composition de toutes les fractions les plus importants de peptides de lactos\u00e9rum originant de trois formes: concentr\u00e9, isolat et hydrolysat. Le produit est compl\u00e9t\u00e9 avec monohydrate de cr\u00e9atine et avec taurine. Les glucides contribuent \u00e0 la r\u00e9cup\u00e9ration d&rsquo;une fonction musculaire normale (contraction) apr\u00e8s un effort physique tr\u00e8s intense et\/ ou prolong\u00e9 occasionnant une fatigue musculaire et une diminution des r\u00e9serves de glycog\u00e8ne dans les muscles squelettiques. B\u00e9n\u00e9fique est obtenu moyennant la consommation de glucides, toutes sources confondues, \u00e0 une dose totale de 4 g par kg de poids corporel, par prises fractionn\u00e9es d\u00e9butant dans les quatre premi\u00e8res heures suivant un effort physique tr\u00e8s intense et\/ ou prolong\u00e9 qui occasionne une fatigue musculaire et une diminution des r\u00e9serves de glycog\u00e8ne dans les muscles squelettiques, et pas plus tard que 6 heures apr\u00e8s cet effort. La prot\u00e9ine contribut au d\u00e9veloppement et au maintien de la masse musculaire. Le produit est destin\u00e9 aux adultes qui ont fourni un effort physique tr\u00e8s intense ou prolong\u00e9 occasionnant une fatigue musculaire et la diminution des r\u00e9serves de glycog\u00e8ne dans les muscles squelettiques.<\/p>\n","protected":false},"featured_media":6910,"comment_status":"open","ping_status":"closed","template":"","meta":[],"product_cat":[59],"product_tag":[],"class_list":{"0":"post-6909","1":"product","2":"type-product","3":"status-publish","4":"has-post-thumbnail","6":"product_brand-olimp","7":"product_cat-weight-gainers","9":"first","10":"instock","11":"shipping-taxable","12":"purchasable","13":"product-type-simple"},"yoast_head":"<!-- This site is optimized with the Yoast SEO plugin v25.2 - https:\/\/yoast.com\/wordpress\/plugins\/seo\/ -->\n<title>Olimp MaxMass 3XL - 6000 g - MR MASS<\/title>\n<meta name=\"description\" content=\"Olimp MAXMASS 3XL.\u00a0Compl\u00e9ment alimentaire en poudre. Composition de glucides complexes et proteins. Une composition de toutes les fractions les plus importants de peptides de lactos\u00e9rum originant de trois formes: concentr\u00e9, isolat et hydrolysat. Le produit est compl\u00e9t\u00e9 avec monohydrate de cr\u00e9atine et avec taurine. Les glucides contribuent \u00e0 la r\u00e9cup\u00e9ration d&#039;une fonction musculaire normale (contraction) apr\u00e8s un effort physique tr\u00e8s intense et\/ ou prolong\u00e9 occasionnant une fatigue musculaire et une diminution des r\u00e9serves de glycog\u00e8ne dans les muscles squelettiques. B\u00e9n\u00e9fique est obtenu moyennant la consommation de glucides, toutes sources confondues, \u00e0 une dose totale de 4 g par kg de poids corporel, par prises fractionn\u00e9es d\u00e9butant dans les quatre premi\u00e8res heures suivant un effort physique tr\u00e8s intense et\/ ou prolong\u00e9 qui occasionne une fatigue musculaire et une diminution des r\u00e9serves de glycog\u00e8ne dans les muscles squelettiques, et pas plus tard que 6 heures apr\u00e8s cet effort. La prot\u00e9ine contribut au d\u00e9veloppement et au maintien de la masse musculaire. Le produit est destin\u00e9 aux adultes qui ont fourni un effort physique tr\u00e8s intense ou prolong\u00e9 occasionnant une fatigue musculaire et la diminution des r\u00e9serves de glycog\u00e8ne dans les muscles squelettiques.\" \/>\n<meta name=\"robots\" content=\"index, follow, max-snippet:-1, max-image-preview:large, max-video-preview:-1\" \/>\n<link rel=\"canonical\" href=\"https:\/\/mr-mass.com\/?product=olimp-maxmass-3xl-6000-g\" \/>\n<meta property=\"og:locale\" content=\"fr_FR\" \/>\n<meta property=\"og:type\" content=\"article\" \/>\n<meta property=\"og:title\" content=\"Olimp MaxMass 3XL - 6000 g - MR MASS\" \/>\n<meta property=\"og:description\" content=\"Olimp MAXMASS 3XL.\u00a0Compl\u00e9ment alimentaire en poudre. Composition de glucides complexes et proteins. Une composition de toutes les fractions les plus importants de peptides de lactos\u00e9rum originant de trois formes: concentr\u00e9, isolat et hydrolysat. Le produit est compl\u00e9t\u00e9 avec monohydrate de cr\u00e9atine et avec taurine. Les glucides contribuent \u00e0 la r\u00e9cup\u00e9ration d&#039;une fonction musculaire normale (contraction) apr\u00e8s un effort physique tr\u00e8s intense et\/ ou prolong\u00e9 occasionnant une fatigue musculaire et une diminution des r\u00e9serves de glycog\u00e8ne dans les muscles squelettiques. B\u00e9n\u00e9fique est obtenu moyennant la consommation de glucides, toutes sources confondues, \u00e0 une dose totale de 4 g par kg de poids corporel, par prises fractionn\u00e9es d\u00e9butant dans les quatre premi\u00e8res heures suivant un effort physique tr\u00e8s intense et\/ ou prolong\u00e9 qui occasionne une fatigue musculaire et une diminution des r\u00e9serves de glycog\u00e8ne dans les muscles squelettiques, et pas plus tard que 6 heures apr\u00e8s cet effort. La prot\u00e9ine contribut au d\u00e9veloppement et au maintien de la masse musculaire. Le produit est destin\u00e9 aux adultes qui ont fourni un effort physique tr\u00e8s intense ou prolong\u00e9 occasionnant une fatigue musculaire et la diminution des r\u00e9serves de glycog\u00e8ne dans les muscles squelettiques.\" \/>\n<meta property=\"og:url\" content=\"https:\/\/mr-mass.com\/?product=olimp-maxmass-3xl-6000-g\" \/>\n<meta property=\"og:site_name\" content=\"MR MASS\" \/>\n<meta property=\"og:image\" content=\"https:\/\/mr-mass.com\/wp-content\/uploads\/2025\/07\/olimp_maxmass_3xl_6000g_0006_0002_jpg-e1752751749522.webp\" \/>\n\t<meta property=\"og:image:width\" content=\"500\" \/>\n\t<meta property=\"og:image:height\" content=\"500\" \/>\n\t<meta property=\"og:image:type\" content=\"image\/webp\" \/>\n<meta name=\"twitter:card\" content=\"summary_large_image\" \/>\n<meta name=\"twitter:label1\" content=\"Dur\u00e9e de lecture estim\u00e9e\" \/>\n\t<meta name=\"twitter:data1\" content=\"3 minutes\" \/>\n<script type=\"application\/ld+json\" class=\"yoast-schema-graph\">{\"@context\":\"https:\/\/schema.org\",\"@graph\":[{\"@type\":\"WebPage\",\"@id\":\"https:\/\/mr-mass.com\/?product=olimp-maxmass-3xl-6000-g\",\"url\":\"https:\/\/mr-mass.com\/?product=olimp-maxmass-3xl-6000-g\",\"name\":\"Olimp MaxMass 3XL - 6000 g - MR MASS\",\"isPartOf\":{\"@id\":\"https:\/\/mr-mass.com\/#website\"},\"primaryImageOfPage\":{\"@id\":\"https:\/\/mr-mass.com\/?product=olimp-maxmass-3xl-6000-g#primaryimage\"},\"image\":{\"@id\":\"https:\/\/mr-mass.com\/?product=olimp-maxmass-3xl-6000-g#primaryimage\"},\"thumbnailUrl\":\"https:\/\/mr-mass.com\/wp-content\/uploads\/2025\/07\/olimp_maxmass_3xl_6000g_0006_0002_jpg-e1752751749522.webp\",\"datePublished\":\"2025-07-17T11:33:03+00:00\",\"description\":\"Olimp MAXMASS 3XL.\u00a0Compl\u00e9ment alimentaire en poudre. Composition de glucides complexes et proteins. Une composition de toutes les fractions les plus importants de peptides de lactos\u00e9rum originant de trois formes: concentr\u00e9, isolat et hydrolysat. Le produit est compl\u00e9t\u00e9 avec monohydrate de cr\u00e9atine et avec taurine. Les glucides contribuent \u00e0 la r\u00e9cup\u00e9ration d'une fonction musculaire normale (contraction) apr\u00e8s un effort physique tr\u00e8s intense et\/ ou prolong\u00e9 occasionnant une fatigue musculaire et une diminution des r\u00e9serves de glycog\u00e8ne dans les muscles squelettiques. B\u00e9n\u00e9fique est obtenu moyennant la consommation de glucides, toutes sources confondues, \u00e0 une dose totale de 4 g par kg de poids corporel, par prises fractionn\u00e9es d\u00e9butant dans les quatre premi\u00e8res heures suivant un effort physique tr\u00e8s intense et\/ ou prolong\u00e9 qui occasionne une fatigue musculaire et une diminution des r\u00e9serves de glycog\u00e8ne dans les muscles squelettiques, et pas plus tard que 6 heures apr\u00e8s cet effort. La prot\u00e9ine contribut au d\u00e9veloppement et au maintien de la masse musculaire. Le produit est destin\u00e9 aux adultes qui ont fourni un effort physique tr\u00e8s intense ou prolong\u00e9 occasionnant une fatigue musculaire et la diminution des r\u00e9serves de glycog\u00e8ne dans les muscles squelettiques.\",\"breadcrumb\":{\"@id\":\"https:\/\/mr-mass.com\/?product=olimp-maxmass-3xl-6000-g#breadcrumb\"},\"inLanguage\":\"fr-FR\",\"potentialAction\":[{\"@type\":\"ReadAction\",\"target\":[\"https:\/\/mr-mass.com\/?product=olimp-maxmass-3xl-6000-g\"]}]},{\"@type\":\"ImageObject\",\"inLanguage\":\"fr-FR\",\"@id\":\"https:\/\/mr-mass.com\/?product=olimp-maxmass-3xl-6000-g#primaryimage\",\"url\":\"https:\/\/mr-mass.com\/wp-content\/uploads\/2025\/07\/olimp_maxmass_3xl_6000g_0006_0002_jpg-e1752751749522.webp\",\"contentUrl\":\"https:\/\/mr-mass.com\/wp-content\/uploads\/2025\/07\/olimp_maxmass_3xl_6000g_0006_0002_jpg-e1752751749522.webp\",\"width\":500,\"height\":500},{\"@type\":\"BreadcrumbList\",\"@id\":\"https:\/\/mr-mass.com\/?product=olimp-maxmass-3xl-6000-g#breadcrumb\",\"itemListElement\":[{\"@type\":\"ListItem\",\"position\":1,\"name\":\"Home\",\"item\":\"https:\/\/mr-mass.com\/\"},{\"@type\":\"ListItem\",\"position\":2,\"name\":\"Boutique\",\"item\":\"https:\/\/mr-mass.com\/?page_id=8\"},{\"@type\":\"ListItem\",\"position\":3,\"name\":\"Olimp MaxMass 3XL &#8211; 6000 g\"}]},{\"@type\":\"WebSite\",\"@id\":\"https:\/\/mr-mass.com\/#website\",\"url\":\"https:\/\/mr-mass.com\/\",\"name\":\"MR MASS\",\"description\":\"\",\"publisher\":{\"@id\":\"https:\/\/mr-mass.com\/#organization\"},\"potentialAction\":[{\"@type\":\"SearchAction\",\"target\":{\"@type\":\"EntryPoint\",\"urlTemplate\":\"https:\/\/mr-mass.com\/?s={search_term_string}\"},\"query-input\":{\"@type\":\"PropertyValueSpecification\",\"valueRequired\":true,\"valueName\":\"search_term_string\"}}],\"inLanguage\":\"fr-FR\"},{\"@type\":\"Organization\",\"@id\":\"https:\/\/mr-mass.com\/#organization\",\"name\":\"MR MASS\",\"url\":\"https:\/\/mr-mass.com\/\",\"logo\":{\"@type\":\"ImageObject\",\"inLanguage\":\"fr-FR\",\"@id\":\"https:\/\/mr-mass.com\/#\/schema\/logo\/image\/\",\"url\":\"https:\/\/mr-mass.com\/wp-content\/uploads\/2025\/06\/cropped-417524477_413976367821865_6357673664813295189_n-removebg-preview.png\",\"contentUrl\":\"https:\/\/mr-mass.com\/wp-content\/uploads\/2025\/06\/cropped-417524477_413976367821865_6357673664813295189_n-removebg-preview.png\",\"width\":500,\"height\":436,\"caption\":\"MR MASS\"},\"image\":{\"@id\":\"https:\/\/mr-mass.com\/#\/schema\/logo\/image\/\"}}]}<\/script>\n<!-- \/ Yoast SEO plugin. -->","yoast_head_json":{"title":"Olimp MaxMass 3XL - 6000 g - MR MASS","description":"Olimp MAXMASS 3XL.\u00a0Compl\u00e9ment alimentaire en poudre. Composition de glucides complexes et proteins. Une composition de toutes les fractions les plus importants de peptides de lactos\u00e9rum originant de trois formes: concentr\u00e9, isolat et hydrolysat. Le produit est compl\u00e9t\u00e9 avec monohydrate de cr\u00e9atine et avec taurine. Les glucides contribuent \u00e0 la r\u00e9cup\u00e9ration d'une fonction musculaire normale (contraction) apr\u00e8s un effort physique tr\u00e8s intense et\/ ou prolong\u00e9 occasionnant une fatigue musculaire et une diminution des r\u00e9serves de glycog\u00e8ne dans les muscles squelettiques. B\u00e9n\u00e9fique est obtenu moyennant la consommation de glucides, toutes sources confondues, \u00e0 une dose totale de 4 g par kg de poids corporel, par prises fractionn\u00e9es d\u00e9butant dans les quatre premi\u00e8res heures suivant un effort physique tr\u00e8s intense et\/ ou prolong\u00e9 qui occasionne une fatigue musculaire et une diminution des r\u00e9serves de glycog\u00e8ne dans les muscles squelettiques, et pas plus tard que 6 heures apr\u00e8s cet effort. La prot\u00e9ine contribut au d\u00e9veloppement et au maintien de la masse musculaire. Le produit est destin\u00e9 aux adultes qui ont fourni un effort physique tr\u00e8s intense ou prolong\u00e9 occasionnant une fatigue musculaire et la diminution des r\u00e9serves de glycog\u00e8ne dans les muscles squelettiques.","robots":{"index":"index","follow":"follow","max-snippet":"max-snippet:-1","max-image-preview":"max-image-preview:large","max-video-preview":"max-video-preview:-1"},"canonical":"https:\/\/mr-mass.com\/?product=olimp-maxmass-3xl-6000-g","og_locale":"fr_FR","og_type":"article","og_title":"Olimp MaxMass 3XL - 6000 g - MR MASS","og_description":"Olimp MAXMASS 3XL.\u00a0Compl\u00e9ment alimentaire en poudre. Composition de glucides complexes et proteins. Une composition de toutes les fractions les plus importants de peptides de lactos\u00e9rum originant de trois formes: concentr\u00e9, isolat et hydrolysat. Le produit est compl\u00e9t\u00e9 avec monohydrate de cr\u00e9atine et avec taurine. Les glucides contribuent \u00e0 la r\u00e9cup\u00e9ration d'une fonction musculaire normale (contraction) apr\u00e8s un effort physique tr\u00e8s intense et\/ ou prolong\u00e9 occasionnant une fatigue musculaire et une diminution des r\u00e9serves de glycog\u00e8ne dans les muscles squelettiques. B\u00e9n\u00e9fique est obtenu moyennant la consommation de glucides, toutes sources confondues, \u00e0 une dose totale de 4 g par kg de poids corporel, par prises fractionn\u00e9es d\u00e9butant dans les quatre premi\u00e8res heures suivant un effort physique tr\u00e8s intense et\/ ou prolong\u00e9 qui occasionne une fatigue musculaire et une diminution des r\u00e9serves de glycog\u00e8ne dans les muscles squelettiques, et pas plus tard que 6 heures apr\u00e8s cet effort. La prot\u00e9ine contribut au d\u00e9veloppement et au maintien de la masse musculaire. Le produit est destin\u00e9 aux adultes qui ont fourni un effort physique tr\u00e8s intense ou prolong\u00e9 occasionnant une fatigue musculaire et la diminution des r\u00e9serves de glycog\u00e8ne dans les muscles squelettiques.","og_url":"https:\/\/mr-mass.com\/?product=olimp-maxmass-3xl-6000-g","og_site_name":"MR MASS","og_image":[{"width":500,"height":500,"url":"https:\/\/mr-mass.com\/wp-content\/uploads\/2025\/07\/olimp_maxmass_3xl_6000g_0006_0002_jpg-e1752751749522.webp","type":"image\/webp"}],"twitter_card":"summary_large_image","twitter_misc":{"Dur\u00e9e de lecture estim\u00e9e":"3 minutes"},"schema":{"@context":"https:\/\/schema.org","@graph":[{"@type":"WebPage","@id":"https:\/\/mr-mass.com\/?product=olimp-maxmass-3xl-6000-g","url":"https:\/\/mr-mass.com\/?product=olimp-maxmass-3xl-6000-g","name":"Olimp MaxMass 3XL - 6000 g - MR MASS","isPartOf":{"@id":"https:\/\/mr-mass.com\/#website"},"primaryImageOfPage":{"@id":"https:\/\/mr-mass.com\/?product=olimp-maxmass-3xl-6000-g#primaryimage"},"image":{"@id":"https:\/\/mr-mass.com\/?product=olimp-maxmass-3xl-6000-g#primaryimage"},"thumbnailUrl":"https:\/\/mr-mass.com\/wp-content\/uploads\/2025\/07\/olimp_maxmass_3xl_6000g_0006_0002_jpg-e1752751749522.webp","datePublished":"2025-07-17T11:33:03+00:00","description":"Olimp MAXMASS 3XL.\u00a0Compl\u00e9ment alimentaire en poudre. Composition de glucides complexes et proteins. Une composition de toutes les fractions les plus importants de peptides de lactos\u00e9rum originant de trois formes: concentr\u00e9, isolat et hydrolysat. Le produit est compl\u00e9t\u00e9 avec monohydrate de cr\u00e9atine et avec taurine. Les glucides contribuent \u00e0 la r\u00e9cup\u00e9ration d'une fonction musculaire normale (contraction) apr\u00e8s un effort physique tr\u00e8s intense et\/ ou prolong\u00e9 occasionnant une fatigue musculaire et une diminution des r\u00e9serves de glycog\u00e8ne dans les muscles squelettiques. B\u00e9n\u00e9fique est obtenu moyennant la consommation de glucides, toutes sources confondues, \u00e0 une dose totale de 4 g par kg de poids corporel, par prises fractionn\u00e9es d\u00e9butant dans les quatre premi\u00e8res heures suivant un effort physique tr\u00e8s intense et\/ ou prolong\u00e9 qui occasionne une fatigue musculaire et une diminution des r\u00e9serves de glycog\u00e8ne dans les muscles squelettiques, et pas plus tard que 6 heures apr\u00e8s cet effort. La prot\u00e9ine contribut au d\u00e9veloppement et au maintien de la masse musculaire. Le produit est destin\u00e9 aux adultes qui ont fourni un effort physique tr\u00e8s intense ou prolong\u00e9 occasionnant une fatigue musculaire et la diminution des r\u00e9serves de glycog\u00e8ne dans les muscles squelettiques.","breadcrumb":{"@id":"https:\/\/mr-mass.com\/?product=olimp-maxmass-3xl-6000-g#breadcrumb"},"inLanguage":"fr-FR","potentialAction":[{"@type":"ReadAction","target":["https:\/\/mr-mass.com\/?product=olimp-maxmass-3xl-6000-g"]}]},{"@type":"ImageObject","inLanguage":"fr-FR","@id":"https:\/\/mr-mass.com\/?product=olimp-maxmass-3xl-6000-g#primaryimage","url":"https:\/\/mr-mass.com\/wp-content\/uploads\/2025\/07\/olimp_maxmass_3xl_6000g_0006_0002_jpg-e1752751749522.webp","contentUrl":"https:\/\/mr-mass.com\/wp-content\/uploads\/2025\/07\/olimp_maxmass_3xl_6000g_0006_0002_jpg-e1752751749522.webp","width":500,"height":500},{"@type":"BreadcrumbList","@id":"https:\/\/mr-mass.com\/?product=olimp-maxmass-3xl-6000-g#breadcrumb","itemListElement":[{"@type":"ListItem","position":1,"name":"Home","item":"https:\/\/mr-mass.com\/"},{"@type":"ListItem","position":2,"name":"Boutique","item":"https:\/\/mr-mass.com\/?page_id=8"},{"@type":"ListItem","position":3,"name":"Olimp MaxMass 3XL &#8211; 6000 g"}]},{"@type":"WebSite","@id":"https:\/\/mr-mass.com\/#website","url":"https:\/\/mr-mass.com\/","name":"MR MASS","description":"","publisher":{"@id":"https:\/\/mr-mass.com\/#organization"},"potentialAction":[{"@type":"SearchAction","target":{"@type":"EntryPoint","urlTemplate":"https:\/\/mr-mass.com\/?s={search_term_string}"},"query-input":{"@type":"PropertyValueSpecification","valueRequired":true,"valueName":"search_term_string"}}],"inLanguage":"fr-FR"},{"@type":"Organization","@id":"https:\/\/mr-mass.com\/#organization","name":"MR MASS","url":"https:\/\/mr-mass.com\/","logo":{"@type":"ImageObject","inLanguage":"fr-FR","@id":"https:\/\/mr-mass.com\/#\/schema\/logo\/image\/","url":"https:\/\/mr-mass.com\/wp-content\/uploads\/2025\/06\/cropped-417524477_413976367821865_6357673664813295189_n-removebg-preview.png","contentUrl":"https:\/\/mr-mass.com\/wp-content\/uploads\/2025\/06\/cropped-417524477_413976367821865_6357673664813295189_n-removebg-preview.png","width":500,"height":436,"caption":"MR MASS"},"image":{"@id":"https:\/\/mr-mass.com\/#\/schema\/logo\/image\/"}}]}},"jetpack_sharing_enabled":true,"_links":{"self":[{"href":"https:\/\/mr-mass.com\/index.php?rest_route=\/wp\/v2\/product\/6909","targetHints":{"allow":["GET"]}}],"collection":[{"href":"https:\/\/mr-mass.com\/index.php?rest_route=\/wp\/v2\/product"}],"about":[{"href":"https:\/\/mr-mass.com\/index.php?rest_route=\/wp\/v2\/types\/product"}],"replies":[{"embeddable":true,"href":"https:\/\/mr-mass.com\/index.php?rest_route=%2Fwp%2Fv2%2Fcomments&post=6909"}],"wp:featuredmedia":[{"embeddable":true,"href":"https:\/\/mr-mass.com\/index.php?rest_route=\/wp\/v2\/media\/6910"}],"wp:attachment":[{"href":"https:\/\/mr-mass.com\/index.php?rest_route=%2Fwp%2Fv2%2Fmedia&parent=6909"}],"wp:term":[{"taxonomy":"product_cat","embeddable":true,"href":"https:\/\/mr-mass.com\/index.php?rest_route=%2Fwp%2Fv2%2Fproduct_cat&post=6909"},{"taxonomy":"product_tag","embeddable":true,"href":"https:\/\/mr-mass.com\/index.php?rest_route=%2Fwp%2Fv2%2Fproduct_tag&post=6909"}],"curies":[{"name":"wp","href":"https:\/\/api.w.org\/{rel}","templated":true}]}}