{"id":6913,"date":"2025-07-17T14:15:45","date_gmt":"2025-07-17T12:15:45","guid":{"rendered":"https:\/\/mr-mass.com\/?post_type=product&#038;p=6913"},"modified":"2025-07-17T14:15:45","modified_gmt":"2025-07-17T12:15:45","slug":"l-carnitine-3000-extreme-shot-orange","status":"publish","type":"product","link":"https:\/\/mr-mass.com\/?product=l-carnitine-3000-extreme-shot-orange","title":{"rendered":"L-Carnitine 3000 Extreme Shot ORANGE"},"content":{"rendered":"<h2><strong>Olimp L-Carnitine 3000 Extreme Shot \u2013 c\u2019est quoi ?<\/strong><\/h2>\n<p>Les sp\u00e9cialistes de l&rsquo;entreprise pharmaceutique\u00a0<strong>Olimp Laboratories\u00a0<\/strong>ont une solution. Leurs connaissances approfondies et les nombreuses ann\u00e9es d&rsquo;exp\u00e9rience dans la cr\u00e9ation de compl\u00e9ments alimentaires,\u00a0 ont permis l\u2019\u00e9laboration, dans les laboratoires avant-gardiste de Olimp, d\u2019un produit contribuant au remodelage de la silhouette. La marque\u00a0<strong>Olimp Sport Nutrition<\/strong>\u00a0pr\u00e9sente\u00a0<strong>Olimp<\/strong>\u00a0<strong>L-Carnitine 3000 Extreme Shot\u00a0<\/strong>! Chaque ampoule, r\u00e9duite \u00a0et pratique, contient une dose concr\u00e8te de L-carnitine \u2013 3000mg \u2013 \u00a0\u00e9l\u00e9ment cl\u00e9 de la phase finale de d\u00e9composition du tissu adipeux, ayant un effet b\u00e9n\u00e9fique sur le syst\u00e8me cardiovasculaire<sup>1<\/sup>.<\/p>\n<p>La forme liquide du suppl\u00e9ment et l\u2019utilisation de la formule innovante\u00a0<strong>Liquid Technology<\/strong>\u00a0garantissent l&rsquo;excellente assimilabilit\u00e9 des principes actifs. En outre, la qualit\u00e9 suivie et les param\u00e8tres de la mati\u00e8re premi\u00e8re utilis\u00e9e dans la fabrication, les tests de pr\u00e9sence de m\u00e9taux lourds sur les diff\u00e9rents composants, rendent l&rsquo;utilisation du compl\u00e9ment alimentaire\u00a0<strong>Olimp<\/strong>\u00a0<strong>L-Carnitine 3000 Extreme Shot<\/strong>\u00a0de\u00a0<strong>Olimp Sport Nutrition<\/strong>\u00a0s\u00fbre.<\/p>\n<h2><strong>Composition et propri\u00e9t\u00e9s de Olimp L-Carnitine 3000 Extreme Shot<\/strong><\/h2>\n<p>La composition\u00a0<strong>Olimp<\/strong>\u00a0<strong>L-Carnitine 3000 Extreme Shot<\/strong>\u00a0se base sur deux ingr\u00e9dients actifs &#8211; la L-carnitine et la vitamine B<sub>6<\/sub>. La premi\u00e8re est souvent utilis\u00e9e dans les br\u00fbleurs de graisse. Il a \u00e9t\u00e9 scientifiquement prouv\u00e9 que la L-carnitine am\u00e9liore le transport des acides gras libres vers les centres \u00e9nerg\u00e9tiques des cellules (mitochondries) o\u00f9 se produit leur combustion<sup>2<\/sup>. Le processus d&rsquo;oxydation g\u00e9n\u00e8re de l&rsquo;\u00e9nergie additionnelle, laquelle servira les personnes pratiquant un entra\u00eenement visant un modelage encore plus efficace de la silhouette.<\/p>\n<p>La pr\u00e9sence de vitamines B<sub>6<\/sub>\u00a0dans le suppl\u00e9ment alimentaire<strong>\u00a0Olimp L-Carnitine 3000 Extreme Shot\u00a0<\/strong>n&rsquo;est pas sans importance. La substance appel\u00e9e pyridoxine exerce un effet positif sur le fonctionnement du syst\u00e8me nerveux. En outre, elle contribue \u00e0 r\u00e9duire la fatigue et l\u2019\u00e9puisement, et favorise le maintien d&rsquo;un m\u00e9tabolisme \u00e9nerg\u00e9tique, des prot\u00e9ines et du glycog\u00e8ne ad\u00e9quat.<\/p>\n<h2><strong>Avantages d\u2019utilisation de Olimp L-Carnitine 3000 Extreme Shot<\/strong><\/h2>\n<p>La<strong>\u00a0Olimp L-Carnitine 3000 Extreme Shot<\/strong>\u00a0est souvent utilis\u00e9 par des personnes actives et soucieuses de d\u00e9velopper une silhouette fine, gr\u00e2ce \u00e0 l\u2019activit\u00e9 physique et une alimentation \u00e9quilibr\u00e9e.<\/p>\n<p>Les ingr\u00e9dients soigneusement s\u00e9lectionn\u00e9s et les doses optimales ne sont pas les seuls avantages de ce produit de la marque\u00a0<strong>Olimp Sport Nutrition<\/strong>. La suppl\u00e9mentation est facilit\u00e9e par la forme liquide. Cela permet une parfaite assimilation des principes actifs qui int\u00e8grent presque imm\u00e9diatement la circulation sanguine. L&rsquo;avantage r\u00e9side \u00e9galement dans la petite taille de l\u2019ampoule, laquelle trouvera naturellement sa place dans une poche ou un sac d&rsquo;entra\u00eenement, pour un usage au moment opportun.<\/p>\n<p>Que peut-on attendre du compl\u00e9ment alimentaire\u00a0<strong>Olimp<\/strong>\u00a0<strong>L-Carnitine 3000 Extreme Shot<\/strong><strong>\u00a0<\/strong>?<\/p>\n<ul>\n<li>Suppl\u00e9mentation facile et rapide avec de la L-carnitine<\/li>\n<li>R\u00e9duction de la fatigue, gr\u00e2ce \u00e0 la vitamine B<sub>6<\/sub><\/li>\n<li>Effet b\u00e9n\u00e9fique sur le m\u00e9tabolisme \u00e9nerg\u00e9tique, gr\u00e2ce \u00e0 la vitamine B6.<\/li>\n<\/ul>\n<h2><strong>Comment utiliser Olimp L-Carnitine 3000 Extreme Shot?<\/strong><\/h2>\n<p>Le suppl\u00e9ment alimentaire\u00a0<strong>Olimp<\/strong>\u00a0<strong>L-Carnitine 3000 Extreme Shot<\/strong>\u00a0est destin\u00e9 aux personnes qui souhaitent r\u00e9duire leur tissu graisseux. Il est \u00e9galement recommand\u00e9, pour compl\u00e9ter leur alimentation avec de la L-carnitine, aux personnes qui travaillent intellectuellement, font de l&rsquo;exercice en amateur ou en professionnel.<\/p>\n<p>Chaque ampoule (25 ml) \u00e9quivaut \u00e0 deux portions quotidiennes. 1 portion, soit une demie (\u00bd) ampoule doit \u00eatre prise de pr\u00e9f\u00e9rence environ 30 min. avant un repas et une autre portion, environ 30 min. avant une s\u00e9ance d&rsquo;entra\u00eenement, en agitant vigoureusement l&rsquo;ampoule au pr\u00e9alable.<\/p>\n<p>Choisissant la suppl\u00e9mentation avec le produit\u00a0<strong>Olimp Sport Nutrition,<\/strong>\u00a0il faut noter un apport en L-carnitine \u00e0 votre r\u00e9gime. Il ne doit donc pas \u00eatre consid\u00e9r\u00e9 comme un substitut \u00e0 une alimentation \u00e9quilibr\u00e9e, mais uniquement comme son compl\u00e9ment.<\/p>\n<p><strong><em>Olimp L-Carnitine 3000 Extreme Shot \u2013 Que d\u2019avantages dans une petite ampoule !<\/em><\/strong><\/p>\n<p><strong>Ingr\u00e9dients<\/strong>: eau, L-carnitine, correcteur d&rsquo;acidit\u00e9: acide citrique; chlorhydrate de pyridoxine \u2013 vit. B6, \u00e9dulcorants: sucralose, ac\u00e9sulfame-K; conservateur: E 200; ar\u00f4mes, colorant: carmins.<\/p>\n<div class=\"table-responsive\">\n<table class=\"table\">\n<tbody>\n<tr>\n<td class=\"td1\"><strong>Nutrition information<\/strong><\/td>\n<td class=\"td1\"><strong><span class=\"b\">1\/2\u00a0<\/span><span class=\"b\">ampoule\u00a0<\/span><span class=\"b\">(12,5ml)<\/span><\/strong><\/td>\n<td class=\"td1\"><strong><span class=\"b\">1\u00a0<\/span><span class=\"b\">ampoule\u00a0<\/span><span class=\"b\">(25ml)<\/span><\/strong><\/td>\n<\/tr>\n<tr>\n<td class=\"td2\"><span class=\"b\">L-carnitine<\/span><\/td>\n<td class=\"td2\">1500 mg<\/td>\n<td class=\"td2\">3000 mg<\/td>\n<\/tr>\n<tr>\n<td class=\"td2\"><span class=\"b\">Vit. B6<\/span><\/td>\n<td class=\"td2\">1,4 mg (100%*)<\/td>\n<td class=\"td2\">2,8 mg (200%*)<\/td>\n<\/tr>\n<\/tbody>\n<\/table>\n<\/div>\n<p>*NRV &#8211;\u00a0nutrient reference value<\/p>\n<p>Ce produit est recommand\u00e9 pour les personnes souhaitant compl\u00e9ter leur\u00a0alimentation avec du L-carnitine.<\/p>\n<p><strong>Conseils d\u2019utilisation:<\/strong>\u00a0boire 1 portion (12,5 ml = \u00bd ampoule) une fois par jour environ 30 minutes\u00a0avant le repas ou l\u2019effort physique.<br \/>\nUne fois ouvert, conserver au r\u00e9frig\u00e9rateur et consommer dans les 48 heures. Tenir \u00e0 l\u2019abri de la\u00a0lumi\u00e8re du soleil. Agiter avant l&rsquo;utilisation.<\/p>\n<p>Ne pas d\u00e9passer la dose journali\u00e8re conseill\u00e9e. Les compl\u00e9ments alimentaires doivent \u00eatre\u00a0utilis\u00e9s dans le cadre d\u2019un mode de vie sain et ne pas \u00eatre utilis\u00e9s comme substituts d\u2019un r\u00e9gime alimentaire vari\u00e9 et \u00e9quilibr\u00e9.<\/p>\n<p><strong>Attention<\/strong>: non recommand\u00e9 pour les enfants, les femmes enceintes et allaitantes.<\/p>\n<p>Tenir hors de port\u00e9e des enfants.\u00a0Non\u00a0ouvert, \u00e0 conserver dans un endroit frais et sec.<\/p>\n<p><strong>OLIMP LABORATORIES Sp. z o. o.<\/strong><br \/>\nPustynia 84F, 39-200 D\u0119bica, Poland<br \/>\ne-mail: info@olimp-labs.com<br \/>\n+48 14 680 32 00<\/p>\n","protected":false},"excerpt":{"rendered":"<p><strong class=\"type\">Avantages produit:<\/strong><\/p>\n<div class=\"value\">\n<ul>\n<li>Facilite la suppl\u00e9mentation en L-carnitine<\/li>\n<li>Jusqu&rsquo;\u00e0 3 g de L-carnitine dans une ampoule<\/li>\n<li>Forme liquide parfaitement assimilable<\/li>\n<li>Petite ampoule facile \u00e0 utiliser<\/li>\n<\/ul>\n<\/div>\n","protected":false},"featured_media":6914,"comment_status":"open","ping_status":"closed","template":"","meta":[],"product_cat":[38,60],"product_tag":[],"class_list":{"0":"post-6913","1":"product","2":"type-product","3":"status-publish","4":"has-post-thumbnail","6":"product_brand-olimp","7":"product_cat-endurance-energy","8":"product_cat-fat-burner","10":"first","11":"instock","12":"shipping-taxable","13":"purchasable","14":"product-type-simple"},"yoast_head":"<!-- This site is optimized with the Yoast SEO plugin v25.2 - https:\/\/yoast.com\/wordpress\/plugins\/seo\/ -->\n<title>L-Carnitine 3000 Extreme Shot ORANGE - MR MASS<\/title>\n<meta name=\"description\" content=\"Avantages produit:Facilite la suppl\u00e9mentation en L-carnitineJusqu&#039;\u00e0 3 g de L-carnitine dans une ampouleForme liquide parfaitement assimilablePetite ampoule facile \u00e0 utiliser\" \/>\n<meta name=\"robots\" content=\"index, follow, max-snippet:-1, max-image-preview:large, max-video-preview:-1\" \/>\n<link rel=\"canonical\" href=\"https:\/\/mr-mass.com\/?product=l-carnitine-3000-extreme-shot-orange\" \/>\n<meta property=\"og:locale\" content=\"fr_FR\" \/>\n<meta property=\"og:type\" content=\"article\" \/>\n<meta property=\"og:title\" content=\"L-Carnitine 3000 Extreme Shot ORANGE - MR MASS\" \/>\n<meta property=\"og:description\" content=\"Avantages produit:Facilite la suppl\u00e9mentation en L-carnitineJusqu&#039;\u00e0 3 g de L-carnitine dans une ampouleForme liquide parfaitement assimilablePetite ampoule facile \u00e0 utiliser\" \/>\n<meta property=\"og:url\" content=\"https:\/\/mr-mass.com\/?product=l-carnitine-3000-extreme-shot-orange\" \/>\n<meta property=\"og:site_name\" content=\"MR MASS\" \/>\n<meta property=\"og:image\" content=\"https:\/\/mr-mass.com\/wp-content\/uploads\/2025\/07\/L-Carnitine-3000-Extreme-Shot-ORANGE-MR-MASS.jpg\" \/>\n\t<meta property=\"og:image:width\" content=\"425\" \/>\n\t<meta property=\"og:image:height\" content=\"581\" \/>\n\t<meta property=\"og:image:type\" content=\"image\/jpeg\" \/>\n<meta name=\"twitter:card\" content=\"summary_large_image\" \/>\n<meta name=\"twitter:label1\" content=\"Dur\u00e9e de lecture estim\u00e9e\" \/>\n\t<meta name=\"twitter:data1\" content=\"5 minutes\" \/>\n<script type=\"application\/ld+json\" class=\"yoast-schema-graph\">{\"@context\":\"https:\/\/schema.org\",\"@graph\":[{\"@type\":\"WebPage\",\"@id\":\"https:\/\/mr-mass.com\/?product=l-carnitine-3000-extreme-shot-orange\",\"url\":\"https:\/\/mr-mass.com\/?product=l-carnitine-3000-extreme-shot-orange\",\"name\":\"L-Carnitine 3000 Extreme Shot ORANGE - MR MASS\",\"isPartOf\":{\"@id\":\"https:\/\/mr-mass.com\/#website\"},\"primaryImageOfPage\":{\"@id\":\"https:\/\/mr-mass.com\/?product=l-carnitine-3000-extreme-shot-orange#primaryimage\"},\"image\":{\"@id\":\"https:\/\/mr-mass.com\/?product=l-carnitine-3000-extreme-shot-orange#primaryimage\"},\"thumbnailUrl\":\"https:\/\/mr-mass.com\/wp-content\/uploads\/2025\/07\/L-Carnitine-3000-Extreme-Shot-ORANGE-MR-MASS.jpg\",\"datePublished\":\"2025-07-17T12:15:45+00:00\",\"description\":\"Avantages produit:Facilite la suppl\u00e9mentation en L-carnitineJusqu'\u00e0 3 g de L-carnitine dans une ampouleForme liquide parfaitement assimilablePetite ampoule facile \u00e0 utiliser\",\"breadcrumb\":{\"@id\":\"https:\/\/mr-mass.com\/?product=l-carnitine-3000-extreme-shot-orange#breadcrumb\"},\"inLanguage\":\"fr-FR\",\"potentialAction\":[{\"@type\":\"ReadAction\",\"target\":[\"https:\/\/mr-mass.com\/?product=l-carnitine-3000-extreme-shot-orange\"]}]},{\"@type\":\"ImageObject\",\"inLanguage\":\"fr-FR\",\"@id\":\"https:\/\/mr-mass.com\/?product=l-carnitine-3000-extreme-shot-orange#primaryimage\",\"url\":\"https:\/\/mr-mass.com\/wp-content\/uploads\/2025\/07\/L-Carnitine-3000-Extreme-Shot-ORANGE-MR-MASS.jpg\",\"contentUrl\":\"https:\/\/mr-mass.com\/wp-content\/uploads\/2025\/07\/L-Carnitine-3000-Extreme-Shot-ORANGE-MR-MASS.jpg\",\"width\":425,\"height\":581},{\"@type\":\"BreadcrumbList\",\"@id\":\"https:\/\/mr-mass.com\/?product=l-carnitine-3000-extreme-shot-orange#breadcrumb\",\"itemListElement\":[{\"@type\":\"ListItem\",\"position\":1,\"name\":\"Home\",\"item\":\"https:\/\/mr-mass.com\/\"},{\"@type\":\"ListItem\",\"position\":2,\"name\":\"Boutique\",\"item\":\"https:\/\/mr-mass.com\/?page_id=8\"},{\"@type\":\"ListItem\",\"position\":3,\"name\":\"L-Carnitine 3000 Extreme Shot ORANGE\"}]},{\"@type\":\"WebSite\",\"@id\":\"https:\/\/mr-mass.com\/#website\",\"url\":\"https:\/\/mr-mass.com\/\",\"name\":\"MR MASS\",\"description\":\"\",\"publisher\":{\"@id\":\"https:\/\/mr-mass.com\/#organization\"},\"potentialAction\":[{\"@type\":\"SearchAction\",\"target\":{\"@type\":\"EntryPoint\",\"urlTemplate\":\"https:\/\/mr-mass.com\/?s={search_term_string}\"},\"query-input\":{\"@type\":\"PropertyValueSpecification\",\"valueRequired\":true,\"valueName\":\"search_term_string\"}}],\"inLanguage\":\"fr-FR\"},{\"@type\":\"Organization\",\"@id\":\"https:\/\/mr-mass.com\/#organization\",\"name\":\"MR MASS\",\"url\":\"https:\/\/mr-mass.com\/\",\"logo\":{\"@type\":\"ImageObject\",\"inLanguage\":\"fr-FR\",\"@id\":\"https:\/\/mr-mass.com\/#\/schema\/logo\/image\/\",\"url\":\"https:\/\/mr-mass.com\/wp-content\/uploads\/2025\/06\/cropped-417524477_413976367821865_6357673664813295189_n-removebg-preview.png\",\"contentUrl\":\"https:\/\/mr-mass.com\/wp-content\/uploads\/2025\/06\/cropped-417524477_413976367821865_6357673664813295189_n-removebg-preview.png\",\"width\":500,\"height\":436,\"caption\":\"MR MASS\"},\"image\":{\"@id\":\"https:\/\/mr-mass.com\/#\/schema\/logo\/image\/\"}}]}<\/script>\n<!-- \/ Yoast SEO plugin. -->","yoast_head_json":{"title":"L-Carnitine 3000 Extreme Shot ORANGE - MR MASS","description":"Avantages produit:Facilite la suppl\u00e9mentation en L-carnitineJusqu'\u00e0 3 g de L-carnitine dans une ampouleForme liquide parfaitement assimilablePetite ampoule facile \u00e0 utiliser","robots":{"index":"index","follow":"follow","max-snippet":"max-snippet:-1","max-image-preview":"max-image-preview:large","max-video-preview":"max-video-preview:-1"},"canonical":"https:\/\/mr-mass.com\/?product=l-carnitine-3000-extreme-shot-orange","og_locale":"fr_FR","og_type":"article","og_title":"L-Carnitine 3000 Extreme Shot ORANGE - MR MASS","og_description":"Avantages produit:Facilite la suppl\u00e9mentation en L-carnitineJusqu'\u00e0 3 g de L-carnitine dans une ampouleForme liquide parfaitement assimilablePetite ampoule facile \u00e0 utiliser","og_url":"https:\/\/mr-mass.com\/?product=l-carnitine-3000-extreme-shot-orange","og_site_name":"MR MASS","og_image":[{"width":425,"height":581,"url":"https:\/\/mr-mass.com\/wp-content\/uploads\/2025\/07\/L-Carnitine-3000-Extreme-Shot-ORANGE-MR-MASS.jpg","type":"image\/jpeg"}],"twitter_card":"summary_large_image","twitter_misc":{"Dur\u00e9e de lecture estim\u00e9e":"5 minutes"},"schema":{"@context":"https:\/\/schema.org","@graph":[{"@type":"WebPage","@id":"https:\/\/mr-mass.com\/?product=l-carnitine-3000-extreme-shot-orange","url":"https:\/\/mr-mass.com\/?product=l-carnitine-3000-extreme-shot-orange","name":"L-Carnitine 3000 Extreme Shot ORANGE - MR MASS","isPartOf":{"@id":"https:\/\/mr-mass.com\/#website"},"primaryImageOfPage":{"@id":"https:\/\/mr-mass.com\/?product=l-carnitine-3000-extreme-shot-orange#primaryimage"},"image":{"@id":"https:\/\/mr-mass.com\/?product=l-carnitine-3000-extreme-shot-orange#primaryimage"},"thumbnailUrl":"https:\/\/mr-mass.com\/wp-content\/uploads\/2025\/07\/L-Carnitine-3000-Extreme-Shot-ORANGE-MR-MASS.jpg","datePublished":"2025-07-17T12:15:45+00:00","description":"Avantages produit:Facilite la suppl\u00e9mentation en L-carnitineJusqu'\u00e0 3 g de L-carnitine dans une ampouleForme liquide parfaitement assimilablePetite ampoule facile \u00e0 utiliser","breadcrumb":{"@id":"https:\/\/mr-mass.com\/?product=l-carnitine-3000-extreme-shot-orange#breadcrumb"},"inLanguage":"fr-FR","potentialAction":[{"@type":"ReadAction","target":["https:\/\/mr-mass.com\/?product=l-carnitine-3000-extreme-shot-orange"]}]},{"@type":"ImageObject","inLanguage":"fr-FR","@id":"https:\/\/mr-mass.com\/?product=l-carnitine-3000-extreme-shot-orange#primaryimage","url":"https:\/\/mr-mass.com\/wp-content\/uploads\/2025\/07\/L-Carnitine-3000-Extreme-Shot-ORANGE-MR-MASS.jpg","contentUrl":"https:\/\/mr-mass.com\/wp-content\/uploads\/2025\/07\/L-Carnitine-3000-Extreme-Shot-ORANGE-MR-MASS.jpg","width":425,"height":581},{"@type":"BreadcrumbList","@id":"https:\/\/mr-mass.com\/?product=l-carnitine-3000-extreme-shot-orange#breadcrumb","itemListElement":[{"@type":"ListItem","position":1,"name":"Home","item":"https:\/\/mr-mass.com\/"},{"@type":"ListItem","position":2,"name":"Boutique","item":"https:\/\/mr-mass.com\/?page_id=8"},{"@type":"ListItem","position":3,"name":"L-Carnitine 3000 Extreme Shot ORANGE"}]},{"@type":"WebSite","@id":"https:\/\/mr-mass.com\/#website","url":"https:\/\/mr-mass.com\/","name":"MR MASS","description":"","publisher":{"@id":"https:\/\/mr-mass.com\/#organization"},"potentialAction":[{"@type":"SearchAction","target":{"@type":"EntryPoint","urlTemplate":"https:\/\/mr-mass.com\/?s={search_term_string}"},"query-input":{"@type":"PropertyValueSpecification","valueRequired":true,"valueName":"search_term_string"}}],"inLanguage":"fr-FR"},{"@type":"Organization","@id":"https:\/\/mr-mass.com\/#organization","name":"MR MASS","url":"https:\/\/mr-mass.com\/","logo":{"@type":"ImageObject","inLanguage":"fr-FR","@id":"https:\/\/mr-mass.com\/#\/schema\/logo\/image\/","url":"https:\/\/mr-mass.com\/wp-content\/uploads\/2025\/06\/cropped-417524477_413976367821865_6357673664813295189_n-removebg-preview.png","contentUrl":"https:\/\/mr-mass.com\/wp-content\/uploads\/2025\/06\/cropped-417524477_413976367821865_6357673664813295189_n-removebg-preview.png","width":500,"height":436,"caption":"MR MASS"},"image":{"@id":"https:\/\/mr-mass.com\/#\/schema\/logo\/image\/"}}]}},"jetpack_sharing_enabled":true,"_links":{"self":[{"href":"https:\/\/mr-mass.com\/index.php?rest_route=\/wp\/v2\/product\/6913","targetHints":{"allow":["GET"]}}],"collection":[{"href":"https:\/\/mr-mass.com\/index.php?rest_route=\/wp\/v2\/product"}],"about":[{"href":"https:\/\/mr-mass.com\/index.php?rest_route=\/wp\/v2\/types\/product"}],"replies":[{"embeddable":true,"href":"https:\/\/mr-mass.com\/index.php?rest_route=%2Fwp%2Fv2%2Fcomments&post=6913"}],"wp:featuredmedia":[{"embeddable":true,"href":"https:\/\/mr-mass.com\/index.php?rest_route=\/wp\/v2\/media\/6914"}],"wp:attachment":[{"href":"https:\/\/mr-mass.com\/index.php?rest_route=%2Fwp%2Fv2%2Fmedia&parent=6913"}],"wp:term":[{"taxonomy":"product_cat","embeddable":true,"href":"https:\/\/mr-mass.com\/index.php?rest_route=%2Fwp%2Fv2%2Fproduct_cat&post=6913"},{"taxonomy":"product_tag","embeddable":true,"href":"https:\/\/mr-mass.com\/index.php?rest_route=%2Fwp%2Fv2%2Fproduct_tag&post=6913"}],"curies":[{"name":"wp","href":"https:\/\/api.w.org\/{rel}","templated":true}]}}