{"id":6938,"date":"2025-07-19T19:47:31","date_gmt":"2025-07-19T17:47:31","guid":{"rendered":"https:\/\/mr-mass.com\/?post_type=product&#038;p=6938"},"modified":"2026-03-04T14:31:18","modified_gmt":"2026-03-04T13:31:18","slug":"anabolic-whey-80-proactive-2-25kg","status":"publish","type":"product","link":"https:\/\/mr-mass.com\/?product=anabolic-whey-80-proactive-2-25kg","title":{"rendered":"Anabolic Whey 80 &#8211; ProActive | 2.25Kg"},"content":{"rendered":"<h2>\u2705 Points forts du produit :<\/h2>\n<ol>\n<li>25 g de prot\u00e9ines compl\u00e8tes par dose<\/li>\n<li>5 g de cr\u00e9atine monohydrate pour la force et le volume<\/li>\n<li>Prot\u00e9ines de lactos\u00e9rum, soja, lait, bl\u00e9 hydrolys\u00e9<\/li>\n<li>Profil d\u2019acides amin\u00e9s vari\u00e9 pour optimiser la r\u00e9cup\u00e9ration<\/li>\n<li>Enrichi en vitamines C, E, B1, B2, B3, B5, B6, B12, acide folique, biotine<\/li>\n<li>Min\u00e9raux essentiels : calcium, magn\u00e9sium, potassium<\/li>\n<li>Soutien \u00e9nerg\u00e9tique, r\u00e9duction de la fatigue et syst\u00e8me immunitaire renforc\u00e9<\/li>\n<\/ol>\n<h3>\ud83e\udd44 Conseils d\u2019utilisation :<\/h3>\n<p>M\u00e9langer 30 g de poudre avec 250 ml d\u2019eau fra\u00eeche. Prendre 1 \u00e0 3 portions par jour selon vos besoins, id\u00e9alement :<\/p>\n<ol>\n<li>Au r\u00e9veil<\/li>\n<li>Apr\u00e8s l\u2019entra\u00eenement<\/li>\n<li>En collation entre les repas<\/li>\n<\/ol>\n<h4>Ingr\u00e9dients :<\/h4>\n<p>M\u00e9lange de prot\u00e9ines (concentr\u00e9 de prot\u00e9ine de lactos\u00e9rum [lait], hydrolysat de prot\u00e9ine de bl\u00e9, isolat de prot\u00e9ine de soja, prot\u00e9ine de lait), cr\u00e9atine monohydrate, cacao maigre, ar\u00f4me cookies, acide citrique, vitamine C, vitamines B1 \u00e0 B12, vitamine E, acide folique, biotine, l\u00e9cithine de soja, \u00e9dulcorants : ac\u00e9sulfame-K, sucralose, caramel.<\/p>\n","protected":false},"excerpt":{"rendered":"<h2>Anabolic Whey 80 de ProActive \u2013 Prot\u00e9ines enrichies en cr\u00e9atine<\/h2>\n<p><strong>Anabolic Whey 80 de ProActive<\/strong>\u00a0est une formule avanc\u00e9e con\u00e7ue pour les sportifs les plus exigeants. Gr\u00e2ce \u00e0 un m\u00e9lange multi-sources de prot\u00e9ines et\u00a0<strong>5 g de cr\u00e9atine par portion<\/strong>, ce compl\u00e9ment offre un soutien id\u00e9al pour la croissance musculaire, la r\u00e9cup\u00e9ration et la performance. Une combinaison intelligente entre prot\u00e9ines, cr\u00e9atine, vitamines et min\u00e9raux pour maximiser vos r\u00e9sultats.<\/p>\n","protected":false},"featured_media":6939,"comment_status":"open","ping_status":"closed","template":"","meta":[],"product_cat":[50],"product_tag":[],"class_list":{"0":"post-6938","1":"product","2":"type-product","3":"status-publish","4":"has-post-thumbnail","6":"product_brand-proactive","7":"product_cat-protein","9":"first","10":"instock","11":"shipping-taxable","12":"purchasable","13":"product-type-simple"},"yoast_head":"<!-- This site is optimized with the Yoast SEO plugin v25.2 - https:\/\/yoast.com\/wordpress\/plugins\/seo\/ -->\n<title>Anabolic Whey 80 - ProActive | 2.25Kg - MR MASS<\/title>\n<meta name=\"description\" content=\"Anabolic Whey 80 de ProActive \u2013 Prot\u00e9ines enrichies en cr\u00e9atineAnabolic Whey 80 de ProActive est une formule avanc\u00e9e con\u00e7ue pour les sportifs les plus exigeants. Gr\u00e2ce \u00e0 un m\u00e9lange multi-sources de prot\u00e9ines et 5 g de cr\u00e9atine par portion, ce compl\u00e9ment offre un soutien id\u00e9al pour la croissance musculaire, la r\u00e9cup\u00e9ration et la performance. Une combinaison intelligente entre prot\u00e9ines, cr\u00e9atine, vitamines et min\u00e9raux pour maximiser vos r\u00e9sultats.\" \/>\n<meta name=\"robots\" content=\"index, follow, max-snippet:-1, max-image-preview:large, max-video-preview:-1\" \/>\n<link rel=\"canonical\" href=\"https:\/\/mr-mass.com\/?product=anabolic-whey-80-proactive-2-25kg\" \/>\n<meta property=\"og:locale\" content=\"fr_FR\" \/>\n<meta property=\"og:type\" content=\"article\" \/>\n<meta property=\"og:title\" content=\"Anabolic Whey 80 - ProActive | 2.25Kg - MR MASS\" \/>\n<meta property=\"og:description\" content=\"Anabolic Whey 80 de ProActive \u2013 Prot\u00e9ines enrichies en cr\u00e9atineAnabolic Whey 80 de ProActive est une formule avanc\u00e9e con\u00e7ue pour les sportifs les plus exigeants. Gr\u00e2ce \u00e0 un m\u00e9lange multi-sources de prot\u00e9ines et 5 g de cr\u00e9atine par portion, ce compl\u00e9ment offre un soutien id\u00e9al pour la croissance musculaire, la r\u00e9cup\u00e9ration et la performance. Une combinaison intelligente entre prot\u00e9ines, cr\u00e9atine, vitamines et min\u00e9raux pour maximiser vos r\u00e9sultats.\" \/>\n<meta property=\"og:url\" content=\"https:\/\/mr-mass.com\/?product=anabolic-whey-80-proactive-2-25kg\" \/>\n<meta property=\"og:site_name\" content=\"MR MASS\" \/>\n<meta property=\"article:modified_time\" content=\"2026-03-04T13:31:18+00:00\" \/>\n<meta property=\"og:image\" content=\"https:\/\/mr-mass.com\/wp-content\/uploads\/2025\/07\/anabolic-whey-80-proactive-225kg-e1752947139439.jpg\" \/>\n\t<meta property=\"og:image:width\" content=\"500\" \/>\n\t<meta property=\"og:image:height\" content=\"600\" \/>\n\t<meta property=\"og:image:type\" content=\"image\/jpeg\" \/>\n<meta name=\"twitter:card\" content=\"summary_large_image\" \/>\n<meta name=\"twitter:label1\" content=\"Dur\u00e9e de lecture estim\u00e9e\" \/>\n\t<meta name=\"twitter:data1\" content=\"1 minute\" \/>\n<script type=\"application\/ld+json\" class=\"yoast-schema-graph\">{\"@context\":\"https:\/\/schema.org\",\"@graph\":[{\"@type\":\"WebPage\",\"@id\":\"https:\/\/mr-mass.com\/?product=anabolic-whey-80-proactive-2-25kg\",\"url\":\"https:\/\/mr-mass.com\/?product=anabolic-whey-80-proactive-2-25kg\",\"name\":\"Anabolic Whey 80 - ProActive | 2.25Kg - MR MASS\",\"isPartOf\":{\"@id\":\"https:\/\/mr-mass.com\/#website\"},\"primaryImageOfPage\":{\"@id\":\"https:\/\/mr-mass.com\/?product=anabolic-whey-80-proactive-2-25kg#primaryimage\"},\"image\":{\"@id\":\"https:\/\/mr-mass.com\/?product=anabolic-whey-80-proactive-2-25kg#primaryimage\"},\"thumbnailUrl\":\"https:\/\/mr-mass.com\/wp-content\/uploads\/2025\/07\/anabolic-whey-80-proactive-225kg-e1752947139439.jpg\",\"datePublished\":\"2025-07-19T17:47:31+00:00\",\"dateModified\":\"2026-03-04T13:31:18+00:00\",\"description\":\"Anabolic Whey 80 de ProActive \u2013 Prot\u00e9ines enrichies en cr\u00e9atineAnabolic Whey 80 de ProActive est une formule avanc\u00e9e con\u00e7ue pour les sportifs les plus exigeants. Gr\u00e2ce \u00e0 un m\u00e9lange multi-sources de prot\u00e9ines et 5 g de cr\u00e9atine par portion, ce compl\u00e9ment offre un soutien id\u00e9al pour la croissance musculaire, la r\u00e9cup\u00e9ration et la performance. Une combinaison intelligente entre prot\u00e9ines, cr\u00e9atine, vitamines et min\u00e9raux pour maximiser vos r\u00e9sultats.\",\"breadcrumb\":{\"@id\":\"https:\/\/mr-mass.com\/?product=anabolic-whey-80-proactive-2-25kg#breadcrumb\"},\"inLanguage\":\"fr-FR\",\"potentialAction\":[{\"@type\":\"ReadAction\",\"target\":[\"https:\/\/mr-mass.com\/?product=anabolic-whey-80-proactive-2-25kg\"]}]},{\"@type\":\"ImageObject\",\"inLanguage\":\"fr-FR\",\"@id\":\"https:\/\/mr-mass.com\/?product=anabolic-whey-80-proactive-2-25kg#primaryimage\",\"url\":\"https:\/\/mr-mass.com\/wp-content\/uploads\/2025\/07\/anabolic-whey-80-proactive-225kg-e1752947139439.jpg\",\"contentUrl\":\"https:\/\/mr-mass.com\/wp-content\/uploads\/2025\/07\/anabolic-whey-80-proactive-225kg-e1752947139439.jpg\",\"width\":500,\"height\":600},{\"@type\":\"BreadcrumbList\",\"@id\":\"https:\/\/mr-mass.com\/?product=anabolic-whey-80-proactive-2-25kg#breadcrumb\",\"itemListElement\":[{\"@type\":\"ListItem\",\"position\":1,\"name\":\"Home\",\"item\":\"https:\/\/mr-mass.com\/\"},{\"@type\":\"ListItem\",\"position\":2,\"name\":\"Boutique\",\"item\":\"https:\/\/mr-mass.com\/?page_id=8\"},{\"@type\":\"ListItem\",\"position\":3,\"name\":\"Anabolic Whey 80 &#8211; ProActive | 2.25Kg\"}]},{\"@type\":\"WebSite\",\"@id\":\"https:\/\/mr-mass.com\/#website\",\"url\":\"https:\/\/mr-mass.com\/\",\"name\":\"MR MASS\",\"description\":\"\",\"publisher\":{\"@id\":\"https:\/\/mr-mass.com\/#organization\"},\"potentialAction\":[{\"@type\":\"SearchAction\",\"target\":{\"@type\":\"EntryPoint\",\"urlTemplate\":\"https:\/\/mr-mass.com\/?s={search_term_string}\"},\"query-input\":{\"@type\":\"PropertyValueSpecification\",\"valueRequired\":true,\"valueName\":\"search_term_string\"}}],\"inLanguage\":\"fr-FR\"},{\"@type\":\"Organization\",\"@id\":\"https:\/\/mr-mass.com\/#organization\",\"name\":\"MR MASS\",\"url\":\"https:\/\/mr-mass.com\/\",\"logo\":{\"@type\":\"ImageObject\",\"inLanguage\":\"fr-FR\",\"@id\":\"https:\/\/mr-mass.com\/#\/schema\/logo\/image\/\",\"url\":\"https:\/\/mr-mass.com\/wp-content\/uploads\/2025\/06\/cropped-417524477_413976367821865_6357673664813295189_n-removebg-preview.png\",\"contentUrl\":\"https:\/\/mr-mass.com\/wp-content\/uploads\/2025\/06\/cropped-417524477_413976367821865_6357673664813295189_n-removebg-preview.png\",\"width\":500,\"height\":436,\"caption\":\"MR MASS\"},\"image\":{\"@id\":\"https:\/\/mr-mass.com\/#\/schema\/logo\/image\/\"}}]}<\/script>\n<!-- \/ Yoast SEO plugin. -->","yoast_head_json":{"title":"Anabolic Whey 80 - ProActive | 2.25Kg - MR MASS","description":"Anabolic Whey 80 de ProActive \u2013 Prot\u00e9ines enrichies en cr\u00e9atineAnabolic Whey 80 de ProActive est une formule avanc\u00e9e con\u00e7ue pour les sportifs les plus exigeants. Gr\u00e2ce \u00e0 un m\u00e9lange multi-sources de prot\u00e9ines et 5 g de cr\u00e9atine par portion, ce compl\u00e9ment offre un soutien id\u00e9al pour la croissance musculaire, la r\u00e9cup\u00e9ration et la performance. Une combinaison intelligente entre prot\u00e9ines, cr\u00e9atine, vitamines et min\u00e9raux pour maximiser vos r\u00e9sultats.","robots":{"index":"index","follow":"follow","max-snippet":"max-snippet:-1","max-image-preview":"max-image-preview:large","max-video-preview":"max-video-preview:-1"},"canonical":"https:\/\/mr-mass.com\/?product=anabolic-whey-80-proactive-2-25kg","og_locale":"fr_FR","og_type":"article","og_title":"Anabolic Whey 80 - ProActive | 2.25Kg - MR MASS","og_description":"Anabolic Whey 80 de ProActive \u2013 Prot\u00e9ines enrichies en cr\u00e9atineAnabolic Whey 80 de ProActive est une formule avanc\u00e9e con\u00e7ue pour les sportifs les plus exigeants. Gr\u00e2ce \u00e0 un m\u00e9lange multi-sources de prot\u00e9ines et 5 g de cr\u00e9atine par portion, ce compl\u00e9ment offre un soutien id\u00e9al pour la croissance musculaire, la r\u00e9cup\u00e9ration et la performance. Une combinaison intelligente entre prot\u00e9ines, cr\u00e9atine, vitamines et min\u00e9raux pour maximiser vos r\u00e9sultats.","og_url":"https:\/\/mr-mass.com\/?product=anabolic-whey-80-proactive-2-25kg","og_site_name":"MR MASS","article_modified_time":"2026-03-04T13:31:18+00:00","og_image":[{"width":500,"height":600,"url":"https:\/\/mr-mass.com\/wp-content\/uploads\/2025\/07\/anabolic-whey-80-proactive-225kg-e1752947139439.jpg","type":"image\/jpeg"}],"twitter_card":"summary_large_image","twitter_misc":{"Dur\u00e9e de lecture estim\u00e9e":"1 minute"},"schema":{"@context":"https:\/\/schema.org","@graph":[{"@type":"WebPage","@id":"https:\/\/mr-mass.com\/?product=anabolic-whey-80-proactive-2-25kg","url":"https:\/\/mr-mass.com\/?product=anabolic-whey-80-proactive-2-25kg","name":"Anabolic Whey 80 - ProActive | 2.25Kg - MR MASS","isPartOf":{"@id":"https:\/\/mr-mass.com\/#website"},"primaryImageOfPage":{"@id":"https:\/\/mr-mass.com\/?product=anabolic-whey-80-proactive-2-25kg#primaryimage"},"image":{"@id":"https:\/\/mr-mass.com\/?product=anabolic-whey-80-proactive-2-25kg#primaryimage"},"thumbnailUrl":"https:\/\/mr-mass.com\/wp-content\/uploads\/2025\/07\/anabolic-whey-80-proactive-225kg-e1752947139439.jpg","datePublished":"2025-07-19T17:47:31+00:00","dateModified":"2026-03-04T13:31:18+00:00","description":"Anabolic Whey 80 de ProActive \u2013 Prot\u00e9ines enrichies en cr\u00e9atineAnabolic Whey 80 de ProActive est une formule avanc\u00e9e con\u00e7ue pour les sportifs les plus exigeants. Gr\u00e2ce \u00e0 un m\u00e9lange multi-sources de prot\u00e9ines et 5 g de cr\u00e9atine par portion, ce compl\u00e9ment offre un soutien id\u00e9al pour la croissance musculaire, la r\u00e9cup\u00e9ration et la performance. Une combinaison intelligente entre prot\u00e9ines, cr\u00e9atine, vitamines et min\u00e9raux pour maximiser vos r\u00e9sultats.","breadcrumb":{"@id":"https:\/\/mr-mass.com\/?product=anabolic-whey-80-proactive-2-25kg#breadcrumb"},"inLanguage":"fr-FR","potentialAction":[{"@type":"ReadAction","target":["https:\/\/mr-mass.com\/?product=anabolic-whey-80-proactive-2-25kg"]}]},{"@type":"ImageObject","inLanguage":"fr-FR","@id":"https:\/\/mr-mass.com\/?product=anabolic-whey-80-proactive-2-25kg#primaryimage","url":"https:\/\/mr-mass.com\/wp-content\/uploads\/2025\/07\/anabolic-whey-80-proactive-225kg-e1752947139439.jpg","contentUrl":"https:\/\/mr-mass.com\/wp-content\/uploads\/2025\/07\/anabolic-whey-80-proactive-225kg-e1752947139439.jpg","width":500,"height":600},{"@type":"BreadcrumbList","@id":"https:\/\/mr-mass.com\/?product=anabolic-whey-80-proactive-2-25kg#breadcrumb","itemListElement":[{"@type":"ListItem","position":1,"name":"Home","item":"https:\/\/mr-mass.com\/"},{"@type":"ListItem","position":2,"name":"Boutique","item":"https:\/\/mr-mass.com\/?page_id=8"},{"@type":"ListItem","position":3,"name":"Anabolic Whey 80 &#8211; ProActive | 2.25Kg"}]},{"@type":"WebSite","@id":"https:\/\/mr-mass.com\/#website","url":"https:\/\/mr-mass.com\/","name":"MR MASS","description":"","publisher":{"@id":"https:\/\/mr-mass.com\/#organization"},"potentialAction":[{"@type":"SearchAction","target":{"@type":"EntryPoint","urlTemplate":"https:\/\/mr-mass.com\/?s={search_term_string}"},"query-input":{"@type":"PropertyValueSpecification","valueRequired":true,"valueName":"search_term_string"}}],"inLanguage":"fr-FR"},{"@type":"Organization","@id":"https:\/\/mr-mass.com\/#organization","name":"MR MASS","url":"https:\/\/mr-mass.com\/","logo":{"@type":"ImageObject","inLanguage":"fr-FR","@id":"https:\/\/mr-mass.com\/#\/schema\/logo\/image\/","url":"https:\/\/mr-mass.com\/wp-content\/uploads\/2025\/06\/cropped-417524477_413976367821865_6357673664813295189_n-removebg-preview.png","contentUrl":"https:\/\/mr-mass.com\/wp-content\/uploads\/2025\/06\/cropped-417524477_413976367821865_6357673664813295189_n-removebg-preview.png","width":500,"height":436,"caption":"MR MASS"},"image":{"@id":"https:\/\/mr-mass.com\/#\/schema\/logo\/image\/"}}]}},"jetpack_sharing_enabled":true,"_links":{"self":[{"href":"https:\/\/mr-mass.com\/index.php?rest_route=\/wp\/v2\/product\/6938","targetHints":{"allow":["GET"]}}],"collection":[{"href":"https:\/\/mr-mass.com\/index.php?rest_route=\/wp\/v2\/product"}],"about":[{"href":"https:\/\/mr-mass.com\/index.php?rest_route=\/wp\/v2\/types\/product"}],"replies":[{"embeddable":true,"href":"https:\/\/mr-mass.com\/index.php?rest_route=%2Fwp%2Fv2%2Fcomments&post=6938"}],"wp:featuredmedia":[{"embeddable":true,"href":"https:\/\/mr-mass.com\/index.php?rest_route=\/wp\/v2\/media\/6939"}],"wp:attachment":[{"href":"https:\/\/mr-mass.com\/index.php?rest_route=%2Fwp%2Fv2%2Fmedia&parent=6938"}],"wp:term":[{"taxonomy":"product_cat","embeddable":true,"href":"https:\/\/mr-mass.com\/index.php?rest_route=%2Fwp%2Fv2%2Fproduct_cat&post=6938"},{"taxonomy":"product_tag","embeddable":true,"href":"https:\/\/mr-mass.com\/index.php?rest_route=%2Fwp%2Fv2%2Fproduct_tag&post=6938"}],"curies":[{"name":"wp","href":"https:\/\/api.w.org\/{rel}","templated":true}]}}