{"id":6977,"date":"2025-09-12T19:19:49","date_gmt":"2025-09-12T17:19:49","guid":{"rendered":"https:\/\/mr-mass.com\/?post_type=product&#038;p=6977"},"modified":"2025-10-31T19:57:29","modified_gmt":"2025-10-31T18:57:29","slug":"iso-hd-bpi-sports-2-208-kg","status":"publish","type":"product","link":"https:\/\/mr-mass.com\/?product=iso-hd-bpi-sports-2-208-kg","title":{"rendered":"ISO HD\u2122 &#8211; BPI Sports\u00ae | 2.208 kg"},"content":{"rendered":"<p>Les avantages du\u00a0<strong>Whey ISO-HD<\/strong>\u00a0sont largement reconnus par les athl\u00e8tes et les di\u00e9t\u00e9ticiens. Gr\u00e2ce \u00e0 un proc\u00e9d\u00e9 de filtration avanc\u00e9, ce produit \u00e9limine la majeure partie du lactose, des graisses et des glucides, offrant ainsi une prot\u00e9ine de lactos\u00e9rum de haute qualit\u00e9, plus pure et plus l\u00e9g\u00e8re que les versions standards. Cette concentration sup\u00e9rieure en prot\u00e9ines garantit un soutien optimal pour la prise de masse musculaire et\/ou la perte de poids. Que vous le secouiez, le m\u00e9langiez ou le remuiez,\u00a0<strong>Whey ISO-HD<\/strong>\u00a0s&rsquo;adapte parfaitement \u00e0 vos objectifs.<\/p>\n<p><strong>Comment utiliser Iso-HD ?<\/strong><br \/>\nM\u00e9langez\u00a0<strong>une portion de 32g<\/strong>\u00a0dans\u00a0<strong>300 ml d&rsquo;eau<\/strong>, \u00e0 consommer imm\u00e9diatement apr\u00e8s l&rsquo;entra\u00eenement. Ne d\u00e9passez pas la dose journali\u00e8re recommand\u00e9e. Ce produit ne remplace pas un repas. Il est recommand\u00e9 de l&rsquo;utiliser dans le cadre d&rsquo;une alimentation \u00e9quilibr\u00e9e et d&rsquo;un mode de vie sain.<\/p>\n<p><strong>Ingr\u00e9dients :<\/strong><br \/>\nIsolat de prot\u00e9ines de lactos\u00e9rum, ar\u00f4mes naturels et artificiels sans cr\u00e8me lact\u00e9e, gomme de cellulose, sucralose et ac\u00e9sulfame-K.<\/p>\n<p><strong>Information allerg\u00e8nes :<\/strong><br \/>\nContient du lait. Fabriqu\u00e9 dans une installation qui traite \u00e9galement des \u0153ufs et des fruits \u00e0 coque.<\/p>\n","protected":false},"excerpt":{"rendered":"<p><strong>ISO HD\u2122<\/strong>\u00a0de\u00a0<strong>BPI SPORTS<\/strong>\u00a0offre une formule de prot\u00e9ine de lactos\u00e9rum de haute qualit\u00e9, id\u00e9ale pour renforcer la musculature. Chaque cuill\u00e8re contient\u00a0<strong>25g d&rsquo;isolats de prot\u00e9ines<\/strong>, avec tr\u00e8s\u00a0<strong>peu de lipides<\/strong>\u00a0et de\u00a0<strong>glucides<\/strong>. Cette combinaison en fait un choix exceptionnel pour ceux qui recherchent une prot\u00e9ine de qualit\u00e9 sup\u00e9rieure. Avec seulement\u00a0<strong>1g de glucides<\/strong>,<strong>\u00a0dont 1g de sucres<\/strong>, et<strong>\u00a0moins de 1g de mati\u00e8res grasses par dose<\/strong>,\u00a0<strong>ISO HD\u2122<\/strong>\u00a0est une option\u00a0<strong>\u00e0 faible teneur en calories<\/strong>.<\/p>\n<p>Son\u00a0<strong>isolat de lactos\u00e9rum<\/strong>\u00a0de haute qualit\u00e9 est rapidement absorb\u00e9 par l&rsquo;organisme, favorisant ainsi des r\u00e9sultats optimaux en mati\u00e8re de d\u00e9veloppement musculaire. Enfin, son go\u00fbt d\u00e9licieux en fait une prot\u00e9ine agr\u00e9able \u00e0 consommer au quotidien, en particulier pour les athl\u00e8tes et les personnes soucieuses de leur sant\u00e9.<\/p>\n","protected":false},"featured_media":6978,"comment_status":"open","ping_status":"closed","template":"","meta":[],"product_cat":[50],"product_tag":[],"class_list":{"0":"post-6977","1":"product","2":"type-product","3":"status-publish","4":"has-post-thumbnail","6":"product_brand-bpi","7":"product_cat-protein","9":"first","10":"instock","11":"sale","12":"shipping-taxable","13":"purchasable","14":"product-type-simple"},"yoast_head":"<!-- This site is optimized with the Yoast SEO plugin v25.2 - https:\/\/yoast.com\/wordpress\/plugins\/seo\/ -->\n<title>ISO HD\u2122 - BPI Sports\u00ae | 2.208 kg - MR MASS<\/title>\n<meta name=\"description\" content=\"ISO HD\u2122 de BPI SPORTS offre une formule de prot\u00e9ine de lactos\u00e9rum de haute qualit\u00e9, id\u00e9ale pour renforcer la musculature. Chaque cuill\u00e8re contient 25g d&#039;isolats de prot\u00e9ines, avec tr\u00e8s peu de lipides et de glucides. Cette combinaison en fait un choix exceptionnel pour ceux qui recherchent une prot\u00e9ine de qualit\u00e9 sup\u00e9rieure. Avec seulement 1g de glucides, dont 1g de sucres, et moins de 1g de mati\u00e8res grasses par dose, ISO HD\u2122 est une option \u00e0 faible teneur en calories.Son isolat de lactos\u00e9rum de haute qualit\u00e9 est rapidement absorb\u00e9 par l&#039;organisme, favorisant ainsi des r\u00e9sultats optimaux en mati\u00e8re de d\u00e9veloppement musculaire. Enfin, son go\u00fbt d\u00e9licieux en fait une prot\u00e9ine agr\u00e9able \u00e0 consommer au quotidien, en particulier pour les athl\u00e8tes et les personnes soucieuses de leur sant\u00e9.\" \/>\n<meta name=\"robots\" content=\"index, follow, max-snippet:-1, max-image-preview:large, max-video-preview:-1\" \/>\n<link rel=\"canonical\" href=\"https:\/\/mr-mass.com\/?product=iso-hd-bpi-sports-2-208-kg\" \/>\n<meta property=\"og:locale\" content=\"fr_FR\" \/>\n<meta property=\"og:type\" content=\"article\" \/>\n<meta property=\"og:title\" content=\"ISO HD\u2122 - BPI Sports\u00ae | 2.208 kg - MR MASS\" \/>\n<meta property=\"og:description\" content=\"ISO HD\u2122 de BPI SPORTS offre une formule de prot\u00e9ine de lactos\u00e9rum de haute qualit\u00e9, id\u00e9ale pour renforcer la musculature. Chaque cuill\u00e8re contient 25g d&#039;isolats de prot\u00e9ines, avec tr\u00e8s peu de lipides et de glucides. Cette combinaison en fait un choix exceptionnel pour ceux qui recherchent une prot\u00e9ine de qualit\u00e9 sup\u00e9rieure. Avec seulement 1g de glucides, dont 1g de sucres, et moins de 1g de mati\u00e8res grasses par dose, ISO HD\u2122 est une option \u00e0 faible teneur en calories.Son isolat de lactos\u00e9rum de haute qualit\u00e9 est rapidement absorb\u00e9 par l&#039;organisme, favorisant ainsi des r\u00e9sultats optimaux en mati\u00e8re de d\u00e9veloppement musculaire. Enfin, son go\u00fbt d\u00e9licieux en fait une prot\u00e9ine agr\u00e9able \u00e0 consommer au quotidien, en particulier pour les athl\u00e8tes et les personnes soucieuses de leur sant\u00e9.\" \/>\n<meta property=\"og:url\" content=\"https:\/\/mr-mass.com\/?product=iso-hd-bpi-sports-2-208-kg\" \/>\n<meta property=\"og:site_name\" content=\"MR MASS\" \/>\n<meta property=\"article:modified_time\" content=\"2025-10-31T18:57:29+00:00\" \/>\n<meta property=\"og:image\" content=\"https:\/\/mr-mass.com\/wp-content\/uploads\/2025\/09\/iso-hd-bpi-e1757697508496.webp\" \/>\n\t<meta property=\"og:image:width\" content=\"500\" \/>\n\t<meta property=\"og:image:height\" content=\"500\" \/>\n\t<meta property=\"og:image:type\" content=\"image\/webp\" \/>\n<meta name=\"twitter:card\" content=\"summary_large_image\" \/>\n<meta name=\"twitter:label1\" content=\"Dur\u00e9e de lecture estim\u00e9e\" \/>\n\t<meta name=\"twitter:data1\" content=\"2 minutes\" \/>\n<script type=\"application\/ld+json\" class=\"yoast-schema-graph\">{\"@context\":\"https:\/\/schema.org\",\"@graph\":[{\"@type\":\"WebPage\",\"@id\":\"https:\/\/mr-mass.com\/?product=iso-hd-bpi-sports-2-208-kg\",\"url\":\"https:\/\/mr-mass.com\/?product=iso-hd-bpi-sports-2-208-kg\",\"name\":\"ISO HD\u2122 - BPI Sports\u00ae | 2.208 kg - MR MASS\",\"isPartOf\":{\"@id\":\"https:\/\/mr-mass.com\/#website\"},\"primaryImageOfPage\":{\"@id\":\"https:\/\/mr-mass.com\/?product=iso-hd-bpi-sports-2-208-kg#primaryimage\"},\"image\":{\"@id\":\"https:\/\/mr-mass.com\/?product=iso-hd-bpi-sports-2-208-kg#primaryimage\"},\"thumbnailUrl\":\"https:\/\/mr-mass.com\/wp-content\/uploads\/2025\/09\/iso-hd-bpi-e1757697508496.webp\",\"datePublished\":\"2025-09-12T17:19:49+00:00\",\"dateModified\":\"2025-10-31T18:57:29+00:00\",\"description\":\"ISO HD\u2122 de BPI SPORTS offre une formule de prot\u00e9ine de lactos\u00e9rum de haute qualit\u00e9, id\u00e9ale pour renforcer la musculature. Chaque cuill\u00e8re contient 25g d'isolats de prot\u00e9ines, avec tr\u00e8s peu de lipides et de glucides. Cette combinaison en fait un choix exceptionnel pour ceux qui recherchent une prot\u00e9ine de qualit\u00e9 sup\u00e9rieure. Avec seulement 1g de glucides, dont 1g de sucres, et moins de 1g de mati\u00e8res grasses par dose, ISO HD\u2122 est une option \u00e0 faible teneur en calories.Son isolat de lactos\u00e9rum de haute qualit\u00e9 est rapidement absorb\u00e9 par l'organisme, favorisant ainsi des r\u00e9sultats optimaux en mati\u00e8re de d\u00e9veloppement musculaire. Enfin, son go\u00fbt d\u00e9licieux en fait une prot\u00e9ine agr\u00e9able \u00e0 consommer au quotidien, en particulier pour les athl\u00e8tes et les personnes soucieuses de leur sant\u00e9.\",\"breadcrumb\":{\"@id\":\"https:\/\/mr-mass.com\/?product=iso-hd-bpi-sports-2-208-kg#breadcrumb\"},\"inLanguage\":\"fr-FR\",\"potentialAction\":[{\"@type\":\"ReadAction\",\"target\":[\"https:\/\/mr-mass.com\/?product=iso-hd-bpi-sports-2-208-kg\"]}]},{\"@type\":\"ImageObject\",\"inLanguage\":\"fr-FR\",\"@id\":\"https:\/\/mr-mass.com\/?product=iso-hd-bpi-sports-2-208-kg#primaryimage\",\"url\":\"https:\/\/mr-mass.com\/wp-content\/uploads\/2025\/09\/iso-hd-bpi-e1757697508496.webp\",\"contentUrl\":\"https:\/\/mr-mass.com\/wp-content\/uploads\/2025\/09\/iso-hd-bpi-e1757697508496.webp\",\"width\":500,\"height\":500},{\"@type\":\"BreadcrumbList\",\"@id\":\"https:\/\/mr-mass.com\/?product=iso-hd-bpi-sports-2-208-kg#breadcrumb\",\"itemListElement\":[{\"@type\":\"ListItem\",\"position\":1,\"name\":\"Home\",\"item\":\"https:\/\/mr-mass.com\/\"},{\"@type\":\"ListItem\",\"position\":2,\"name\":\"Boutique\",\"item\":\"https:\/\/mr-mass.com\/?page_id=8\"},{\"@type\":\"ListItem\",\"position\":3,\"name\":\"ISO HD\u2122 &#8211; BPI Sports\u00ae | 2.208 kg\"}]},{\"@type\":\"WebSite\",\"@id\":\"https:\/\/mr-mass.com\/#website\",\"url\":\"https:\/\/mr-mass.com\/\",\"name\":\"MR MASS\",\"description\":\"\",\"publisher\":{\"@id\":\"https:\/\/mr-mass.com\/#organization\"},\"potentialAction\":[{\"@type\":\"SearchAction\",\"target\":{\"@type\":\"EntryPoint\",\"urlTemplate\":\"https:\/\/mr-mass.com\/?s={search_term_string}\"},\"query-input\":{\"@type\":\"PropertyValueSpecification\",\"valueRequired\":true,\"valueName\":\"search_term_string\"}}],\"inLanguage\":\"fr-FR\"},{\"@type\":\"Organization\",\"@id\":\"https:\/\/mr-mass.com\/#organization\",\"name\":\"MR MASS\",\"url\":\"https:\/\/mr-mass.com\/\",\"logo\":{\"@type\":\"ImageObject\",\"inLanguage\":\"fr-FR\",\"@id\":\"https:\/\/mr-mass.com\/#\/schema\/logo\/image\/\",\"url\":\"https:\/\/mr-mass.com\/wp-content\/uploads\/2025\/06\/cropped-417524477_413976367821865_6357673664813295189_n-removebg-preview.png\",\"contentUrl\":\"https:\/\/mr-mass.com\/wp-content\/uploads\/2025\/06\/cropped-417524477_413976367821865_6357673664813295189_n-removebg-preview.png\",\"width\":500,\"height\":436,\"caption\":\"MR MASS\"},\"image\":{\"@id\":\"https:\/\/mr-mass.com\/#\/schema\/logo\/image\/\"}}]}<\/script>\n<!-- \/ Yoast SEO plugin. -->","yoast_head_json":{"title":"ISO HD\u2122 - BPI Sports\u00ae | 2.208 kg - MR MASS","description":"ISO HD\u2122 de BPI SPORTS offre une formule de prot\u00e9ine de lactos\u00e9rum de haute qualit\u00e9, id\u00e9ale pour renforcer la musculature. Chaque cuill\u00e8re contient 25g d'isolats de prot\u00e9ines, avec tr\u00e8s peu de lipides et de glucides. Cette combinaison en fait un choix exceptionnel pour ceux qui recherchent une prot\u00e9ine de qualit\u00e9 sup\u00e9rieure. Avec seulement 1g de glucides, dont 1g de sucres, et moins de 1g de mati\u00e8res grasses par dose, ISO HD\u2122 est une option \u00e0 faible teneur en calories.Son isolat de lactos\u00e9rum de haute qualit\u00e9 est rapidement absorb\u00e9 par l'organisme, favorisant ainsi des r\u00e9sultats optimaux en mati\u00e8re de d\u00e9veloppement musculaire. Enfin, son go\u00fbt d\u00e9licieux en fait une prot\u00e9ine agr\u00e9able \u00e0 consommer au quotidien, en particulier pour les athl\u00e8tes et les personnes soucieuses de leur sant\u00e9.","robots":{"index":"index","follow":"follow","max-snippet":"max-snippet:-1","max-image-preview":"max-image-preview:large","max-video-preview":"max-video-preview:-1"},"canonical":"https:\/\/mr-mass.com\/?product=iso-hd-bpi-sports-2-208-kg","og_locale":"fr_FR","og_type":"article","og_title":"ISO HD\u2122 - BPI Sports\u00ae | 2.208 kg - MR MASS","og_description":"ISO HD\u2122 de BPI SPORTS offre une formule de prot\u00e9ine de lactos\u00e9rum de haute qualit\u00e9, id\u00e9ale pour renforcer la musculature. Chaque cuill\u00e8re contient 25g d'isolats de prot\u00e9ines, avec tr\u00e8s peu de lipides et de glucides. Cette combinaison en fait un choix exceptionnel pour ceux qui recherchent une prot\u00e9ine de qualit\u00e9 sup\u00e9rieure. Avec seulement 1g de glucides, dont 1g de sucres, et moins de 1g de mati\u00e8res grasses par dose, ISO HD\u2122 est une option \u00e0 faible teneur en calories.Son isolat de lactos\u00e9rum de haute qualit\u00e9 est rapidement absorb\u00e9 par l'organisme, favorisant ainsi des r\u00e9sultats optimaux en mati\u00e8re de d\u00e9veloppement musculaire. Enfin, son go\u00fbt d\u00e9licieux en fait une prot\u00e9ine agr\u00e9able \u00e0 consommer au quotidien, en particulier pour les athl\u00e8tes et les personnes soucieuses de leur sant\u00e9.","og_url":"https:\/\/mr-mass.com\/?product=iso-hd-bpi-sports-2-208-kg","og_site_name":"MR MASS","article_modified_time":"2025-10-31T18:57:29+00:00","og_image":[{"width":500,"height":500,"url":"https:\/\/mr-mass.com\/wp-content\/uploads\/2025\/09\/iso-hd-bpi-e1757697508496.webp","type":"image\/webp"}],"twitter_card":"summary_large_image","twitter_misc":{"Dur\u00e9e de lecture estim\u00e9e":"2 minutes"},"schema":{"@context":"https:\/\/schema.org","@graph":[{"@type":"WebPage","@id":"https:\/\/mr-mass.com\/?product=iso-hd-bpi-sports-2-208-kg","url":"https:\/\/mr-mass.com\/?product=iso-hd-bpi-sports-2-208-kg","name":"ISO HD\u2122 - BPI Sports\u00ae | 2.208 kg - MR MASS","isPartOf":{"@id":"https:\/\/mr-mass.com\/#website"},"primaryImageOfPage":{"@id":"https:\/\/mr-mass.com\/?product=iso-hd-bpi-sports-2-208-kg#primaryimage"},"image":{"@id":"https:\/\/mr-mass.com\/?product=iso-hd-bpi-sports-2-208-kg#primaryimage"},"thumbnailUrl":"https:\/\/mr-mass.com\/wp-content\/uploads\/2025\/09\/iso-hd-bpi-e1757697508496.webp","datePublished":"2025-09-12T17:19:49+00:00","dateModified":"2025-10-31T18:57:29+00:00","description":"ISO HD\u2122 de BPI SPORTS offre une formule de prot\u00e9ine de lactos\u00e9rum de haute qualit\u00e9, id\u00e9ale pour renforcer la musculature. Chaque cuill\u00e8re contient 25g d'isolats de prot\u00e9ines, avec tr\u00e8s peu de lipides et de glucides. Cette combinaison en fait un choix exceptionnel pour ceux qui recherchent une prot\u00e9ine de qualit\u00e9 sup\u00e9rieure. Avec seulement 1g de glucides, dont 1g de sucres, et moins de 1g de mati\u00e8res grasses par dose, ISO HD\u2122 est une option \u00e0 faible teneur en calories.Son isolat de lactos\u00e9rum de haute qualit\u00e9 est rapidement absorb\u00e9 par l'organisme, favorisant ainsi des r\u00e9sultats optimaux en mati\u00e8re de d\u00e9veloppement musculaire. Enfin, son go\u00fbt d\u00e9licieux en fait une prot\u00e9ine agr\u00e9able \u00e0 consommer au quotidien, en particulier pour les athl\u00e8tes et les personnes soucieuses de leur sant\u00e9.","breadcrumb":{"@id":"https:\/\/mr-mass.com\/?product=iso-hd-bpi-sports-2-208-kg#breadcrumb"},"inLanguage":"fr-FR","potentialAction":[{"@type":"ReadAction","target":["https:\/\/mr-mass.com\/?product=iso-hd-bpi-sports-2-208-kg"]}]},{"@type":"ImageObject","inLanguage":"fr-FR","@id":"https:\/\/mr-mass.com\/?product=iso-hd-bpi-sports-2-208-kg#primaryimage","url":"https:\/\/mr-mass.com\/wp-content\/uploads\/2025\/09\/iso-hd-bpi-e1757697508496.webp","contentUrl":"https:\/\/mr-mass.com\/wp-content\/uploads\/2025\/09\/iso-hd-bpi-e1757697508496.webp","width":500,"height":500},{"@type":"BreadcrumbList","@id":"https:\/\/mr-mass.com\/?product=iso-hd-bpi-sports-2-208-kg#breadcrumb","itemListElement":[{"@type":"ListItem","position":1,"name":"Home","item":"https:\/\/mr-mass.com\/"},{"@type":"ListItem","position":2,"name":"Boutique","item":"https:\/\/mr-mass.com\/?page_id=8"},{"@type":"ListItem","position":3,"name":"ISO HD\u2122 &#8211; BPI Sports\u00ae | 2.208 kg"}]},{"@type":"WebSite","@id":"https:\/\/mr-mass.com\/#website","url":"https:\/\/mr-mass.com\/","name":"MR MASS","description":"","publisher":{"@id":"https:\/\/mr-mass.com\/#organization"},"potentialAction":[{"@type":"SearchAction","target":{"@type":"EntryPoint","urlTemplate":"https:\/\/mr-mass.com\/?s={search_term_string}"},"query-input":{"@type":"PropertyValueSpecification","valueRequired":true,"valueName":"search_term_string"}}],"inLanguage":"fr-FR"},{"@type":"Organization","@id":"https:\/\/mr-mass.com\/#organization","name":"MR MASS","url":"https:\/\/mr-mass.com\/","logo":{"@type":"ImageObject","inLanguage":"fr-FR","@id":"https:\/\/mr-mass.com\/#\/schema\/logo\/image\/","url":"https:\/\/mr-mass.com\/wp-content\/uploads\/2025\/06\/cropped-417524477_413976367821865_6357673664813295189_n-removebg-preview.png","contentUrl":"https:\/\/mr-mass.com\/wp-content\/uploads\/2025\/06\/cropped-417524477_413976367821865_6357673664813295189_n-removebg-preview.png","width":500,"height":436,"caption":"MR MASS"},"image":{"@id":"https:\/\/mr-mass.com\/#\/schema\/logo\/image\/"}}]}},"jetpack_sharing_enabled":true,"_links":{"self":[{"href":"https:\/\/mr-mass.com\/index.php?rest_route=\/wp\/v2\/product\/6977","targetHints":{"allow":["GET"]}}],"collection":[{"href":"https:\/\/mr-mass.com\/index.php?rest_route=\/wp\/v2\/product"}],"about":[{"href":"https:\/\/mr-mass.com\/index.php?rest_route=\/wp\/v2\/types\/product"}],"replies":[{"embeddable":true,"href":"https:\/\/mr-mass.com\/index.php?rest_route=%2Fwp%2Fv2%2Fcomments&post=6977"}],"wp:featuredmedia":[{"embeddable":true,"href":"https:\/\/mr-mass.com\/index.php?rest_route=\/wp\/v2\/media\/6978"}],"wp:attachment":[{"href":"https:\/\/mr-mass.com\/index.php?rest_route=%2Fwp%2Fv2%2Fmedia&parent=6977"}],"wp:term":[{"taxonomy":"product_cat","embeddable":true,"href":"https:\/\/mr-mass.com\/index.php?rest_route=%2Fwp%2Fv2%2Fproduct_cat&post=6977"},{"taxonomy":"product_tag","embeddable":true,"href":"https:\/\/mr-mass.com\/index.php?rest_route=%2Fwp%2Fv2%2Fproduct_tag&post=6977"}],"curies":[{"name":"wp","href":"https:\/\/api.w.org\/{rel}","templated":true}]}}