{"id":6980,"date":"2025-09-12T19:38:23","date_gmt":"2025-09-12T17:38:23","guid":{"rendered":"https:\/\/mr-mass.com\/?post_type=product&#038;p=6980"},"modified":"2025-09-12T19:38:23","modified_gmt":"2025-09-12T17:38:23","slug":"whey-xs-2-26kg-ronnie-coleman","status":"publish","type":"product","link":"https:\/\/mr-mass.com\/?product=whey-xs-2-26kg-ronnie-coleman","title":{"rendered":"WHEY XS 2.26KG RONNIE COLEMAN"},"content":{"rendered":"<p data-start=\"224\" data-end=\"542\">\ud83d\udd25\u00a0<strong data-start=\"227\" data-end=\"299\">Ronnie Coleman Whey XS \u2013 La r\u00e9volution prot\u00e9in\u00e9e accessible \u00e0 tous !<\/strong><br data-start=\"299\" data-end=\"302\" \/>\ud83d\udcaa La\u00a0<strong data-start=\"308\" data-end=\"336\">Whey XS Signature Series<\/strong>\u00a0apporte\u00a0<strong data-start=\"345\" data-end=\"391\">20g de prot\u00e9ines de haute qualit\u00e9 par dose<\/strong>, avec seulement\u00a0<strong data-start=\"408\" data-end=\"426\">2g de graisses<\/strong>\u00a0et\u00a0<strong data-start=\"430\" data-end=\"446\">4g de sucres<\/strong>. Un alli\u00e9 incontournable pour la\u00a0<strong data-start=\"480\" data-end=\"507\">construction musculaire<\/strong>\u00a0et la\u00a0<strong data-start=\"514\" data-end=\"539\">r\u00e9cup\u00e9ration optimale<\/strong>.<\/p>\n<p data-start=\"544\" data-end=\"894\">\u26a1\u00a0<strong data-start=\"546\" data-end=\"576\">Performance &amp; r\u00e9cup\u00e9ration<\/strong>\u00a0: 3,7g de glutamine, 4g de BCAA et 8,6g d\u2019EAA par scoop pour soutenir tes muscles apr\u00e8s l\u2019effort.<br data-start=\"674\" data-end=\"677\" \/>\ud83d\udcb8\u00a0<strong data-start=\"680\" data-end=\"699\">Prix imbattable<\/strong>\u00a0: une whey premium sans exploser ton budget.<br data-start=\"744\" data-end=\"747\" \/>\ud83d\ude0b\u00a0<strong data-start=\"750\" data-end=\"772\">Saveurs gourmandes<\/strong>\u00a0: malgr\u00e9 son prix accessible, la Whey XS b\u00e9n\u00e9ficie d\u2019un syst\u00e8me d\u2019ar\u00f4mes haut de gamme pour un plaisir \u00e0 chaque shaker.<\/p>\n<p data-start=\"896\" data-end=\"1073\">\ud83d\udc49 Mode d\u2019emploi : M\u00e9lange une dose avec 200\u2013300 ml d\u2019eau ou de lait (selon la texture et l\u2019intensit\u00e9 du go\u00fbt souhait\u00e9s). Id\u00e9al apr\u00e8s l\u2019entra\u00eenement ou en collation prot\u00e9in\u00e9e.<\/p>\n<p data-start=\"1075\" data-end=\"1215\">\u26a0\ufe0f Allerg\u00e8nes : contient du lait et du soja. Fabriqu\u00e9 aux \ud83c\uddfa\ud83c\uddf8 USA dans une usine certifi\u00e9e cGMP avec des ingr\u00e9dients de qualit\u00e9 mondiale.<\/p>\n","protected":false},"excerpt":{"rendered":"<p>Ronnie Coleman Whey XS : 20g de prot\u00e9ines, BCAA + EAA pour muscle et r\u00e9cup\u00e9ration \u26a1 Saveur premium \u00e0 prix imbattable !<\/p>\n","protected":false},"featured_media":6981,"comment_status":"open","ping_status":"closed","template":"","meta":[],"product_cat":[50],"product_tag":[],"class_list":{"0":"post-6980","1":"product","2":"type-product","3":"status-publish","4":"has-post-thumbnail","6":"product_brand-ronnie-coleman","7":"product_cat-protein","9":"first","10":"instock","11":"sale","12":"shipping-taxable","13":"purchasable","14":"product-type-simple"},"yoast_head":"<!-- This site is optimized with the Yoast SEO plugin v25.2 - https:\/\/yoast.com\/wordpress\/plugins\/seo\/ -->\n<title>WHEY XS 2.26KG RONNIE COLEMAN - MR MASS<\/title>\n<meta name=\"description\" content=\"Ronnie Coleman Whey XS : 20g de prot\u00e9ines, BCAA + EAA pour muscle et r\u00e9cup\u00e9ration \u26a1 Saveur premium \u00e0 prix imbattable !\" \/>\n<meta name=\"robots\" content=\"index, follow, max-snippet:-1, max-image-preview:large, max-video-preview:-1\" \/>\n<link rel=\"canonical\" href=\"https:\/\/mr-mass.com\/?product=whey-xs-2-26kg-ronnie-coleman\" \/>\n<meta property=\"og:locale\" content=\"fr_FR\" \/>\n<meta property=\"og:type\" content=\"article\" \/>\n<meta property=\"og:title\" content=\"WHEY XS 2.26KG RONNIE COLEMAN - MR MASS\" \/>\n<meta property=\"og:description\" content=\"Ronnie Coleman Whey XS : 20g de prot\u00e9ines, BCAA + EAA pour muscle et r\u00e9cup\u00e9ration \u26a1 Saveur premium \u00e0 prix imbattable !\" \/>\n<meta property=\"og:url\" content=\"https:\/\/mr-mass.com\/?product=whey-xs-2-26kg-ronnie-coleman\" \/>\n<meta property=\"og:site_name\" content=\"MR MASS\" \/>\n<meta property=\"og:image\" content=\"https:\/\/mr-mass.com\/wp-content\/uploads\/2025\/09\/81B-iy3jeZL._AC_SL1500_.webp-68c1aed641fa9-e1757698564800.webp\" \/>\n\t<meta property=\"og:image:width\" content=\"500\" \/>\n\t<meta property=\"og:image:height\" content=\"500\" \/>\n\t<meta property=\"og:image:type\" content=\"image\/webp\" \/>\n<meta name=\"twitter:card\" content=\"summary_large_image\" \/>\n<meta name=\"twitter:label1\" content=\"Dur\u00e9e de lecture estim\u00e9e\" \/>\n\t<meta name=\"twitter:data1\" content=\"1 minute\" \/>\n<script type=\"application\/ld+json\" class=\"yoast-schema-graph\">{\"@context\":\"https:\/\/schema.org\",\"@graph\":[{\"@type\":\"WebPage\",\"@id\":\"https:\/\/mr-mass.com\/?product=whey-xs-2-26kg-ronnie-coleman\",\"url\":\"https:\/\/mr-mass.com\/?product=whey-xs-2-26kg-ronnie-coleman\",\"name\":\"WHEY XS 2.26KG RONNIE COLEMAN - MR MASS\",\"isPartOf\":{\"@id\":\"https:\/\/mr-mass.com\/#website\"},\"primaryImageOfPage\":{\"@id\":\"https:\/\/mr-mass.com\/?product=whey-xs-2-26kg-ronnie-coleman#primaryimage\"},\"image\":{\"@id\":\"https:\/\/mr-mass.com\/?product=whey-xs-2-26kg-ronnie-coleman#primaryimage\"},\"thumbnailUrl\":\"https:\/\/mr-mass.com\/wp-content\/uploads\/2025\/09\/81B-iy3jeZL._AC_SL1500_.webp-68c1aed641fa9-e1757698564800.webp\",\"datePublished\":\"2025-09-12T17:38:23+00:00\",\"description\":\"Ronnie Coleman Whey XS : 20g de prot\u00e9ines, BCAA + EAA pour muscle et r\u00e9cup\u00e9ration \u26a1 Saveur premium \u00e0 prix imbattable !\",\"breadcrumb\":{\"@id\":\"https:\/\/mr-mass.com\/?product=whey-xs-2-26kg-ronnie-coleman#breadcrumb\"},\"inLanguage\":\"fr-FR\",\"potentialAction\":[{\"@type\":\"ReadAction\",\"target\":[\"https:\/\/mr-mass.com\/?product=whey-xs-2-26kg-ronnie-coleman\"]}]},{\"@type\":\"ImageObject\",\"inLanguage\":\"fr-FR\",\"@id\":\"https:\/\/mr-mass.com\/?product=whey-xs-2-26kg-ronnie-coleman#primaryimage\",\"url\":\"https:\/\/mr-mass.com\/wp-content\/uploads\/2025\/09\/81B-iy3jeZL._AC_SL1500_.webp-68c1aed641fa9-e1757698564800.webp\",\"contentUrl\":\"https:\/\/mr-mass.com\/wp-content\/uploads\/2025\/09\/81B-iy3jeZL._AC_SL1500_.webp-68c1aed641fa9-e1757698564800.webp\",\"width\":500,\"height\":500},{\"@type\":\"BreadcrumbList\",\"@id\":\"https:\/\/mr-mass.com\/?product=whey-xs-2-26kg-ronnie-coleman#breadcrumb\",\"itemListElement\":[{\"@type\":\"ListItem\",\"position\":1,\"name\":\"Home\",\"item\":\"https:\/\/mr-mass.com\/\"},{\"@type\":\"ListItem\",\"position\":2,\"name\":\"Boutique\",\"item\":\"https:\/\/mr-mass.com\/?page_id=8\"},{\"@type\":\"ListItem\",\"position\":3,\"name\":\"WHEY XS 2.26KG RONNIE COLEMAN\"}]},{\"@type\":\"WebSite\",\"@id\":\"https:\/\/mr-mass.com\/#website\",\"url\":\"https:\/\/mr-mass.com\/\",\"name\":\"MR MASS\",\"description\":\"\",\"publisher\":{\"@id\":\"https:\/\/mr-mass.com\/#organization\"},\"potentialAction\":[{\"@type\":\"SearchAction\",\"target\":{\"@type\":\"EntryPoint\",\"urlTemplate\":\"https:\/\/mr-mass.com\/?s={search_term_string}\"},\"query-input\":{\"@type\":\"PropertyValueSpecification\",\"valueRequired\":true,\"valueName\":\"search_term_string\"}}],\"inLanguage\":\"fr-FR\"},{\"@type\":\"Organization\",\"@id\":\"https:\/\/mr-mass.com\/#organization\",\"name\":\"MR MASS\",\"url\":\"https:\/\/mr-mass.com\/\",\"logo\":{\"@type\":\"ImageObject\",\"inLanguage\":\"fr-FR\",\"@id\":\"https:\/\/mr-mass.com\/#\/schema\/logo\/image\/\",\"url\":\"https:\/\/mr-mass.com\/wp-content\/uploads\/2025\/06\/cropped-417524477_413976367821865_6357673664813295189_n-removebg-preview.png\",\"contentUrl\":\"https:\/\/mr-mass.com\/wp-content\/uploads\/2025\/06\/cropped-417524477_413976367821865_6357673664813295189_n-removebg-preview.png\",\"width\":500,\"height\":436,\"caption\":\"MR MASS\"},\"image\":{\"@id\":\"https:\/\/mr-mass.com\/#\/schema\/logo\/image\/\"}}]}<\/script>\n<!-- \/ Yoast SEO plugin. -->","yoast_head_json":{"title":"WHEY XS 2.26KG RONNIE COLEMAN - MR MASS","description":"Ronnie Coleman Whey XS : 20g de prot\u00e9ines, BCAA + EAA pour muscle et r\u00e9cup\u00e9ration \u26a1 Saveur premium \u00e0 prix imbattable !","robots":{"index":"index","follow":"follow","max-snippet":"max-snippet:-1","max-image-preview":"max-image-preview:large","max-video-preview":"max-video-preview:-1"},"canonical":"https:\/\/mr-mass.com\/?product=whey-xs-2-26kg-ronnie-coleman","og_locale":"fr_FR","og_type":"article","og_title":"WHEY XS 2.26KG RONNIE COLEMAN - MR MASS","og_description":"Ronnie Coleman Whey XS : 20g de prot\u00e9ines, BCAA + EAA pour muscle et r\u00e9cup\u00e9ration \u26a1 Saveur premium \u00e0 prix imbattable !","og_url":"https:\/\/mr-mass.com\/?product=whey-xs-2-26kg-ronnie-coleman","og_site_name":"MR MASS","og_image":[{"width":500,"height":500,"url":"https:\/\/mr-mass.com\/wp-content\/uploads\/2025\/09\/81B-iy3jeZL._AC_SL1500_.webp-68c1aed641fa9-e1757698564800.webp","type":"image\/webp"}],"twitter_card":"summary_large_image","twitter_misc":{"Dur\u00e9e de lecture estim\u00e9e":"1 minute"},"schema":{"@context":"https:\/\/schema.org","@graph":[{"@type":"WebPage","@id":"https:\/\/mr-mass.com\/?product=whey-xs-2-26kg-ronnie-coleman","url":"https:\/\/mr-mass.com\/?product=whey-xs-2-26kg-ronnie-coleman","name":"WHEY XS 2.26KG RONNIE COLEMAN - MR MASS","isPartOf":{"@id":"https:\/\/mr-mass.com\/#website"},"primaryImageOfPage":{"@id":"https:\/\/mr-mass.com\/?product=whey-xs-2-26kg-ronnie-coleman#primaryimage"},"image":{"@id":"https:\/\/mr-mass.com\/?product=whey-xs-2-26kg-ronnie-coleman#primaryimage"},"thumbnailUrl":"https:\/\/mr-mass.com\/wp-content\/uploads\/2025\/09\/81B-iy3jeZL._AC_SL1500_.webp-68c1aed641fa9-e1757698564800.webp","datePublished":"2025-09-12T17:38:23+00:00","description":"Ronnie Coleman Whey XS : 20g de prot\u00e9ines, BCAA + EAA pour muscle et r\u00e9cup\u00e9ration \u26a1 Saveur premium \u00e0 prix imbattable !","breadcrumb":{"@id":"https:\/\/mr-mass.com\/?product=whey-xs-2-26kg-ronnie-coleman#breadcrumb"},"inLanguage":"fr-FR","potentialAction":[{"@type":"ReadAction","target":["https:\/\/mr-mass.com\/?product=whey-xs-2-26kg-ronnie-coleman"]}]},{"@type":"ImageObject","inLanguage":"fr-FR","@id":"https:\/\/mr-mass.com\/?product=whey-xs-2-26kg-ronnie-coleman#primaryimage","url":"https:\/\/mr-mass.com\/wp-content\/uploads\/2025\/09\/81B-iy3jeZL._AC_SL1500_.webp-68c1aed641fa9-e1757698564800.webp","contentUrl":"https:\/\/mr-mass.com\/wp-content\/uploads\/2025\/09\/81B-iy3jeZL._AC_SL1500_.webp-68c1aed641fa9-e1757698564800.webp","width":500,"height":500},{"@type":"BreadcrumbList","@id":"https:\/\/mr-mass.com\/?product=whey-xs-2-26kg-ronnie-coleman#breadcrumb","itemListElement":[{"@type":"ListItem","position":1,"name":"Home","item":"https:\/\/mr-mass.com\/"},{"@type":"ListItem","position":2,"name":"Boutique","item":"https:\/\/mr-mass.com\/?page_id=8"},{"@type":"ListItem","position":3,"name":"WHEY XS 2.26KG RONNIE COLEMAN"}]},{"@type":"WebSite","@id":"https:\/\/mr-mass.com\/#website","url":"https:\/\/mr-mass.com\/","name":"MR MASS","description":"","publisher":{"@id":"https:\/\/mr-mass.com\/#organization"},"potentialAction":[{"@type":"SearchAction","target":{"@type":"EntryPoint","urlTemplate":"https:\/\/mr-mass.com\/?s={search_term_string}"},"query-input":{"@type":"PropertyValueSpecification","valueRequired":true,"valueName":"search_term_string"}}],"inLanguage":"fr-FR"},{"@type":"Organization","@id":"https:\/\/mr-mass.com\/#organization","name":"MR MASS","url":"https:\/\/mr-mass.com\/","logo":{"@type":"ImageObject","inLanguage":"fr-FR","@id":"https:\/\/mr-mass.com\/#\/schema\/logo\/image\/","url":"https:\/\/mr-mass.com\/wp-content\/uploads\/2025\/06\/cropped-417524477_413976367821865_6357673664813295189_n-removebg-preview.png","contentUrl":"https:\/\/mr-mass.com\/wp-content\/uploads\/2025\/06\/cropped-417524477_413976367821865_6357673664813295189_n-removebg-preview.png","width":500,"height":436,"caption":"MR MASS"},"image":{"@id":"https:\/\/mr-mass.com\/#\/schema\/logo\/image\/"}}]}},"jetpack_sharing_enabled":true,"_links":{"self":[{"href":"https:\/\/mr-mass.com\/index.php?rest_route=\/wp\/v2\/product\/6980","targetHints":{"allow":["GET"]}}],"collection":[{"href":"https:\/\/mr-mass.com\/index.php?rest_route=\/wp\/v2\/product"}],"about":[{"href":"https:\/\/mr-mass.com\/index.php?rest_route=\/wp\/v2\/types\/product"}],"replies":[{"embeddable":true,"href":"https:\/\/mr-mass.com\/index.php?rest_route=%2Fwp%2Fv2%2Fcomments&post=6980"}],"wp:featuredmedia":[{"embeddable":true,"href":"https:\/\/mr-mass.com\/index.php?rest_route=\/wp\/v2\/media\/6981"}],"wp:attachment":[{"href":"https:\/\/mr-mass.com\/index.php?rest_route=%2Fwp%2Fv2%2Fmedia&parent=6980"}],"wp:term":[{"taxonomy":"product_cat","embeddable":true,"href":"https:\/\/mr-mass.com\/index.php?rest_route=%2Fwp%2Fv2%2Fproduct_cat&post=6980"},{"taxonomy":"product_tag","embeddable":true,"href":"https:\/\/mr-mass.com\/index.php?rest_route=%2Fwp%2Fv2%2Fproduct_tag&post=6980"}],"curies":[{"name":"wp","href":"https:\/\/api.w.org\/{rel}","templated":true}]}}