{"id":7014,"date":"2025-10-15T16:33:41","date_gmt":"2025-10-15T14:33:41","guid":{"rendered":"https:\/\/mr-mass.com\/?post_type=product&#038;p=7014"},"modified":"2025-10-15T16:34:34","modified_gmt":"2025-10-15T14:34:34","slug":"ashwagandha-600-sport-60-caps-ksm66","status":"publish","type":"product","link":"https:\/\/mr-mass.com\/?product=ashwagandha-600-sport-60-caps-ksm66","title":{"rendered":"Ashwagandha 600 sport (60 caps) ksm66"},"content":{"rendered":"<div class=\"wd-negative-gap elementor-element elementor-element-c6e98cb wd-section-stretch e-flex e-con-boxed e-con e-parent e-lazyloaded\" data-id=\"c6e98cb\" data-element_type=\"container\">\n<div class=\"e-con-inner\">\n<div class=\"elementor-element elementor-element-49ff3ecb wd-single-tabs wd-width-100 elementor-widget elementor-widget-wd_single_product_tabs\" data-id=\"49ff3ecb\" data-element_type=\"widget\" data-widget_type=\"wd_single_product_tabs.default\">\n<div class=\"elementor-widget-container\">\n<div class=\"woocommerce-tabs wc-tabs-wrapper\" data-state=\"first\" data-layout=\"tabs\">\n<div id=\"tab-description\" class=\"woocommerce-Tabs-panel panel entry-content wc-tab woocommerce-Tabs-panel--description\" role=\"tabpanel\" aria-labelledby=\"tab-title-description\" data-accordion-index=\"description\">\n<div class=\"product-description\">\n<h1>Ashwagandha 600 Sport (60 caps)<\/h1>\n<p><strong>Ashwagandha 600 Sport<\/strong>\u00a0est un compl\u00e9ment alimentaire sous forme de g\u00e9lules, d\u00e9velopp\u00e9 par\u00a0<strong>Olimp Sport Nutrition<\/strong>, \u00e0 base d\u2019extrait de racine d\u2019ashwagandha (Withania somnifera), une plante adaptog\u00e8ne reconnue pour ses effets b\u00e9n\u00e9fiques sur le stress et la performance physique. Chaque g\u00e9lule contient 600 mg d\u2019extrait brevet\u00e9 KSM-66\u00ae, r\u00e9put\u00e9 pour sa haute biodisponibilit\u00e9 et sa puret\u00e9. Ce produit s\u2019adresse aux personnes actives, aux sportifs, ou \u00e0 ceux qui souhaitent soutenir leur \u00e9quilibre mental et physique naturellement.<\/p>\n<h2>Caract\u00e9ristiques :<\/h2>\n<ul>\n<li>600 mg d\u2019extrait d\u2019ashwagandha KSM-66\u00ae par g\u00e9lule<\/li>\n<li>Soutien naturel contre le stress et la fatigue mentale<\/li>\n<li>Favorise les performances physiques et la concentration<\/li>\n<li>Adaptog\u00e8ne 100% naturel et hautement standardis\u00e9<\/li>\n<\/ul>\n<h2>Utilisation recommand\u00e9e :<\/h2>\n<section class=\"container fw mt-2\">\n<div class=\"box o-tabs o-tabs--fullwidth\">\n<section class=\"o-tabs__content container\" role=\"tabpanel\">\n<div id=\"tab-0\" class=\"o-tab-item__content\" tabindex=\"0\">\n<div class=\"txt small-h mt-4\">\n<div class=\"wrap\">\n<p>Prendre 1 \u00e0 2 g\u00e9lules par jour avec un grand verre d\u2019eau, de pr\u00e9f\u00e9rence au cours d\u2019un repas.<\/p>\n<\/div>\n<\/div>\n<\/div>\n<\/section>\n<\/div>\n<\/section>\n<h2>Ingr\u00e9dients :<\/h2>\n<p>Extrait de racine d\u2019ashwagandha (Withania somnifera, KSM-66\u00ae), enveloppe de la g\u00e9lule (g\u00e9latine), agents anti-agglom\u00e9rants (sels de magn\u00e9sium d\u2019acides gras, dioxyde de silicium).<\/p>\n<h2>Avertissements :<\/h2>\n<p>Compl\u00e9ment alimentaire \u00e0 utiliser dans le cadre d\u2019un mode de vie sain. Ne pas d\u00e9passer la dose journali\u00e8re recommand\u00e9e. Tenir hors de port\u00e9e des enfants. Consultez votre m\u00e9decin avant utilisation si vous \u00eates enceinte, allaitez ou suivez un traitement m\u00e9dical.<\/p>\n<h2>Stockage :<\/h2>\n<p>Conserver dans un endroit frais et sec, \u00e0 l\u2019abri de la chaleur et de l\u2019humidit\u00e9.<\/p>\n<p>Retrouvez \u00e9quilibre, \u00e9nergie et concentration avec Ashwagandha 600 Sport d\u2019Olimp\u00a0!<\/p>\n<\/div>\n<\/div>\n<\/div>\n<\/div>\n<\/div>\n<\/div>\n<\/div>\n<div class=\"wd-negative-gap elementor-element elementor-element-97c1a1c e-flex e-con-boxed e-con e-parent e-lazyloaded\" data-id=\"97c1a1c\" data-element_type=\"container\">\n<div class=\"e-con-inner\">\n<div class=\"elementor-element elementor-element-f900bd5 wd-width-100 elementor-widget elementor-widget-wd_title\" data-id=\"f900bd5\" data-element_type=\"widget\" data-widget_type=\"wd_title.default\">\n<div class=\"elementor-widget-container\">\n<div class=\"title-wrapper wd-set-mb reset-last-child wd-title-color-primary wd-title-style-simple wd-title-size-default text-center\"><\/div>\n<\/div>\n<\/div>\n<\/div>\n<\/div>\n","protected":false},"excerpt":{"rendered":"<div class=\"elementor-element elementor-element-3a8670eb wd-single-short-desc text-left elementor-widget elementor-widget-wd_single_product_short_description\" data-id=\"3a8670eb\" data-element_type=\"widget\" data-widget_type=\"wd_single_product_short_description.default\">\n<div class=\"elementor-widget-container\">\n<div class=\"woocommerce-product-details__short-description\">\n<p>Ashwagandha 600 Sport est un compl\u00e9ment alimentaire sous forme de g\u00e9lules, d\u00e9velopp\u00e9 par Olimp Sport Nutrition, \u00e0 base d\u2019extrait de racine d\u2019ashwagandha (Withania somnifera), une plante adaptog\u00e8ne reconnue pour ses effets b\u00e9n\u00e9fiques sur le stress et la performance physique.<\/p>\n<\/div>\n<\/div>\n<\/div>\n<div class=\"wd-negative-gap elementor-element elementor-element-38f7bb63 e-flex e-con-boxed e-con e-child\" data-id=\"38f7bb63\" data-element_type=\"container\">\n<div class=\"e-con-inner\">\n<div class=\"elementor-element elementor-element-cea6fee wd-single-price text-left elementor-widget elementor-widget-wd_single_product_price\" data-id=\"cea6fee\" data-element_type=\"widget\" data-widget_type=\"wd_single_product_price.default\">\n<div class=\"elementor-widget-container\"><\/div>\n<\/div>\n<\/div>\n<\/div>\n","protected":false},"featured_media":7015,"comment_status":"open","ping_status":"closed","template":"","meta":[],"product_cat":[76,72],"product_tag":[],"class_list":{"0":"post-7014","1":"product","2":"type-product","3":"status-publish","4":"has-post-thumbnail","6":"product_brand-olimp","7":"product_cat-multi-vitamins-minerals","8":"product_cat-testo-booster","10":"first","11":"instock","12":"shipping-taxable","13":"purchasable","14":"product-type-simple"},"yoast_head":"<!-- This site is optimized with the Yoast SEO plugin v25.2 - https:\/\/yoast.com\/wordpress\/plugins\/seo\/ -->\n<title>Ashwagandha 600 sport (60 caps) ksm66 - MR MASS<\/title>\n<meta name=\"description\" content=\"Ashwagandha 600 Sport est un compl\u00e9ment alimentaire sous forme de g\u00e9lules, d\u00e9velopp\u00e9 par Olimp Sport Nutrition, \u00e0 base d\u2019extrait de racine d\u2019ashwagandha (Withania somnifera), une plante adaptog\u00e8ne reconnue pour ses effets b\u00e9n\u00e9fiques sur le stress et la performance physique.\" \/>\n<meta name=\"robots\" content=\"index, follow, max-snippet:-1, max-image-preview:large, max-video-preview:-1\" \/>\n<link rel=\"canonical\" href=\"https:\/\/mr-mass.com\/?product=ashwagandha-600-sport-60-caps-ksm66\" \/>\n<meta property=\"og:locale\" content=\"fr_FR\" \/>\n<meta property=\"og:type\" content=\"article\" \/>\n<meta property=\"og:title\" content=\"Ashwagandha 600 sport (60 caps) ksm66 - MR MASS\" \/>\n<meta property=\"og:description\" content=\"Ashwagandha 600 Sport est un compl\u00e9ment alimentaire sous forme de g\u00e9lules, d\u00e9velopp\u00e9 par Olimp Sport Nutrition, \u00e0 base d\u2019extrait de racine d\u2019ashwagandha (Withania somnifera), une plante adaptog\u00e8ne reconnue pour ses effets b\u00e9n\u00e9fiques sur le stress et la performance physique.\" \/>\n<meta property=\"og:url\" content=\"https:\/\/mr-mass.com\/?product=ashwagandha-600-sport-60-caps-ksm66\" \/>\n<meta property=\"og:site_name\" content=\"MR MASS\" \/>\n<meta property=\"article:modified_time\" content=\"2025-10-15T14:34:34+00:00\" \/>\n<meta property=\"og:image\" content=\"https:\/\/mr-mass.com\/wp-content\/uploads\/2025\/10\/ashwagandha-600-sport-60-caps-e1760538864757.png\" \/>\n\t<meta property=\"og:image:width\" content=\"500\" \/>\n\t<meta property=\"og:image:height\" content=\"500\" \/>\n\t<meta property=\"og:image:type\" content=\"image\/png\" \/>\n<meta name=\"twitter:card\" content=\"summary_large_image\" \/>\n<meta name=\"twitter:label1\" content=\"Dur\u00e9e de lecture estim\u00e9e\" \/>\n\t<meta name=\"twitter:data1\" content=\"2 minutes\" \/>\n<script type=\"application\/ld+json\" class=\"yoast-schema-graph\">{\"@context\":\"https:\/\/schema.org\",\"@graph\":[{\"@type\":\"WebPage\",\"@id\":\"https:\/\/mr-mass.com\/?product=ashwagandha-600-sport-60-caps-ksm66\",\"url\":\"https:\/\/mr-mass.com\/?product=ashwagandha-600-sport-60-caps-ksm66\",\"name\":\"Ashwagandha 600 sport (60 caps) ksm66 - MR MASS\",\"isPartOf\":{\"@id\":\"https:\/\/mr-mass.com\/#website\"},\"primaryImageOfPage\":{\"@id\":\"https:\/\/mr-mass.com\/?product=ashwagandha-600-sport-60-caps-ksm66#primaryimage\"},\"image\":{\"@id\":\"https:\/\/mr-mass.com\/?product=ashwagandha-600-sport-60-caps-ksm66#primaryimage\"},\"thumbnailUrl\":\"https:\/\/mr-mass.com\/wp-content\/uploads\/2025\/10\/ashwagandha-600-sport-60-caps-e1760538864757.png\",\"datePublished\":\"2025-10-15T14:33:41+00:00\",\"dateModified\":\"2025-10-15T14:34:34+00:00\",\"description\":\"Ashwagandha 600 Sport est un compl\u00e9ment alimentaire sous forme de g\u00e9lules, d\u00e9velopp\u00e9 par Olimp Sport Nutrition, \u00e0 base d\u2019extrait de racine d\u2019ashwagandha (Withania somnifera), une plante adaptog\u00e8ne reconnue pour ses effets b\u00e9n\u00e9fiques sur le stress et la performance physique.\",\"breadcrumb\":{\"@id\":\"https:\/\/mr-mass.com\/?product=ashwagandha-600-sport-60-caps-ksm66#breadcrumb\"},\"inLanguage\":\"fr-FR\",\"potentialAction\":[{\"@type\":\"ReadAction\",\"target\":[\"https:\/\/mr-mass.com\/?product=ashwagandha-600-sport-60-caps-ksm66\"]}]},{\"@type\":\"ImageObject\",\"inLanguage\":\"fr-FR\",\"@id\":\"https:\/\/mr-mass.com\/?product=ashwagandha-600-sport-60-caps-ksm66#primaryimage\",\"url\":\"https:\/\/mr-mass.com\/wp-content\/uploads\/2025\/10\/ashwagandha-600-sport-60-caps-e1760538864757.png\",\"contentUrl\":\"https:\/\/mr-mass.com\/wp-content\/uploads\/2025\/10\/ashwagandha-600-sport-60-caps-e1760538864757.png\",\"width\":500,\"height\":500},{\"@type\":\"BreadcrumbList\",\"@id\":\"https:\/\/mr-mass.com\/?product=ashwagandha-600-sport-60-caps-ksm66#breadcrumb\",\"itemListElement\":[{\"@type\":\"ListItem\",\"position\":1,\"name\":\"Home\",\"item\":\"https:\/\/mr-mass.com\/\"},{\"@type\":\"ListItem\",\"position\":2,\"name\":\"Boutique\",\"item\":\"https:\/\/mr-mass.com\/?page_id=8\"},{\"@type\":\"ListItem\",\"position\":3,\"name\":\"Ashwagandha 600 sport (60 caps) ksm66\"}]},{\"@type\":\"WebSite\",\"@id\":\"https:\/\/mr-mass.com\/#website\",\"url\":\"https:\/\/mr-mass.com\/\",\"name\":\"MR MASS\",\"description\":\"\",\"publisher\":{\"@id\":\"https:\/\/mr-mass.com\/#organization\"},\"potentialAction\":[{\"@type\":\"SearchAction\",\"target\":{\"@type\":\"EntryPoint\",\"urlTemplate\":\"https:\/\/mr-mass.com\/?s={search_term_string}\"},\"query-input\":{\"@type\":\"PropertyValueSpecification\",\"valueRequired\":true,\"valueName\":\"search_term_string\"}}],\"inLanguage\":\"fr-FR\"},{\"@type\":\"Organization\",\"@id\":\"https:\/\/mr-mass.com\/#organization\",\"name\":\"MR MASS\",\"url\":\"https:\/\/mr-mass.com\/\",\"logo\":{\"@type\":\"ImageObject\",\"inLanguage\":\"fr-FR\",\"@id\":\"https:\/\/mr-mass.com\/#\/schema\/logo\/image\/\",\"url\":\"https:\/\/mr-mass.com\/wp-content\/uploads\/2025\/06\/cropped-417524477_413976367821865_6357673664813295189_n-removebg-preview.png\",\"contentUrl\":\"https:\/\/mr-mass.com\/wp-content\/uploads\/2025\/06\/cropped-417524477_413976367821865_6357673664813295189_n-removebg-preview.png\",\"width\":500,\"height\":436,\"caption\":\"MR MASS\"},\"image\":{\"@id\":\"https:\/\/mr-mass.com\/#\/schema\/logo\/image\/\"}}]}<\/script>\n<!-- \/ Yoast SEO plugin. -->","yoast_head_json":{"title":"Ashwagandha 600 sport (60 caps) ksm66 - MR MASS","description":"Ashwagandha 600 Sport est un compl\u00e9ment alimentaire sous forme de g\u00e9lules, d\u00e9velopp\u00e9 par Olimp Sport Nutrition, \u00e0 base d\u2019extrait de racine d\u2019ashwagandha (Withania somnifera), une plante adaptog\u00e8ne reconnue pour ses effets b\u00e9n\u00e9fiques sur le stress et la performance physique.","robots":{"index":"index","follow":"follow","max-snippet":"max-snippet:-1","max-image-preview":"max-image-preview:large","max-video-preview":"max-video-preview:-1"},"canonical":"https:\/\/mr-mass.com\/?product=ashwagandha-600-sport-60-caps-ksm66","og_locale":"fr_FR","og_type":"article","og_title":"Ashwagandha 600 sport (60 caps) ksm66 - MR MASS","og_description":"Ashwagandha 600 Sport est un compl\u00e9ment alimentaire sous forme de g\u00e9lules, d\u00e9velopp\u00e9 par Olimp Sport Nutrition, \u00e0 base d\u2019extrait de racine d\u2019ashwagandha (Withania somnifera), une plante adaptog\u00e8ne reconnue pour ses effets b\u00e9n\u00e9fiques sur le stress et la performance physique.","og_url":"https:\/\/mr-mass.com\/?product=ashwagandha-600-sport-60-caps-ksm66","og_site_name":"MR MASS","article_modified_time":"2025-10-15T14:34:34+00:00","og_image":[{"width":500,"height":500,"url":"https:\/\/mr-mass.com\/wp-content\/uploads\/2025\/10\/ashwagandha-600-sport-60-caps-e1760538864757.png","type":"image\/png"}],"twitter_card":"summary_large_image","twitter_misc":{"Dur\u00e9e de lecture estim\u00e9e":"2 minutes"},"schema":{"@context":"https:\/\/schema.org","@graph":[{"@type":"WebPage","@id":"https:\/\/mr-mass.com\/?product=ashwagandha-600-sport-60-caps-ksm66","url":"https:\/\/mr-mass.com\/?product=ashwagandha-600-sport-60-caps-ksm66","name":"Ashwagandha 600 sport (60 caps) ksm66 - MR MASS","isPartOf":{"@id":"https:\/\/mr-mass.com\/#website"},"primaryImageOfPage":{"@id":"https:\/\/mr-mass.com\/?product=ashwagandha-600-sport-60-caps-ksm66#primaryimage"},"image":{"@id":"https:\/\/mr-mass.com\/?product=ashwagandha-600-sport-60-caps-ksm66#primaryimage"},"thumbnailUrl":"https:\/\/mr-mass.com\/wp-content\/uploads\/2025\/10\/ashwagandha-600-sport-60-caps-e1760538864757.png","datePublished":"2025-10-15T14:33:41+00:00","dateModified":"2025-10-15T14:34:34+00:00","description":"Ashwagandha 600 Sport est un compl\u00e9ment alimentaire sous forme de g\u00e9lules, d\u00e9velopp\u00e9 par Olimp Sport Nutrition, \u00e0 base d\u2019extrait de racine d\u2019ashwagandha (Withania somnifera), une plante adaptog\u00e8ne reconnue pour ses effets b\u00e9n\u00e9fiques sur le stress et la performance physique.","breadcrumb":{"@id":"https:\/\/mr-mass.com\/?product=ashwagandha-600-sport-60-caps-ksm66#breadcrumb"},"inLanguage":"fr-FR","potentialAction":[{"@type":"ReadAction","target":["https:\/\/mr-mass.com\/?product=ashwagandha-600-sport-60-caps-ksm66"]}]},{"@type":"ImageObject","inLanguage":"fr-FR","@id":"https:\/\/mr-mass.com\/?product=ashwagandha-600-sport-60-caps-ksm66#primaryimage","url":"https:\/\/mr-mass.com\/wp-content\/uploads\/2025\/10\/ashwagandha-600-sport-60-caps-e1760538864757.png","contentUrl":"https:\/\/mr-mass.com\/wp-content\/uploads\/2025\/10\/ashwagandha-600-sport-60-caps-e1760538864757.png","width":500,"height":500},{"@type":"BreadcrumbList","@id":"https:\/\/mr-mass.com\/?product=ashwagandha-600-sport-60-caps-ksm66#breadcrumb","itemListElement":[{"@type":"ListItem","position":1,"name":"Home","item":"https:\/\/mr-mass.com\/"},{"@type":"ListItem","position":2,"name":"Boutique","item":"https:\/\/mr-mass.com\/?page_id=8"},{"@type":"ListItem","position":3,"name":"Ashwagandha 600 sport (60 caps) ksm66"}]},{"@type":"WebSite","@id":"https:\/\/mr-mass.com\/#website","url":"https:\/\/mr-mass.com\/","name":"MR MASS","description":"","publisher":{"@id":"https:\/\/mr-mass.com\/#organization"},"potentialAction":[{"@type":"SearchAction","target":{"@type":"EntryPoint","urlTemplate":"https:\/\/mr-mass.com\/?s={search_term_string}"},"query-input":{"@type":"PropertyValueSpecification","valueRequired":true,"valueName":"search_term_string"}}],"inLanguage":"fr-FR"},{"@type":"Organization","@id":"https:\/\/mr-mass.com\/#organization","name":"MR MASS","url":"https:\/\/mr-mass.com\/","logo":{"@type":"ImageObject","inLanguage":"fr-FR","@id":"https:\/\/mr-mass.com\/#\/schema\/logo\/image\/","url":"https:\/\/mr-mass.com\/wp-content\/uploads\/2025\/06\/cropped-417524477_413976367821865_6357673664813295189_n-removebg-preview.png","contentUrl":"https:\/\/mr-mass.com\/wp-content\/uploads\/2025\/06\/cropped-417524477_413976367821865_6357673664813295189_n-removebg-preview.png","width":500,"height":436,"caption":"MR MASS"},"image":{"@id":"https:\/\/mr-mass.com\/#\/schema\/logo\/image\/"}}]}},"jetpack_sharing_enabled":true,"_links":{"self":[{"href":"https:\/\/mr-mass.com\/index.php?rest_route=\/wp\/v2\/product\/7014","targetHints":{"allow":["GET"]}}],"collection":[{"href":"https:\/\/mr-mass.com\/index.php?rest_route=\/wp\/v2\/product"}],"about":[{"href":"https:\/\/mr-mass.com\/index.php?rest_route=\/wp\/v2\/types\/product"}],"replies":[{"embeddable":true,"href":"https:\/\/mr-mass.com\/index.php?rest_route=%2Fwp%2Fv2%2Fcomments&post=7014"}],"wp:featuredmedia":[{"embeddable":true,"href":"https:\/\/mr-mass.com\/index.php?rest_route=\/wp\/v2\/media\/7015"}],"wp:attachment":[{"href":"https:\/\/mr-mass.com\/index.php?rest_route=%2Fwp%2Fv2%2Fmedia&parent=7014"}],"wp:term":[{"taxonomy":"product_cat","embeddable":true,"href":"https:\/\/mr-mass.com\/index.php?rest_route=%2Fwp%2Fv2%2Fproduct_cat&post=7014"},{"taxonomy":"product_tag","embeddable":true,"href":"https:\/\/mr-mass.com\/index.php?rest_route=%2Fwp%2Fv2%2Fproduct_tag&post=7014"}],"curies":[{"name":"wp","href":"https:\/\/api.w.org\/{rel}","templated":true}]}}