{"id":7122,"date":"2026-01-17T11:47:41","date_gmt":"2026-01-17T10:47:41","guid":{"rendered":"https:\/\/mr-mass.com\/?post_type=product&#038;p=7122"},"modified":"2026-01-17T11:47:41","modified_gmt":"2026-01-17T10:47:41","slug":"power-beta-alanine-4500-american-wolf-250g","status":"publish","type":"product","link":"https:\/\/mr-mass.com\/?product=power-beta-alanine-4500-american-wolf-250g","title":{"rendered":"Power Beta Alanine 4500 &#8211; American Wolf | 250g"},"content":{"rendered":"<h2>Repousse la fatigue. Prolonge l\u2019effort. Domine chaque r\u00e9p\u00e9tition.<\/h2>\n<p><strong>Power Beta Alanine 4500 \u2013 American Wolf<\/strong>\u00a0est un compl\u00e9ment alimentaire de nouvelle g\u00e9n\u00e9ration, d\u00e9velopp\u00e9 par des ing\u00e9nieurs en nutrition sportive pour r\u00e9pondre aux exigences des athl\u00e8tes recherchant plus\u00a0<strong>d\u2019endurance<\/strong>, de\u00a0<strong>r\u00e9sistance musculaire\u00a0<\/strong>et\u00a0<strong>de performance<\/strong>.<\/p>\n<p>Gr\u00e2ce \u00e0 une<strong>\u00a0b\u00eata-alanine hautement dos\u00e9e<\/strong>, cette formule favorise l\u2019augmentation des niveaux de\u00a0<strong>carnosine musculaire<\/strong>, un \u00e9l\u00e9ment cl\u00e9 pour\u00a0<strong>r\u00e9duire l\u2019acidit\u00e9 pendant l\u2019effort<\/strong>, retarder la fatigue et am\u00e9liorer la capacit\u00e9 d\u2019entra\u00eenement lors des s\u00e9ances intenses.<\/p>\n<p>Id\u00e9al pour les sports de force, de cross-training, de fitness et d\u2019endurance.<\/p>\n<ul>\n<li>Conseil coach\u00a0\u00a0Une dose (5g) par jour avec 250 ml d&rsquo;eau avant l&rsquo;entra\u00eenement.<\/li>\n<\/ul>\n","protected":false},"excerpt":{"rendered":"<p>Power Beta Alanine 4500 American Wolf : b\u00eata-alanine haute dose pour endurance, r\u00e9sistance musculaire et performances intenses.<\/p>\n","protected":false},"featured_media":7123,"comment_status":"open","ping_status":"closed","template":"","meta":[],"product_cat":[78,38,67],"product_tag":[],"class_list":{"0":"post-7122","1":"product","2":"type-product","3":"status-publish","4":"has-post-thumbnail","6":"product_brand-americain-wolf","7":"product_cat-acide-amine","8":"product_cat-endurance-energy","9":"product_cat-pre-workout","11":"first","12":"instock","13":"shipping-taxable","14":"purchasable","15":"product-type-simple"},"yoast_head":"<!-- This site is optimized with the Yoast SEO plugin v25.2 - https:\/\/yoast.com\/wordpress\/plugins\/seo\/ -->\n<title>Power Beta Alanine 4500 - American Wolf | 250g - MR MASS<\/title>\n<meta name=\"description\" content=\"Power Beta Alanine 4500 American Wolf : b\u00eata-alanine haute dose pour endurance, r\u00e9sistance musculaire et performances intenses.\" \/>\n<meta name=\"robots\" content=\"index, follow, max-snippet:-1, max-image-preview:large, max-video-preview:-1\" \/>\n<link rel=\"canonical\" href=\"https:\/\/mr-mass.com\/?product=power-beta-alanine-4500-american-wolf-250g\" \/>\n<meta property=\"og:locale\" content=\"fr_FR\" \/>\n<meta property=\"og:type\" content=\"article\" \/>\n<meta property=\"og:title\" content=\"Power Beta Alanine 4500 - American Wolf | 250g - MR MASS\" \/>\n<meta property=\"og:description\" content=\"Power Beta Alanine 4500 American Wolf : b\u00eata-alanine haute dose pour endurance, r\u00e9sistance musculaire et performances intenses.\" \/>\n<meta property=\"og:url\" content=\"https:\/\/mr-mass.com\/?product=power-beta-alanine-4500-american-wolf-250g\" \/>\n<meta property=\"og:site_name\" content=\"MR MASS\" \/>\n<meta property=\"og:image\" content=\"https:\/\/mr-mass.com\/wp-content\/uploads\/2026\/01\/beta-alanine.webp-69624d73a2d31-e1768646806987.webp\" \/>\n\t<meta property=\"og:image:width\" content=\"500\" \/>\n\t<meta property=\"og:image:height\" content=\"500\" \/>\n\t<meta property=\"og:image:type\" content=\"image\/webp\" \/>\n<meta name=\"twitter:card\" content=\"summary_large_image\" \/>\n<meta name=\"twitter:label1\" content=\"Dur\u00e9e de lecture estim\u00e9e\" \/>\n\t<meta name=\"twitter:data1\" content=\"1 minute\" \/>\n<script type=\"application\/ld+json\" class=\"yoast-schema-graph\">{\"@context\":\"https:\/\/schema.org\",\"@graph\":[{\"@type\":\"WebPage\",\"@id\":\"https:\/\/mr-mass.com\/?product=power-beta-alanine-4500-american-wolf-250g\",\"url\":\"https:\/\/mr-mass.com\/?product=power-beta-alanine-4500-american-wolf-250g\",\"name\":\"Power Beta Alanine 4500 - American Wolf | 250g - MR MASS\",\"isPartOf\":{\"@id\":\"https:\/\/mr-mass.com\/#website\"},\"primaryImageOfPage\":{\"@id\":\"https:\/\/mr-mass.com\/?product=power-beta-alanine-4500-american-wolf-250g#primaryimage\"},\"image\":{\"@id\":\"https:\/\/mr-mass.com\/?product=power-beta-alanine-4500-american-wolf-250g#primaryimage\"},\"thumbnailUrl\":\"https:\/\/mr-mass.com\/wp-content\/uploads\/2026\/01\/beta-alanine.webp-69624d73a2d31-e1768646806987.webp\",\"datePublished\":\"2026-01-17T10:47:41+00:00\",\"description\":\"Power Beta Alanine 4500 American Wolf : b\u00eata-alanine haute dose pour endurance, r\u00e9sistance musculaire et performances intenses.\",\"breadcrumb\":{\"@id\":\"https:\/\/mr-mass.com\/?product=power-beta-alanine-4500-american-wolf-250g#breadcrumb\"},\"inLanguage\":\"fr-FR\",\"potentialAction\":[{\"@type\":\"ReadAction\",\"target\":[\"https:\/\/mr-mass.com\/?product=power-beta-alanine-4500-american-wolf-250g\"]}]},{\"@type\":\"ImageObject\",\"inLanguage\":\"fr-FR\",\"@id\":\"https:\/\/mr-mass.com\/?product=power-beta-alanine-4500-american-wolf-250g#primaryimage\",\"url\":\"https:\/\/mr-mass.com\/wp-content\/uploads\/2026\/01\/beta-alanine.webp-69624d73a2d31-e1768646806987.webp\",\"contentUrl\":\"https:\/\/mr-mass.com\/wp-content\/uploads\/2026\/01\/beta-alanine.webp-69624d73a2d31-e1768646806987.webp\",\"width\":500,\"height\":500},{\"@type\":\"BreadcrumbList\",\"@id\":\"https:\/\/mr-mass.com\/?product=power-beta-alanine-4500-american-wolf-250g#breadcrumb\",\"itemListElement\":[{\"@type\":\"ListItem\",\"position\":1,\"name\":\"Home\",\"item\":\"https:\/\/mr-mass.com\/\"},{\"@type\":\"ListItem\",\"position\":2,\"name\":\"Boutique\",\"item\":\"https:\/\/mr-mass.com\/?page_id=8\"},{\"@type\":\"ListItem\",\"position\":3,\"name\":\"Power Beta Alanine 4500 &#8211; American Wolf | 250g\"}]},{\"@type\":\"WebSite\",\"@id\":\"https:\/\/mr-mass.com\/#website\",\"url\":\"https:\/\/mr-mass.com\/\",\"name\":\"MR MASS\",\"description\":\"\",\"publisher\":{\"@id\":\"https:\/\/mr-mass.com\/#organization\"},\"potentialAction\":[{\"@type\":\"SearchAction\",\"target\":{\"@type\":\"EntryPoint\",\"urlTemplate\":\"https:\/\/mr-mass.com\/?s={search_term_string}\"},\"query-input\":{\"@type\":\"PropertyValueSpecification\",\"valueRequired\":true,\"valueName\":\"search_term_string\"}}],\"inLanguage\":\"fr-FR\"},{\"@type\":\"Organization\",\"@id\":\"https:\/\/mr-mass.com\/#organization\",\"name\":\"MR MASS\",\"url\":\"https:\/\/mr-mass.com\/\",\"logo\":{\"@type\":\"ImageObject\",\"inLanguage\":\"fr-FR\",\"@id\":\"https:\/\/mr-mass.com\/#\/schema\/logo\/image\/\",\"url\":\"https:\/\/mr-mass.com\/wp-content\/uploads\/2025\/06\/cropped-417524477_413976367821865_6357673664813295189_n-removebg-preview.png\",\"contentUrl\":\"https:\/\/mr-mass.com\/wp-content\/uploads\/2025\/06\/cropped-417524477_413976367821865_6357673664813295189_n-removebg-preview.png\",\"width\":500,\"height\":436,\"caption\":\"MR MASS\"},\"image\":{\"@id\":\"https:\/\/mr-mass.com\/#\/schema\/logo\/image\/\"}}]}<\/script>\n<!-- \/ Yoast SEO plugin. -->","yoast_head_json":{"title":"Power Beta Alanine 4500 - American Wolf | 250g - MR MASS","description":"Power Beta Alanine 4500 American Wolf : b\u00eata-alanine haute dose pour endurance, r\u00e9sistance musculaire et performances intenses.","robots":{"index":"index","follow":"follow","max-snippet":"max-snippet:-1","max-image-preview":"max-image-preview:large","max-video-preview":"max-video-preview:-1"},"canonical":"https:\/\/mr-mass.com\/?product=power-beta-alanine-4500-american-wolf-250g","og_locale":"fr_FR","og_type":"article","og_title":"Power Beta Alanine 4500 - American Wolf | 250g - MR MASS","og_description":"Power Beta Alanine 4500 American Wolf : b\u00eata-alanine haute dose pour endurance, r\u00e9sistance musculaire et performances intenses.","og_url":"https:\/\/mr-mass.com\/?product=power-beta-alanine-4500-american-wolf-250g","og_site_name":"MR MASS","og_image":[{"width":500,"height":500,"url":"https:\/\/mr-mass.com\/wp-content\/uploads\/2026\/01\/beta-alanine.webp-69624d73a2d31-e1768646806987.webp","type":"image\/webp"}],"twitter_card":"summary_large_image","twitter_misc":{"Dur\u00e9e de lecture estim\u00e9e":"1 minute"},"schema":{"@context":"https:\/\/schema.org","@graph":[{"@type":"WebPage","@id":"https:\/\/mr-mass.com\/?product=power-beta-alanine-4500-american-wolf-250g","url":"https:\/\/mr-mass.com\/?product=power-beta-alanine-4500-american-wolf-250g","name":"Power Beta Alanine 4500 - American Wolf | 250g - MR MASS","isPartOf":{"@id":"https:\/\/mr-mass.com\/#website"},"primaryImageOfPage":{"@id":"https:\/\/mr-mass.com\/?product=power-beta-alanine-4500-american-wolf-250g#primaryimage"},"image":{"@id":"https:\/\/mr-mass.com\/?product=power-beta-alanine-4500-american-wolf-250g#primaryimage"},"thumbnailUrl":"https:\/\/mr-mass.com\/wp-content\/uploads\/2026\/01\/beta-alanine.webp-69624d73a2d31-e1768646806987.webp","datePublished":"2026-01-17T10:47:41+00:00","description":"Power Beta Alanine 4500 American Wolf : b\u00eata-alanine haute dose pour endurance, r\u00e9sistance musculaire et performances intenses.","breadcrumb":{"@id":"https:\/\/mr-mass.com\/?product=power-beta-alanine-4500-american-wolf-250g#breadcrumb"},"inLanguage":"fr-FR","potentialAction":[{"@type":"ReadAction","target":["https:\/\/mr-mass.com\/?product=power-beta-alanine-4500-american-wolf-250g"]}]},{"@type":"ImageObject","inLanguage":"fr-FR","@id":"https:\/\/mr-mass.com\/?product=power-beta-alanine-4500-american-wolf-250g#primaryimage","url":"https:\/\/mr-mass.com\/wp-content\/uploads\/2026\/01\/beta-alanine.webp-69624d73a2d31-e1768646806987.webp","contentUrl":"https:\/\/mr-mass.com\/wp-content\/uploads\/2026\/01\/beta-alanine.webp-69624d73a2d31-e1768646806987.webp","width":500,"height":500},{"@type":"BreadcrumbList","@id":"https:\/\/mr-mass.com\/?product=power-beta-alanine-4500-american-wolf-250g#breadcrumb","itemListElement":[{"@type":"ListItem","position":1,"name":"Home","item":"https:\/\/mr-mass.com\/"},{"@type":"ListItem","position":2,"name":"Boutique","item":"https:\/\/mr-mass.com\/?page_id=8"},{"@type":"ListItem","position":3,"name":"Power Beta Alanine 4500 &#8211; American Wolf | 250g"}]},{"@type":"WebSite","@id":"https:\/\/mr-mass.com\/#website","url":"https:\/\/mr-mass.com\/","name":"MR MASS","description":"","publisher":{"@id":"https:\/\/mr-mass.com\/#organization"},"potentialAction":[{"@type":"SearchAction","target":{"@type":"EntryPoint","urlTemplate":"https:\/\/mr-mass.com\/?s={search_term_string}"},"query-input":{"@type":"PropertyValueSpecification","valueRequired":true,"valueName":"search_term_string"}}],"inLanguage":"fr-FR"},{"@type":"Organization","@id":"https:\/\/mr-mass.com\/#organization","name":"MR MASS","url":"https:\/\/mr-mass.com\/","logo":{"@type":"ImageObject","inLanguage":"fr-FR","@id":"https:\/\/mr-mass.com\/#\/schema\/logo\/image\/","url":"https:\/\/mr-mass.com\/wp-content\/uploads\/2025\/06\/cropped-417524477_413976367821865_6357673664813295189_n-removebg-preview.png","contentUrl":"https:\/\/mr-mass.com\/wp-content\/uploads\/2025\/06\/cropped-417524477_413976367821865_6357673664813295189_n-removebg-preview.png","width":500,"height":436,"caption":"MR MASS"},"image":{"@id":"https:\/\/mr-mass.com\/#\/schema\/logo\/image\/"}}]}},"jetpack_sharing_enabled":true,"_links":{"self":[{"href":"https:\/\/mr-mass.com\/index.php?rest_route=\/wp\/v2\/product\/7122","targetHints":{"allow":["GET"]}}],"collection":[{"href":"https:\/\/mr-mass.com\/index.php?rest_route=\/wp\/v2\/product"}],"about":[{"href":"https:\/\/mr-mass.com\/index.php?rest_route=\/wp\/v2\/types\/product"}],"replies":[{"embeddable":true,"href":"https:\/\/mr-mass.com\/index.php?rest_route=%2Fwp%2Fv2%2Fcomments&post=7122"}],"wp:featuredmedia":[{"embeddable":true,"href":"https:\/\/mr-mass.com\/index.php?rest_route=\/wp\/v2\/media\/7123"}],"wp:attachment":[{"href":"https:\/\/mr-mass.com\/index.php?rest_route=%2Fwp%2Fv2%2Fmedia&parent=7122"}],"wp:term":[{"taxonomy":"product_cat","embeddable":true,"href":"https:\/\/mr-mass.com\/index.php?rest_route=%2Fwp%2Fv2%2Fproduct_cat&post=7122"},{"taxonomy":"product_tag","embeddable":true,"href":"https:\/\/mr-mass.com\/index.php?rest_route=%2Fwp%2Fv2%2Fproduct_tag&post=7122"}],"curies":[{"name":"wp","href":"https:\/\/api.w.org\/{rel}","templated":true}]}}